{"id":3223,"date":"2026-01-16T15:57:37","date_gmt":"2026-01-16T13:57:37","guid":{"rendered":"https:\/\/webs.uab.cat\/estudiabcd\/?page_id=3223"},"modified":"2026-04-15T16:44:18","modified_gmt":"2026-04-15T14:44:18","slug":"funciones-ejecutivas","status":"publish","type":"page","link":"https:\/\/webs.uab.cat\/estudiabcd\/funciones-ejecutivas\/?lang=es","title":{"rendered":"Funciones ejecutivas"},"content":{"rendered":"\n<h2 class=\"wp-block-heading has-text-align-left\">El centro de control del cerebro<\/h2>\n\n\n\n<p>Las funciones ejecutivas son las habilidades mentales que nos permiten planificar, organizarnos, tomar decisiones y adaptarnos a los cambios. Podr\u00edamos decir que act\u00faan como el \u201cdirector de orquesta\u201d de nuestro cerebro, ayud\u00e1ndonos a coordinar pensamientos, emociones y acciones para alcanzar un objetivo, por lo que tienen un papel clave en el aprendizaje, la conducta y la vida cotidiana.<\/p>\n\n\n\n<h2 class=\"wp-block-heading\"><strong>\u00bfPor qu\u00e9 son importantes en el desarrollo?<\/strong><\/h2>\n\n\n\n<p>Durante la infancia y la adolescencia, las funciones ejecutivas se desarrollan y se refuerzan progresivamente. Un buen desarrollo de estas habilidades favorece la autonom\u00eda, el rendimiento acad\u00e9mico y las relaciones sociales, mientras que las dificultades pueden generar impulsividad, desorganizaci\u00f3n o problemas de atenci\u00f3n y gesti\u00f3n de la frustraci\u00f3n.<\/p>\n\n\n\n<h2 class=\"wp-block-heading\"><strong>\u00bfC\u00f3mo se eval\u00faan?<\/strong><\/h2>\n\n\n\n<p>En el estudio ABCD, las funciones ejecutivas se eval\u00faan mediante las pruebas CANTAB, un conjunto de pruebas informatizadas ampliamente utilizadas en investigaci\u00f3n neuropsicol\u00f3gica.<\/p>\n\n\n\n<p>Las pruebas que se administran son:<\/p>\n\n\n\n<div class=\"wp-block-group is-nowrap is-layout-flex wp-container-core-group-is-layout-ad2f72ca wp-block-group-is-layout-flex\">\n<ul class=\"wp-block-list\">\n<li><em><strong>Stockings of Cambridge (SOC)<\/strong>:&nbsp;<\/em>eval\u00faa la planificaci\u00f3n y la resoluci\u00f3n de problemas.<\/li>\n\n\n\n<li><em><strong>Spatial Working Memory (SWM)<\/strong>:&nbsp;<\/em>eval\u00faa la memoria de trabajo y la capacidad de usar estrategias para recordar ubicaciones.<\/li>\n\n\n\n<li><em><strong>Intra-Extra Dimensional Set Shift (IED)<\/strong>:&nbsp;<\/em>eval\u00faa la flexibilidad cognitiva, es decir, la capacidad de aprender y cambiar de norma o estrategia seg\u00fan la situaci\u00f3n.<\/li>\n\n\n\n<li><em><strong>Rapid Visual Information Processing (RVP)<\/strong>:&nbsp;<\/em>eval\u00faa la atenci\u00f3n sostenida, o la capacidad de mantenerse atento durante per\u00edodos prolongados.<\/li>\n<\/ul>\n<\/div>\n\n\n<div class=\"wp-block-image\">\n<figure class=\"aligncenter size-large is-resized\"><img loading=\"lazy\" decoding=\"async\" width=\"1024\" height=\"683\" src=\"https:\/\/webs.uab.cat\/estudiabcd\/wp-content\/uploads\/sites\/244\/2026\/03\/executives-web-1-1024x683.png\" alt=\"\" class=\"wp-image-3432\" style=\"aspect-ratio:1.4988791863227273;width:407px;height:auto\" srcset=\"https:\/\/webs.uab.cat\/estudiabcd\/wp-content\/uploads\/sites\/244\/2026\/03\/executives-web-1-1024x683.png 1024w, https:\/\/webs.uab.cat\/estudiabcd\/wp-content\/uploads\/sites\/244\/2026\/03\/executives-web-1-300x200.png 300w, https:\/\/webs.uab.cat\/estudiabcd\/wp-content\/uploads\/sites\/244\/2026\/03\/executives-web-1-768x512.png 768w, https:\/\/webs.uab.cat\/estudiabcd\/wp-content\/uploads\/sites\/244\/2026\/03\/executives-web-1-1200x801.png 1200w, https:\/\/webs.uab.cat\/estudiabcd\/wp-content\/uploads\/sites\/244\/2026\/03\/executives-web-1.png 1304w\" sizes=\"auto, (max-width: 1024px) 100vw, 1024px\" \/><\/figure>\n<\/div>\n\n\n<h2 class=\"wp-block-heading\"><strong>\u00bfPor qu\u00e9 es importante participar?<\/strong><\/h2>\n\n\n\n<p>Participar no implica ning\u00fan riesgo ni requiere conocimientos previos. Los resultados ayudar\u00e1n a comprender mejor c\u00f3mo se desarrollan las habilidades cognitivas y de regulaci\u00f3n, y a identificar fortalezas y \u00e1reas de mejora en el pensamiento estrat\u00e9gico y la atenci\u00f3n.<\/p>\n","protected":false},"excerpt":{"rendered":"<p>El centro de control del cerebro Las funciones ejecutivas son las habilidades mentales que nos permiten planificar, organizarnos, tomar decisiones y adaptarnos a los cambios. Podr\u00edamos decir que act\u00faan como el \u201cdirector de orquesta\u201d de nuestro cerebro, ayud\u00e1ndonos a coordinar pensamientos, emociones y acciones para alcanzar un objetivo, por lo que tienen un papel clave [&hellip;]<\/p>\n","protected":false},"author":3109,"featured_media":0,"parent":0,"menu_order":0,"comment_status":"closed","ping_status":"closed","template":"","meta":{"footnotes":""},"class_list":["post-3223","page","type-page","status-publish","hentry"],"_links":{"self":[{"href":"https:\/\/webs.uab.cat\/estudiabcd\/wp-json\/wp\/v2\/pages\/3223","targetHints":{"allow":["GET"]}}],"collection":[{"href":"https:\/\/webs.uab.cat\/estudiabcd\/wp-json\/wp\/v2\/pages"}],"about":[{"href":"https:\/\/webs.uab.cat\/estudiabcd\/wp-json\/wp\/v2\/types\/page"}],"author":[{"embeddable":true,"href":"https:\/\/webs.uab.cat\/estudiabcd\/wp-json\/wp\/v2\/users\/3109"}],"replies":[{"embeddable":true,"href":"https:\/\/webs.uab.cat\/estudiabcd\/wp-json\/wp\/v2\/comments?post=3223"}],"version-history":[{"count":9,"href":"https:\/\/webs.uab.cat\/estudiabcd\/wp-json\/wp\/v2\/pages\/3223\/revisions"}],"predecessor-version":[{"id":3563,"href":"https:\/\/webs.uab.cat\/estudiabcd\/wp-json\/wp\/v2\/pages\/3223\/revisions\/3563"}],"wp:attachment":[{"href":"https:\/\/webs.uab.cat\/estudiabcd\/wp-json\/wp\/v2\/media?parent=3223"}],"curies":[{"name":"wp","href":"https:\/\/api.w.org\/{rel}","templated":true}]}}