{"id":75,"date":"2022-07-19T17:27:02","date_gmt":"2022-07-19T15:27:02","guid":{"rendered":"https:\/\/blogs.uab.cat\/abcd\/?page_id=75"},"modified":"2025-11-07T16:51:06","modified_gmt":"2025-11-07T14:51:06","slug":"suport","status":"publish","type":"page","link":"https:\/\/webs.uab.cat\/estudiabcd\/inicio\/sobre-el-projecte\/suport\/","title":{"rendered":"Entitats que donen suport"},"content":{"rendered":"\n<p><\/p>\n\n\n\n<div class=\"wp-block-media-text is-stacked-on-mobile\"><figure class=\"wp-block-media-text__media\"><img loading=\"lazy\" decoding=\"async\" width=\"754\" height=\"178\" src=\"https:\/\/webs.uab.cat\/estudiabcd\/wp-content\/uploads\/sites\/244\/2022\/10\/LOGO-SERVEIS-TERRITORIALS-1.jpg\" alt=\"\" class=\"wp-image-574 size-full\" srcset=\"https:\/\/webs.uab.cat\/estudiabcd\/wp-content\/uploads\/sites\/244\/2022\/10\/LOGO-SERVEIS-TERRITORIALS-1.jpg 754w, https:\/\/webs.uab.cat\/estudiabcd\/wp-content\/uploads\/sites\/244\/2022\/10\/LOGO-SERVEIS-TERRITORIALS-1-300x71.jpg 300w\" sizes=\"auto, (max-width: 754px) 100vw, 754px\" \/><\/figure><div class=\"wp-block-media-text__content\">\n<p><a href=\"https:\/\/educacio.gencat.cat\/ca\/departament\/serveis-territorials\/valles-occidental\/\" target=\"_blank\" rel=\"noreferrer noopener\">Serveis Territorials al Vall\u00e8s Occidental<\/a><\/p>\n<\/div><\/div>\n\n\n\n<div class=\"wp-block-media-text is-stacked-on-mobile\"><figure class=\"wp-block-media-text__media\"><img loading=\"lazy\" decoding=\"async\" width=\"732\" height=\"238\" src=\"https:\/\/webs.uab.cat\/estudiabcd\/wp-content\/uploads\/sites\/244\/2022\/10\/LOGO-SABADELL-2-1.jpg\" alt=\"\" class=\"wp-image-597 size-full\" srcset=\"https:\/\/webs.uab.cat\/estudiabcd\/wp-content\/uploads\/sites\/244\/2022\/10\/LOGO-SABADELL-2-1.jpg 732w, https:\/\/webs.uab.cat\/estudiabcd\/wp-content\/uploads\/sites\/244\/2022\/10\/LOGO-SABADELL-2-1-300x98.jpg 300w\" sizes=\"auto, (max-width: 732px) 100vw, 732px\" \/><\/figure><div class=\"wp-block-media-text__content\">\n<p><a href=\"https:\/\/web.sabadell.cat\/\" target=\"_blank\" rel=\"noreferrer noopener\">Ajuntament de Sabadell<\/a><\/p>\n<\/div><\/div>\n\n\n\n<div class=\"wp-block-media-text is-stacked-on-mobile\"><figure class=\"wp-block-media-text__media\"><img loading=\"lazy\" decoding=\"async\" width=\"1024\" height=\"244\" src=\"https:\/\/webs.uab.cat\/estudiabcd\/wp-content\/uploads\/sites\/244\/2025\/11\/logo_ParcTauli-1024x244.png\" alt=\"\" class=\"wp-image-2931 size-full\" srcset=\"https:\/\/webs.uab.cat\/estudiabcd\/wp-content\/uploads\/sites\/244\/2025\/11\/logo_ParcTauli-1024x244.png 1024w, https:\/\/webs.uab.cat\/estudiabcd\/wp-content\/uploads\/sites\/244\/2025\/11\/logo_ParcTauli-300x71.png 300w, https:\/\/webs.uab.cat\/estudiabcd\/wp-content\/uploads\/sites\/244\/2025\/11\/logo_ParcTauli-768x183.png 768w, https:\/\/webs.uab.cat\/estudiabcd\/wp-content\/uploads\/sites\/244\/2025\/11\/logo_ParcTauli.png 1113w\" sizes=\"auto, (max-width: 1024px) 100vw, 1024px\" \/><\/figure><div class=\"wp-block-media-text__content\">\n<p><a href=\"https:\/\/web.sabadell.cat\/\" target=\"_blank\" rel=\"noreferrer noopener\"><a href=\"https:\/\/www.tauli.cat\/tauli\/\" target=\"_blank\" rel=\"noreferrer noopener\">Hospital Universitari Parc Taul\u00ed de Sabadell<\/a><\/a><\/p>\n<\/div><\/div>\n\n\n\n<div class=\"wp-block-media-text is-stacked-on-mobile\"><figure class=\"wp-block-media-text__media\"><img loading=\"lazy\" decoding=\"async\" width=\"482\" height=\"104\" src=\"https:\/\/webs.uab.cat\/estudiabcd\/wp-content\/uploads\/sites\/244\/2022\/10\/pacte-nacional-de-la-salut-mental.jpg\" alt=\"\" class=\"wp-image-577 size-full\" srcset=\"https:\/\/webs.uab.cat\/estudiabcd\/wp-content\/uploads\/sites\/244\/2022\/10\/pacte-nacional-de-la-salut-mental.jpg 482w, https:\/\/webs.uab.cat\/estudiabcd\/wp-content\/uploads\/sites\/244\/2022\/10\/pacte-nacional-de-la-salut-mental-300x65.jpg 300w\" sizes=\"auto, (max-width: 482px) 100vw, 482px\" \/><\/figure><div class=\"wp-block-media-text__content\">\n<p><a href=\"https:\/\/web.sabadell.cat\/\" target=\"_blank\" rel=\"noreferrer noopener\"><a href=\"https:\/\/www.tauli.cat\/tauli\/\" target=\"_blank\" rel=\"noreferrer noopener\"><a href=\"https:\/\/presidencia.gencat.cat\/ca\/ambits_d_actuacio\/pacte-nacional-de-salut-mental\/\" target=\"_blank\" rel=\"noreferrer noopener\">Pacte Nacional de Salut Mental<\/a><\/a><\/a><\/p>\n<\/div><\/div>\n\n\n\n<div class=\"wp-block-media-text is-stacked-on-mobile\"><figure class=\"wp-block-media-text__media\"><img loading=\"lazy\" decoding=\"async\" width=\"362\" height=\"300\" src=\"https:\/\/webs.uab.cat\/estudiabcd\/wp-content\/uploads\/sites\/244\/2022\/10\/logo-asfatac.jpg\" alt=\"\" class=\"wp-image-580 size-full\" srcset=\"https:\/\/webs.uab.cat\/estudiabcd\/wp-content\/uploads\/sites\/244\/2022\/10\/logo-asfatac.jpg 362w, https:\/\/webs.uab.cat\/estudiabcd\/wp-content\/uploads\/sites\/244\/2022\/10\/logo-asfatac-300x249.jpg 300w\" sizes=\"auto, (max-width: 362px) 100vw, 362px\" \/><\/figure><div class=\"wp-block-media-text__content\">\n<p><a href=\"https:\/\/www.asfatac.com\/\">Associaci\u00f3 de familiars d&#8217;adolescents amb Trastorn Alimentari i\/o Conducta (ASFATAC)<\/a><\/p>\n<\/div><\/div>\n\n\n\n<div class=\"wp-block-media-text is-stacked-on-mobile\"><figure class=\"wp-block-media-text__media\"><img loading=\"lazy\" decoding=\"async\" width=\"1024\" height=\"735\" src=\"https:\/\/webs.uab.cat\/estudiabcd\/wp-content\/uploads\/sites\/244\/2022\/09\/AFATRAC-1024x735.jpeg\" alt=\"\" class=\"wp-image-245 size-full\" srcset=\"https:\/\/webs.uab.cat\/estudiabcd\/wp-content\/uploads\/sites\/244\/2022\/09\/AFATRAC-1024x735.jpeg 1024w, https:\/\/webs.uab.cat\/estudiabcd\/wp-content\/uploads\/sites\/244\/2022\/09\/AFATRAC-300x215.jpeg 300w, https:\/\/webs.uab.cat\/estudiabcd\/wp-content\/uploads\/sites\/244\/2022\/09\/AFATRAC-768x551.jpeg 768w, https:\/\/webs.uab.cat\/estudiabcd\/wp-content\/uploads\/sites\/244\/2022\/09\/AFATRAC-1200x861.jpeg 1200w, https:\/\/webs.uab.cat\/estudiabcd\/wp-content\/uploads\/sites\/244\/2022\/09\/AFATRAC.jpeg 1292w\" sizes=\"auto, (max-width: 1024px) 100vw, 1024px\" \/><\/figure><div class=\"wp-block-media-text__content\">\n<p><a href=\"https:\/\/www.asfatac.com\/\"><a href=\"https:\/\/afatrac.org\/\">Associaci\u00f3 de familiars d&#8217;afectats per Trastorns de Conducta (AFATRAC)<\/a><\/a><\/p>\n<\/div><\/div>\n\n\n\n<div class=\"wp-block-media-text is-stacked-on-mobile\"><figure class=\"wp-block-media-text__media\"><img loading=\"lazy\" decoding=\"async\" width=\"220\" height=\"113\" src=\"https:\/\/webs.uab.cat\/estudiabcd\/wp-content\/uploads\/sites\/244\/2022\/10\/LOGO-aFFaC2.png\" alt=\"\" class=\"wp-image-561 size-full\" \/><\/figure><div class=\"wp-block-media-text__content\">\n<p><a href=\"https:\/\/www.asfatac.com\/\"><a href=\"https:\/\/afatrac.org\/\"><a href=\"https:\/\/affac.cat\/\">Associacions Federades de Fam\u00edlies d&#8217;alumnes de Catalunya (aFFac)<\/a><\/a><\/a><\/p>\n<\/div><\/div>\n\n\n\n<div class=\"wp-block-media-text is-stacked-on-mobile\"><figure class=\"wp-block-media-text__media\"><img loading=\"lazy\" decoding=\"async\" width=\"683\" height=\"676\" src=\"https:\/\/webs.uab.cat\/estudiabcd\/wp-content\/uploads\/sites\/244\/2022\/10\/logo-ACIM-1.jpg\" alt=\"\" class=\"wp-image-566 size-full\" srcset=\"https:\/\/webs.uab.cat\/estudiabcd\/wp-content\/uploads\/sites\/244\/2022\/10\/logo-ACIM-1.jpg 683w, https:\/\/webs.uab.cat\/estudiabcd\/wp-content\/uploads\/sites\/244\/2022\/10\/logo-ACIM-1-300x297.jpg 300w\" sizes=\"auto, (max-width: 683px) 100vw, 683px\" \/><\/figure><div class=\"wp-block-media-text__content\">\n<p><a href=\"https:\/\/www.asfatac.com\/\"><a href=\"https:\/\/afatrac.org\/\"><a href=\"https:\/\/affac.cat\/\"><a href=\"https:\/\/www.acim.cat\/\" target=\"_blank\" rel=\"noreferrer noopener\">Associaci\u00f3 Catalana per la inf\u00e0ncia maltractada (ACIM)<\/a><\/a><\/a><\/a><\/p>\n<\/div><\/div>\n\n\n\n<p class=\"has-text-align-center\"><\/p>\n","protected":false},"excerpt":{"rendered":"<p>Serveis Territorials al Vall\u00e8s Occidental Ajuntament de Sabadell Hospital Universitari Parc Taul\u00ed de Sabadell Pacte Nacional de Salut Mental Associaci\u00f3 de familiars d&#8217;adolescents amb Trastorn Alimentari i\/o Conducta (ASFATAC) Associaci\u00f3 de familiars d&#8217;afectats per Trastorns de Conducta (AFATRAC) Associacions Federades de Fam\u00edlies d&#8217;alumnes de Catalunya (aFFac) Associaci\u00f3 Catalana per la inf\u00e0ncia maltractada (ACIM)<\/p>\n","protected":false},"author":544,"featured_media":0,"parent":248,"menu_order":0,"comment_status":"closed","ping_status":"closed","template":"","meta":{"footnotes":""},"class_list":["post-75","page","type-page","status-publish","hentry"],"_links":{"self":[{"href":"https:\/\/webs.uab.cat\/estudiabcd\/wp-json\/wp\/v2\/pages\/75","targetHints":{"allow":["GET"]}}],"collection":[{"href":"https:\/\/webs.uab.cat\/estudiabcd\/wp-json\/wp\/v2\/pages"}],"about":[{"href":"https:\/\/webs.uab.cat\/estudiabcd\/wp-json\/wp\/v2\/types\/page"}],"author":[{"embeddable":true,"href":"https:\/\/webs.uab.cat\/estudiabcd\/wp-json\/wp\/v2\/users\/544"}],"replies":[{"embeddable":true,"href":"https:\/\/webs.uab.cat\/estudiabcd\/wp-json\/wp\/v2\/comments?post=75"}],"version-history":[{"count":17,"href":"https:\/\/webs.uab.cat\/estudiabcd\/wp-json\/wp\/v2\/pages\/75\/revisions"}],"predecessor-version":[{"id":2934,"href":"https:\/\/webs.uab.cat\/estudiabcd\/wp-json\/wp\/v2\/pages\/75\/revisions\/2934"}],"up":[{"embeddable":true,"href":"https:\/\/webs.uab.cat\/estudiabcd\/wp-json\/wp\/v2\/pages\/248"}],"wp:attachment":[{"href":"https:\/\/webs.uab.cat\/estudiabcd\/wp-json\/wp\/v2\/media?parent=75"}],"curies":[{"name":"wp","href":"https:\/\/api.w.org\/{rel}","templated":true}]}}