{"id":2,"date":"2023-12-19T13:26:22","date_gmt":"2023-12-19T11:26:22","guid":{"rendered":"https:\/\/webs.uab.cat\/eupol\/?page_id=2"},"modified":"2024-11-19T11:43:38","modified_gmt":"2024-11-19T09:43:38","slug":"pagina-exemple","status":"publish","type":"page","link":"https:\/\/webs.uab.cat\/eupol\/","title":{"rendered":"Home"},"content":{"rendered":"\n<div class=\"wp-block-cover alignfull is-light\" style=\"min-height:100vh;aspect-ratio:unset;\"><span aria-hidden=\"true\" class=\"wp-block-cover__background has-background-dim-100 has-background-dim\" style=\"background-color:#ffffff\"><\/span><div class=\"wp-block-cover__inner-container is-layout-flow wp-block-cover-is-layout-flow\">\n<div class=\"wp-block-media-text alignwide is-stacked-on-mobile is-vertically-aligned-center is-image-fill\" style=\"grid-template-columns:56% auto\"><figure class=\"wp-block-media-text__media\" style=\"background-image:url(https:\/\/webs.uab.cat\/eupol\/wp-content\/uploads\/sites\/536\/2023\/12\/Edificio-1024x653.jpg);background-position:77% 49%\"><img loading=\"lazy\" decoding=\"async\" width=\"1024\" height=\"653\" src=\"https:\/\/webs.uab.cat\/eupol\/wp-content\/uploads\/sites\/536\/2023\/12\/Edificio-1024x653.jpg\" alt=\"\" class=\"wp-image-22 size-full\" srcset=\"https:\/\/webs.uab.cat\/eupol\/wp-content\/uploads\/sites\/536\/2023\/12\/Edificio-1024x653.jpg 1024w, https:\/\/webs.uab.cat\/eupol\/wp-content\/uploads\/sites\/536\/2023\/12\/Edificio-300x191.jpg 300w, https:\/\/webs.uab.cat\/eupol\/wp-content\/uploads\/sites\/536\/2023\/12\/Edificio-768x490.jpg 768w, https:\/\/webs.uab.cat\/eupol\/wp-content\/uploads\/sites\/536\/2023\/12\/Edificio.jpg 1132w\" sizes=\"auto, (max-width: 1024px) 100vw, 1024px\" \/><\/figure><div class=\"wp-block-media-text__content\">\n<h2 class=\"wp-block-heading has-text-color\" style=\"color:#000000;font-size:32px\"><strong>About Us<\/strong><\/h2>\n\n\n\n<p>In times of crisis and uncertainty about the future of Europe, developing teaching and research on the EU as well as transferring knowledge to students, political elites, media and civil society on the central role played by the EU as a provider of public policies appears to be crucial. The main objective of this project is to continue the intense work developed by the Jean Monnet Chair in European Policies (EUPOL) between 2018 and 2021 (Jean Monnet Chair Call 2018) in order to address EU contemporary challenges through the demonstration of the added value of the European Union as a unique political organization. In terms of teaching, research and knowledge transfer contents, the ambition is to contribute to a better knowledge of the EU as a global provider of public policies both within and beyond EU borders.<\/p>\n\n\n\n<div class=\"wp-block-buttons is-layout-flex wp-block-buttons-is-layout-flex\">\n<div class=\"wp-block-button is-style-fill\"><a class=\"wp-block-button__link wp-element-button\" href=\"https:\/\/webs.uab.cat\/eupol\/about-us\/\">Learn more<\/a><\/div>\n<\/div>\n<\/div><\/div>\n<\/div><\/div>\n\n\n\n<h2 class=\"wp-block-heading\">Last Publications<\/h2>\n\n\n\n<ul class=\"wp-block-list\">\n<li><strong><a href=\"https:\/\/doi.org\/10.1002\/epa2.1230\"><strong><strong><strong>The Governance of the Recovery and Resilience Facility. The Incremental Innovation of Standard Conditionality Regime<\/strong><\/strong><\/strong><br><\/a><\/strong>Fern\u00e1ndez-Pasar\u00edn, A.M and Lanaia, A. <em>\u00a0European Policy Analysis<\/em>. <em>\u00a0<\/em><\/li>\n\n\n\n<li><a href=\"http:\/\/doi.org\/10.1111\/2047-8852.12439\" target=\"_blank\" rel=\"noreferrer noopener\"><strong>Spain: Political Developments and Data in 2023. European Semester, Snap Elections and the Reformulation of the Left-Wing Coalition<\/strong><\/a>. Fern\u00e1ndez-Pasar\u00edn, A.M. and Bohigues, A.&nbsp;<em>European Journal of Political Research Political Data Yearbook<\/em>.<\/li>\n\n\n\n<li><strong><a href=\"https:\/\/doi.org\/10.1177\/13540688231224059\" target=\"_blank\" rel=\"noreferrer noopener\">Party position, electoral incentives, and attention to European Union issues in the 2019 European Parliament election<\/a><\/strong>. Font, N<em>. Party Politics<\/em>.<\/li>\n\n\n\n<li><a rel=\"noreferrer noopener\" href=\"http:\/\/doi.org\/10.1111\/2047-8852.12400\" target=\"_blank\"><strong>Spain: Political Developments and Data in 2022. Implementing the Next Generation EU Plan in the Shadow of Political Turmoil<\/strong><\/a>. Fern\u00e1ndez-Pasar\u00edn, A., Delgado, I. and Bohigues, A.&nbsp;<em>European Journal of Political Research Political Data Yearbook<\/em>.<\/li>\n\n\n\n<li><a rel=\"noreferrer noopener\" href=\"https:\/\/doi.org\/10.1111\/jcms.13371\" target=\"_blank\"><strong>Legislative Transparency in the European Parliament: Disclosing Legislators Meetings with Interest Groups<\/strong><\/a>. Font, N. and P\u00e9rez-Dur\u00e1n, I.&nbsp;<em>Journal of Common Market Studies<\/em>,&nbsp;<em>61<\/em>(2): 379-396.<\/li>\n\n\n\n<li><a rel=\"noreferrer noopener\" href=\"https:\/\/doi.org\/10.1111\/spol.12979\" target=\"_blank\"><strong>Buffering national welfare states in hard times: The politics of EU capacity-building in the social policy domain<\/strong><\/a>. Mir\u00f3, J., Kyriazi, A., Natili, M. and Ronchi, S.&nbsp;<em>Social Policy &amp; Administration<\/em>.<\/li>\n\n\n\n<li><a rel=\"noreferrer noopener\" href=\"https:\/\/doi.org\/10.1111\/jcms.13558\" target=\"_blank\"><strong>Money Makes the World Go Round: How much difference do Recovery and Resilience Plans make to member states\u2019 fiscal and social policy?<\/strong><\/a>. Mir\u00f3, J., Natili, M. and Schelkle, W.&nbsp;<em>Journal of Common Market Studies<\/em>.<\/li>\n\n\n\n<li><a rel=\"noreferrer noopener\" href=\"https:\/\/doi.org\/10.1080\/01402382.2023.2264717\" target=\"_blank\"><strong>Quite unity: salience, politicisation and togetherness in the EU\u2019s Brexit negotiating position<\/strong><\/a>. Kyriazi, A., Altiparmakis, A., Ganderson, J. and Mir\u00f3, J.&nbsp;<em>West European Politics<\/em>.<\/li>\n<\/ul>\n\n\n\n<div style=\"height:55px\" aria-hidden=\"true\" class=\"wp-block-spacer\"><\/div>\n\n\n\n<h2 class=\"wp-block-heading\">News<\/h2>\n\n\n<ul class=\"wp-block-latest-posts__list wp-block-latest-posts\"><li><div class=\"wp-block-latest-posts__featured-image\"><img loading=\"lazy\" decoding=\"async\" width=\"300\" height=\"169\" src=\"https:\/\/webs.uab.cat\/eupol\/wp-content\/uploads\/sites\/536\/2025\/01\/conferencia-Venezuela-300x169.jpg\" class=\"attachment-medium size-medium wp-post-image\" alt=\"\" style=\"\" srcset=\"https:\/\/webs.uab.cat\/eupol\/wp-content\/uploads\/sites\/536\/2025\/01\/conferencia-Venezuela-300x169.jpg 300w, https:\/\/webs.uab.cat\/eupol\/wp-content\/uploads\/sites\/536\/2025\/01\/conferencia-Venezuela-1024x576.jpg 1024w, https:\/\/webs.uab.cat\/eupol\/wp-content\/uploads\/sites\/536\/2025\/01\/conferencia-Venezuela-768x432.jpg 768w, https:\/\/webs.uab.cat\/eupol\/wp-content\/uploads\/sites\/536\/2025\/01\/conferencia-Venezuela-1536x864.jpg 1536w, https:\/\/webs.uab.cat\/eupol\/wp-content\/uploads\/sites\/536\/2025\/01\/conferencia-Venezuela-1200x675.jpg 1200w, https:\/\/webs.uab.cat\/eupol\/wp-content\/uploads\/sites\/536\/2025\/01\/conferencia-Venezuela.jpg 1920w\" sizes=\"auto, (max-width: 300px) 100vw, 300px\" \/><\/div><a class=\"wp-block-latest-posts__post-title\" href=\"https:\/\/webs.uab.cat\/eupol\/2025\/01\/22\/conferencia-venezuela-en-el-epicentro\/\">Conferencia &#8220;Venezuela en el epicentro&#8221;<\/a><div class=\"wp-block-latest-posts__post-excerpt\">Conferencia &#8220;Venezuela en el epicentro: Crisis de legitimidad, resistencia ciudadana e impacto europeo y global&#8221; 7 de febrero, 12:00 CET Sala de vistas de la Facultad de Derecho de la UAB Registro gratuito en : https:\/\/webs.uab.cat\/globalintel<\/div><\/li>\n<li><div class=\"wp-block-latest-posts__featured-image\"><img loading=\"lazy\" decoding=\"async\" width=\"300\" height=\"224\" src=\"https:\/\/webs.uab.cat\/eupol\/wp-content\/uploads\/sites\/536\/2024\/10\/Eutalk-300x224.jpg\" class=\"attachment-medium size-medium wp-post-image\" alt=\"\" style=\"\" srcset=\"https:\/\/webs.uab.cat\/eupol\/wp-content\/uploads\/sites\/536\/2024\/10\/Eutalk-300x224.jpg 300w, https:\/\/webs.uab.cat\/eupol\/wp-content\/uploads\/sites\/536\/2024\/10\/Eutalk-768x574.jpg 768w, https:\/\/webs.uab.cat\/eupol\/wp-content\/uploads\/sites\/536\/2024\/10\/Eutalk.jpg 1000w\" sizes=\"auto, (max-width: 300px) 100vw, 300px\" \/><\/div><a class=\"wp-block-latest-posts__post-title\" href=\"https:\/\/webs.uab.cat\/eupol\/2024\/10\/28\/eu-talk-on-geoeconomic-security-european-and-nordic-perspectives-25-october-2024\/\">EU Talk on\u00a0Geoeconomic security: European and Nordic Perspectives, 25 October 2024<\/a><div class=\"wp-block-latest-posts__post-excerpt\">EU Talk on &#8220;Geoeconomic security: European and Nordic Perspectives&#8221; by Prof. Ulf Sverdrup. October 25, 2024, 12:00, Faculty of Law, Sala de Juntas (UAB).<\/div><\/li>\n<li><div class=\"wp-block-latest-posts__featured-image\"><img loading=\"lazy\" decoding=\"async\" width=\"212\" height=\"300\" src=\"https:\/\/webs.uab.cat\/eupol\/wp-content\/uploads\/sites\/536\/2024\/09\/6th.jpg\" class=\"attachment-medium size-medium wp-post-image\" alt=\"\" style=\"\" \/><\/div><a class=\"wp-block-latest-posts__post-title\" href=\"https:\/\/webs.uab.cat\/eupol\/2024\/09\/12\/6th-edition-of-the-baces-and-eugov-research-conference-on-eu-studies-10-september-2024\/\">6th Edition of the BACES\u00a0and EUGOV Research Conference on EU Studies, 10 September 2024<\/a><div class=\"wp-block-latest-posts__post-excerpt\">On September 10th took place the 6th edition of the Research Conference on EU Studies. It was organized by BACES and the EUGOV Research group. Participants: Antonio Manuel \u00c1lvarez (UAM), Nicolas Bicchi (UPF), Irina Ciornei (UAB), Gisela Hern\u00e1ndez (IPP-CSIC\/UAM), Yannis Karagiannis (IBEI), Juan Antonio Mayoral (UC3M), Joan Mir\u00f3 (UPF), Ana Mar Fern\u00e1ndez-Pasar\u00edn (UAB), Nuria Font\u2026 <a class=\"wp-block-latest-posts__read-more\" href=\"https:\/\/webs.uab.cat\/eupol\/2024\/09\/12\/6th-edition-of-the-baces-and-eugov-research-conference-on-eu-studies-10-september-2024\/\" rel=\"noopener noreferrer\">Read more<span class=\"screen-reader-text\">: 6th Edition of the BACES\u00a0and EUGOV Research Conference on EU Studies, 10 September 2024<\/span><\/a><\/div><\/li>\n<li><div class=\"wp-block-latest-posts__featured-image\"><img loading=\"lazy\" decoding=\"async\" width=\"300\" height=\"180\" src=\"https:\/\/webs.uab.cat\/eupol\/wp-content\/uploads\/sites\/536\/2024\/08\/EUGLOB-300x180.jpg\" class=\"attachment-medium size-medium wp-post-image\" alt=\"\" style=\"\" srcset=\"https:\/\/webs.uab.cat\/eupol\/wp-content\/uploads\/sites\/536\/2024\/08\/EUGLOB-300x180.jpg 300w, https:\/\/webs.uab.cat\/eupol\/wp-content\/uploads\/sites\/536\/2024\/08\/EUGLOB.jpg 600w\" sizes=\"auto, (max-width: 300px) 100vw, 300px\" \/><\/div><a class=\"wp-block-latest-posts__post-title\" href=\"https:\/\/webs.uab.cat\/eupol\/2024\/08\/28\/jean-monnet-centre-of-excellence-in-european-global-policies-euglob\/\">Jean Monnet Centre of Excellence in European Global Policies (EUGLOB)<\/a><div class=\"wp-block-latest-posts__post-excerpt\">In July 2024 the proposal of the EUGLOB project was approved by the European Commission with an overall score of 91.5\/100. Below you can read the abstract of the project:&nbsp; In today&#8217;s increasingly disruptive times and unpredictable world, it is crucial for EU leadership to identify and even anticipate global policy challenges and shape their\u2026 <a class=\"wp-block-latest-posts__read-more\" href=\"https:\/\/webs.uab.cat\/eupol\/2024\/08\/28\/jean-monnet-centre-of-excellence-in-european-global-policies-euglob\/\" rel=\"noopener noreferrer\">Read more<span class=\"screen-reader-text\">: Jean Monnet Centre of Excellence in European Global Policies (EUGLOB)<\/span><\/a><\/div><\/li>\n<li><div class=\"wp-block-latest-posts__featured-image\"><img loading=\"lazy\" decoding=\"async\" width=\"300\" height=\"225\" src=\"https:\/\/webs.uab.cat\/eupol\/wp-content\/uploads\/sites\/536\/2024\/06\/conference-300x225.jpg\" class=\"attachment-medium size-medium wp-post-image\" alt=\"\" style=\"\" srcset=\"https:\/\/webs.uab.cat\/eupol\/wp-content\/uploads\/sites\/536\/2024\/06\/conference-300x225.jpg 300w, https:\/\/webs.uab.cat\/eupol\/wp-content\/uploads\/sites\/536\/2024\/06\/conference-768x576.jpg 768w, https:\/\/webs.uab.cat\/eupol\/wp-content\/uploads\/sites\/536\/2024\/06\/conference.jpg 1000w\" sizes=\"auto, (max-width: 300px) 100vw, 300px\" \/><\/div><a class=\"wp-block-latest-posts__post-title\" href=\"https:\/\/webs.uab.cat\/eupol\/2024\/06\/25\/conference-on-negotiated-and-negotiable-contractual-governance-and-the-flexibility-of-the-rrf-21-june-2024\/\">Conference on \u201cNegotiated and Negotiable. Contractual Governance and the Flexibility\u00a0of\u00a0the\u00a0RRF\u201d, 21 June 2024<\/a><div class=\"wp-block-latest-posts__post-excerpt\">Conference on \u201cNegotiated and Negotiable. Contractual Governance and the Flexibility\u00a0of\u00a0the\u00a0RRF\u201d, by Ana Mar Fern\u00e1ndez Pasar\u00edn and Joan Mir\u00f3. June 21, 2024,\u00a0ECPR SGEU Conference (Panel 126), Lisbon<\/div><\/li>\n<li><div class=\"wp-block-latest-posts__featured-image\"><img loading=\"lazy\" decoding=\"async\" width=\"300\" height=\"183\" src=\"https:\/\/webs.uab.cat\/eupol\/wp-content\/uploads\/sites\/536\/2024\/06\/Nuriafont-300x183.jpg\" class=\"attachment-medium size-medium wp-post-image\" alt=\"\" style=\"\" srcset=\"https:\/\/webs.uab.cat\/eupol\/wp-content\/uploads\/sites\/536\/2024\/06\/Nuriafont-300x183.jpg 300w, https:\/\/webs.uab.cat\/eupol\/wp-content\/uploads\/sites\/536\/2024\/06\/Nuriafont-768x468.jpg 768w, https:\/\/webs.uab.cat\/eupol\/wp-content\/uploads\/sites\/536\/2024\/06\/Nuriafont.jpg 1000w\" sizes=\"auto, (max-width: 300px) 100vw, 300px\" \/><\/div><a class=\"wp-block-latest-posts__post-title\" href=\"https:\/\/webs.uab.cat\/eupol\/2024\/06\/11\/els-matins-tv3-7-june-2024\/\">Els matins TV3\u201d, 7 June 2024<\/a><div class=\"wp-block-latest-posts__post-excerpt\">Nuria Font participation in TV3 programme \u201cEls matins\u201d talking about how decisions are made in Europe:\u00a0https:\/\/t.co\/V2FrF4mKxv\u00a0<\/div><\/li>\n<\/ul>\n\n\n<p><\/p>\n","protected":false},"excerpt":{"rendered":"<p>Last Publications News<\/p>\n","protected":false},"author":1385,"featured_media":0,"parent":0,"menu_order":0,"comment_status":"closed","ping_status":"open","template":"","meta":{"footnotes":""},"class_list":["post-2","page","type-page","status-publish","hentry"],"_links":{"self":[{"href":"https:\/\/webs.uab.cat\/eupol\/wp-json\/wp\/v2\/pages\/2","targetHints":{"allow":["GET"]}}],"collection":[{"href":"https:\/\/webs.uab.cat\/eupol\/wp-json\/wp\/v2\/pages"}],"about":[{"href":"https:\/\/webs.uab.cat\/eupol\/wp-json\/wp\/v2\/types\/page"}],"author":[{"embeddable":true,"href":"https:\/\/webs.uab.cat\/eupol\/wp-json\/wp\/v2\/users\/1385"}],"replies":[{"embeddable":true,"href":"https:\/\/webs.uab.cat\/eupol\/wp-json\/wp\/v2\/comments?post=2"}],"version-history":[{"count":20,"href":"https:\/\/webs.uab.cat\/eupol\/wp-json\/wp\/v2\/pages\/2\/revisions"}],"predecessor-version":[{"id":307,"href":"https:\/\/webs.uab.cat\/eupol\/wp-json\/wp\/v2\/pages\/2\/revisions\/307"}],"wp:attachment":[{"href":"https:\/\/webs.uab.cat\/eupol\/wp-json\/wp\/v2\/media?parent=2"}],"curies":[{"name":"wp","href":"https:\/\/api.w.org\/{rel}","templated":true}]}}