{"id":26,"date":"2023-12-20T10:47:34","date_gmt":"2023-12-20T08:47:34","guid":{"rendered":"https:\/\/webs.uab.cat\/eupol\/?page_id=26"},"modified":"2023-12-20T13:56:01","modified_gmt":"2023-12-20T11:56:01","slug":"members","status":"publish","type":"page","link":"https:\/\/webs.uab.cat\/eupol\/members\/","title":{"rendered":"Members"},"content":{"rendered":"\n<div class=\"wp-block-media-text alignwide is-stacked-on-mobile is-vertically-aligned-top\" style=\"grid-template-columns:30% auto\"><figure class=\"wp-block-media-text__media\"><img loading=\"lazy\" decoding=\"async\" width=\"300\" height=\"450\" src=\"https:\/\/webs.uab.cat\/eupol\/wp-content\/uploads\/sites\/536\/2023\/12\/AnaMarFernandez-1.jpg\" alt=\"\" class=\"wp-image-91 size-full\" srcset=\"https:\/\/webs.uab.cat\/eupol\/wp-content\/uploads\/sites\/536\/2023\/12\/AnaMarFernandez-1.jpg 300w, https:\/\/webs.uab.cat\/eupol\/wp-content\/uploads\/sites\/536\/2023\/12\/AnaMarFernandez-1-200x300.jpg 200w\" sizes=\"auto, (max-width: 300px) 100vw, 300px\" \/><\/figure><div class=\"wp-block-media-text__content\">\n<h2 class=\"wp-block-heading\">Ana Mar Fern\u00e1ndez Pasar\u00edn<\/h2>\n\n\n\n<p>Director<\/p>\n\n\n\n<p>Ana Mar Fern\u00e1ndez Pasar\u00edn is Associate Professor in Politics and Public Administration and Jean Monnet Chair in European Policies at the UAB (Autonomous University of Barcelona). Between 2009 and 2015, she was the vice-dean for economic affairs (Faculty of Political Science and Sociology, UAB) and between 2016 and 2018, the coordinator of the Political Science Unit of the UAB. She is the scientific coordinator of the EUGOV Consolidated Research Group and the principal investigator of the EUDEL Project: \u2018Delegation in the Post-Lisbon Era: a quantitative analysis of comitology\u2019 (UAB\/EUI) funded by the Spanish Ministry of Economy and Competitiveness (2018-2021). Her main research areas are European institutional dynamics and policies, with specific reference to the EU presidential system and comitology procedures.<\/p>\n\n\n\n<p><a href=\"mailto:Ana.Fernandez.Pasarin@uab.cat\">Ana.Fernandez.Pasarin@uab.cat<\/a>&nbsp;\u2013&nbsp;<a href=\"https:\/\/scholar.google.es\/citations?user=qOTf7wsAAAAJ&amp;hl=es\">Google Scholar<\/a>&nbsp;\u2013&nbsp;<a href=\"http:\/\/cpa.uab.cat\/index.php\/es\/fernandez-pasarin-ana-mar-3\">UAB Website&nbsp;<\/a><\/p>\n<\/div><\/div>\n\n\n\n<div class=\"wp-block-media-text alignwide is-stacked-on-mobile is-vertically-aligned-top\" style=\"grid-template-columns:30% auto\"><figure class=\"wp-block-media-text__media\"><img loading=\"lazy\" decoding=\"async\" width=\"300\" height=\"450\" src=\"https:\/\/webs.uab.cat\/eupol\/wp-content\/uploads\/sites\/536\/2023\/12\/NuriaFont-1.jpg\" alt=\"\" class=\"wp-image-93 size-full\" srcset=\"https:\/\/webs.uab.cat\/eupol\/wp-content\/uploads\/sites\/536\/2023\/12\/NuriaFont-1.jpg 300w, https:\/\/webs.uab.cat\/eupol\/wp-content\/uploads\/sites\/536\/2023\/12\/NuriaFont-1-200x300.jpg 200w\" sizes=\"auto, (max-width: 300px) 100vw, 300px\" \/><\/figure><div class=\"wp-block-media-text__content\">\n<h2 class=\"wp-block-heading\">Nuria Font Borr\u00e1s<\/h2>\n\n\n\n<p>Senior Research Fellow<\/p>\n\n\n\n<p>Nuria Font (PhD, UAB) is an Associate Professor of political science at the Universitat Aut\u00f2noma de Barcelona, where she teaches undergraduate and postgraduate courses on EU institutions and politics. She has been a visiting researcher at the European University Institute in Florence, the University of California at Berkeley, the University of California at San Diego, the University of Chicago and the University of Illinois at Urbana-Champaign. She currently investigates EU decision-making, democratic accountability and transparency in EU policy-making, and the formulation and implementation of EU climate policy. She has published articles at the Journal of European Public Policy, Journal of Common Market Studies, Government &amp; Opposition, International Review of Administrative Sciences, Administration &amp; Society, Parliamentary Affairs, Environmental Politics, and Ecology &amp; Society, among others. She\u2019s willing to supervise PhD dissertations on related topics.<\/p>\n<\/div><\/div>\n\n\n\n<div class=\"wp-block-media-text alignwide is-stacked-on-mobile is-vertically-aligned-top\" style=\"grid-template-columns:30% auto\"><figure class=\"wp-block-media-text__media\"><img loading=\"lazy\" decoding=\"async\" width=\"326\" height=\"489\" src=\"https:\/\/webs.uab.cat\/eupol\/wp-content\/uploads\/sites\/536\/2023\/12\/Andrea-1.jpg\" alt=\"\" class=\"wp-image-95 size-full\" srcset=\"https:\/\/webs.uab.cat\/eupol\/wp-content\/uploads\/sites\/536\/2023\/12\/Andrea-1.jpg 326w, https:\/\/webs.uab.cat\/eupol\/wp-content\/uploads\/sites\/536\/2023\/12\/Andrea-1-200x300.jpg 200w\" sizes=\"auto, (max-width: 326px) 100vw, 326px\" \/><\/figure><div class=\"wp-block-media-text__content\">\n<h2 class=\"wp-block-heading\">Andrea Lanaia<\/h2>\n\n\n\n<p>Post-Doctoral Research Fellow<\/p>\n\n\n\n<p>Andrea Lanaia (PhD) is a Post-doctoral research fellow at the Universitat Aut\u00f2noma de Barcelona (UAB). His main areas of expertise are energy and climate change policies. His doctoral thesis was on the implementation of EU energy and climate policies in Spain.<\/p>\n<\/div><\/div>\n\n\n\n<div class=\"wp-block-media-text alignwide is-stacked-on-mobile is-vertically-aligned-top\" style=\"grid-template-columns:30% auto\"><figure class=\"wp-block-media-text__media\"><img loading=\"lazy\" decoding=\"async\" width=\"300\" height=\"450\" src=\"https:\/\/webs.uab.cat\/eupol\/wp-content\/uploads\/sites\/536\/2023\/12\/Daniel.jpg\" alt=\"\" class=\"wp-image-98 size-full\" srcset=\"https:\/\/webs.uab.cat\/eupol\/wp-content\/uploads\/sites\/536\/2023\/12\/Daniel.jpg 300w, https:\/\/webs.uab.cat\/eupol\/wp-content\/uploads\/sites\/536\/2023\/12\/Daniel-200x300.jpg 200w\" sizes=\"auto, (max-width: 300px) 100vw, 300px\" \/><\/figure><div class=\"wp-block-media-text__content\">\n<h2 class=\"wp-block-heading\"><strong>Daniel Navarro<\/strong><\/h2>\n\n\n\n<p>Chair Assistant<\/p>\n\n\n\n<p>Daniel Navarro holds an MA in European Integration Studies from the Autonomous University of Barcelona (UAB) and a degree in Law from the University of Girona. His MA final thesis focused on citizenship by investment schemes in the European Union. Between 2021 and 2022, Daniel did an internship at the European Documentation Centre and joined the Jean Monnet Chair of European Policies of the UAB as a chair assistant. In 2023, he started working for the Barcelona Center for European Studies (BACES) as a research assistant.<\/p>\n\n\n\n<p><a rel=\"noreferrer noopener\" href=\"http:\/\/www.linkedin.com\/in\/daninavarromartinez\" target=\"_blank\">www.linkedin.com\/in\/daninavarromartinez<\/a><\/p>\n<\/div><\/div>\n\n\n\n<p><\/p>\n","protected":false},"excerpt":{"rendered":"<p>Ana Mar Fern\u00e1ndez Pasar\u00edn Director Ana Mar Fern\u00e1ndez Pasar\u00edn is Associate Professor in Politics and Public Administration and Jean Monnet Chair in European Policies at the UAB (Autonomous University of Barcelona). Between 2009 and 2015, she was the vice-dean for economic affairs (Faculty of Political Science and Sociology, UAB) and between 2016 and 2018, the [&hellip;]<\/p>\n","protected":false},"author":1385,"featured_media":0,"parent":0,"menu_order":0,"comment_status":"closed","ping_status":"closed","template":"","meta":{"footnotes":""},"class_list":["post-26","page","type-page","status-publish","hentry"],"_links":{"self":[{"href":"https:\/\/webs.uab.cat\/eupol\/wp-json\/wp\/v2\/pages\/26","targetHints":{"allow":["GET"]}}],"collection":[{"href":"https:\/\/webs.uab.cat\/eupol\/wp-json\/wp\/v2\/pages"}],"about":[{"href":"https:\/\/webs.uab.cat\/eupol\/wp-json\/wp\/v2\/types\/page"}],"author":[{"embeddable":true,"href":"https:\/\/webs.uab.cat\/eupol\/wp-json\/wp\/v2\/users\/1385"}],"replies":[{"embeddable":true,"href":"https:\/\/webs.uab.cat\/eupol\/wp-json\/wp\/v2\/comments?post=26"}],"version-history":[{"count":6,"href":"https:\/\/webs.uab.cat\/eupol\/wp-json\/wp\/v2\/pages\/26\/revisions"}],"predecessor-version":[{"id":99,"href":"https:\/\/webs.uab.cat\/eupol\/wp-json\/wp\/v2\/pages\/26\/revisions\/99"}],"wp:attachment":[{"href":"https:\/\/webs.uab.cat\/eupol\/wp-json\/wp\/v2\/media?parent=26"}],"curies":[{"name":"wp","href":"https:\/\/api.w.org\/{rel}","templated":true}]}}