{"id":28,"date":"2020-05-09T09:00:25","date_gmt":"2020-05-09T09:00:25","guid":{"rendered":"http:\/\/blogs.uab.cat\/evot\/?page_id=28"},"modified":"2022-07-21T12:41:57","modified_gmt":"2022-07-21T10:41:57","slug":"evot-a-la-uab","status":"publish","type":"page","link":"https:\/\/webs.uab.cat\/evot\/inici\/evot-a-la-uab\/","title":{"rendered":"Qu\u00e8 \u00e9s el vot electr\u00f2nic"},"content":{"rendered":"<p><span style=\"color: #008000\"><strong>Qu\u00e8 \u00e9s el vot electr\u00f2nic?<br \/>\n<\/strong><\/span>El vot electr\u00f2nic consisteix en l\u2019emissi\u00f3 de vots per mitjans electr\u00f2nics en contraposici\u00f3 dels mitjans tradicionals com s\u00f3n el vot presencial en paper i el vot anticipat.<\/p>\n<p><span style=\"color: #008000\"><strong>Quins tipus de vot electr\u00f2nic es fa servir?<\/strong><\/span><b><br \/>\n<\/b>El vot electr\u00f2nic s\u2019efectua de manera remota: des de qualsevol dispositiu (ordinador, m\u00f2bil, tauleta, &#8230;) amb connexi\u00f3 a internet.<\/p>\n<p><span style=\"color: #008000\"><strong>Quins s\u00f3n els principals avantatges del vot electr\u00f2nic?<br \/>\n<\/strong><\/span><\/p>\n<ul>\n<li>M\u00e9s c\u00f2mode: no cal despla\u00e7ar-se al lloc de votaci\u00f3 el dia de les eleccions.<\/li>\n<li>M\u00e9s lliure: es pot votar amb antelaci\u00f3 des de qualsevol dispositiu que tingui connexi\u00f3 a internet.<\/li>\n<li>M\u00e9s f\u00e0cil: la plataforma de vot et guia durant tot el proc\u00e9s de votaci\u00f3 i evita errors involuntaris a l&#8217;hora de votar.<\/li>\n<li>M\u00e9s segur: perqu\u00e8 el proc\u00e9s electoral \u00e9s totalment transparent i permet l&#8217;auditoria per terceres parts.<\/li>\n<\/ul>\n","protected":false},"excerpt":{"rendered":"<p>Qu\u00e8 \u00e9s el vot electr\u00f2nic? El vot electr\u00f2nic consisteix en l\u2019emissi\u00f3 de vots per mitjans electr\u00f2nics en contraposici\u00f3 dels mitjans tradicionals com s\u00f3n el vot presencial en paper i el vot anticipat. Quins tipus de vot electr\u00f2nic es fa servir? El vot electr\u00f2nic s\u2019efectua de manera remota: des de qualsevol dispositiu (ordinador, m\u00f2bil, tauleta, &#8230;) [&hellip;]<\/p>\n","protected":false},"author":26,"featured_media":0,"parent":11,"menu_order":5,"comment_status":"closed","ping_status":"closed","template":"","meta":{"footnotes":""},"class_list":["post-28","page","type-page","status-publish","hentry"],"_links":{"self":[{"href":"https:\/\/webs.uab.cat\/evot\/wp-json\/wp\/v2\/pages\/28","targetHints":{"allow":["GET"]}}],"collection":[{"href":"https:\/\/webs.uab.cat\/evot\/wp-json\/wp\/v2\/pages"}],"about":[{"href":"https:\/\/webs.uab.cat\/evot\/wp-json\/wp\/v2\/types\/page"}],"author":[{"embeddable":true,"href":"https:\/\/webs.uab.cat\/evot\/wp-json\/wp\/v2\/users\/26"}],"replies":[{"embeddable":true,"href":"https:\/\/webs.uab.cat\/evot\/wp-json\/wp\/v2\/comments?post=28"}],"version-history":[{"count":1,"href":"https:\/\/webs.uab.cat\/evot\/wp-json\/wp\/v2\/pages\/28\/revisions"}],"predecessor-version":[{"id":1439,"href":"https:\/\/webs.uab.cat\/evot\/wp-json\/wp\/v2\/pages\/28\/revisions\/1439"}],"up":[{"embeddable":true,"href":"https:\/\/webs.uab.cat\/evot\/wp-json\/wp\/v2\/pages\/11"}],"wp:attachment":[{"href":"https:\/\/webs.uab.cat\/evot\/wp-json\/wp\/v2\/media?parent=28"}],"curies":[{"name":"wp","href":"https:\/\/api.w.org\/{rel}","templated":true}]}}