{"id":44,"date":"2023-04-11T19:26:01","date_gmt":"2023-04-11T17:26:01","guid":{"rendered":"https:\/\/webs.uab.cat\/ewpc2024\/?page_id=44"},"modified":"2023-11-21T19:45:32","modified_gmt":"2023-11-21T17:45:32","slug":"organising-committee","status":"publish","type":"page","link":"https:\/\/webs.uab.cat\/ewpc2024\/organising-committee\/","title":{"rendered":"Organising Committee"},"content":{"rendered":"\n<h2 class=\"wp-block-heading\"><strong>Local organisers:<\/strong><\/h2>\n\n\n\n<blockquote class=\"wp-block-quote is-layout-flow wp-block-quote-is-layout-flow\">\n<p><strong><a rel=\"noreferrer noopener\" href=\"https:\/\/www.farronalab.org\/\" target=\"_blank\">Sara Farrona<\/a><\/strong>, University of Galway, Ireland<\/p>\n\n\n\n<p><a href=\"https:\/\/webs.uab.cat\/pleelab\" target=\"_blank\" rel=\"noreferrer noopener\"><strong>Jordi Moreno-Romero<\/strong><\/a>, UAB, Barcelona, Spain<\/p>\n\n\n\n<p><strong><a rel=\"noreferrer noopener\" href=\"https:\/\/www.cragenomica.es\/research-groups\/epigenetics-and-plant-development\" target=\"_blank\">Julia Q\u00fcesta<\/a><\/strong>, CRAG, Barcelona, Spain<\/p>\n\n\n\n<p><strong><a rel=\"noreferrer noopener\" href=\"https:\/\/jagalbar.wixsite.com\/gallego-bartolome\/team\" target=\"_blank\">Javier Gallego-Bartolom\u00e9<\/a><\/strong>, IBMCP, Valencia, Spain<\/p>\n<\/blockquote>\n\n\n\n<h2 class=\"wp-block-heading\"><strong>Permanent committee:<\/strong><\/h2>\n\n\n\n<blockquote class=\"wp-block-quote is-layout-flow wp-block-quote-is-layout-flow\">\n<p>Valerie Gaudin, IJPB,&nbsp;<a rel=\"noreferrer noopener\" href=\"https:\/\/www.inrae.fr\/en\/centres\/ile-france-versailles-grignon\" target=\"_blank\">INRA, Versailles<\/a>, France<\/p>\n\n\n\n<p>Claudia K\u00f6hler,&nbsp;<a rel=\"noreferrer noopener\" href=\"https:\/\/www.mpimp-golm.mpg.de\/2168\/en\" target=\"_blank\">MPI-MPP<\/a>, Potsdam, Germany&nbsp;<\/p>\n<\/blockquote>\n\n\n\n<figure class=\"wp-block-gallery has-nested-images columns-default is-cropped wp-block-gallery-1 is-layout-flex wp-block-gallery-is-layout-flex\">\n<figure class=\"wp-block-image size-large\"><img loading=\"lazy\" decoding=\"async\" width=\"900\" height=\"567\" data-id=\"115\" src=\"https:\/\/webs.uab.cat\/ewpc2024\/wp-content\/uploads\/sites\/398\/2023\/04\/UniGalway_logo-8.png\" alt=\"\" class=\"wp-image-115\" srcset=\"https:\/\/webs.uab.cat\/ewpc2024\/wp-content\/uploads\/sites\/398\/2023\/04\/UniGalway_logo-8.png 900w, https:\/\/webs.uab.cat\/ewpc2024\/wp-content\/uploads\/sites\/398\/2023\/04\/UniGalway_logo-8-300x189.png 300w, https:\/\/webs.uab.cat\/ewpc2024\/wp-content\/uploads\/sites\/398\/2023\/04\/UniGalway_logo-8-768x484.png 768w\" sizes=\"auto, (max-width: 900px) 100vw, 900px\" \/><\/figure>\n\n\n\n<figure class=\"wp-block-image size-large\"><img loading=\"lazy\" decoding=\"async\" width=\"1024\" height=\"412\" data-id=\"176\" src=\"https:\/\/webs.uab.cat\/ewpc2024\/wp-content\/uploads\/sites\/398\/2023\/11\/logotip-versio-5-verd-1401x564-1-1024x412.png\" alt=\"\" class=\"wp-image-176\" srcset=\"https:\/\/webs.uab.cat\/ewpc2024\/wp-content\/uploads\/sites\/398\/2023\/11\/logotip-versio-5-verd-1401x564-1-1024x412.png 1024w, https:\/\/webs.uab.cat\/ewpc2024\/wp-content\/uploads\/sites\/398\/2023\/11\/logotip-versio-5-verd-1401x564-1-300x121.png 300w, https:\/\/webs.uab.cat\/ewpc2024\/wp-content\/uploads\/sites\/398\/2023\/11\/logotip-versio-5-verd-1401x564-1-768x309.png 768w, https:\/\/webs.uab.cat\/ewpc2024\/wp-content\/uploads\/sites\/398\/2023\/11\/logotip-versio-5-verd-1401x564-1-1200x483.png 1200w, https:\/\/webs.uab.cat\/ewpc2024\/wp-content\/uploads\/sites\/398\/2023\/11\/logotip-versio-5-verd-1401x564-1.png 1401w\" sizes=\"auto, (max-width: 1024px) 100vw, 1024px\" \/><\/figure>\n\n\n\n<figure class=\"wp-block-image size-large\"><img loading=\"lazy\" decoding=\"async\" width=\"900\" height=\"567\" data-id=\"117\" src=\"https:\/\/webs.uab.cat\/ewpc2024\/wp-content\/uploads\/sites\/398\/2023\/04\/crag_logo-7.png\" alt=\"\" class=\"wp-image-117\" srcset=\"https:\/\/webs.uab.cat\/ewpc2024\/wp-content\/uploads\/sites\/398\/2023\/04\/crag_logo-7.png 900w, https:\/\/webs.uab.cat\/ewpc2024\/wp-content\/uploads\/sites\/398\/2023\/04\/crag_logo-7-300x189.png 300w, https:\/\/webs.uab.cat\/ewpc2024\/wp-content\/uploads\/sites\/398\/2023\/04\/crag_logo-7-768x484.png 768w\" sizes=\"auto, (max-width: 900px) 100vw, 900px\" \/><\/figure>\n\n\n\n<figure class=\"wp-block-image size-large\"><img loading=\"lazy\" decoding=\"async\" width=\"900\" height=\"567\" data-id=\"116\" src=\"https:\/\/webs.uab.cat\/ewpc2024\/wp-content\/uploads\/sites\/398\/2023\/04\/IBMCP_logo-7.png\" alt=\"\" class=\"wp-image-116\" srcset=\"https:\/\/webs.uab.cat\/ewpc2024\/wp-content\/uploads\/sites\/398\/2023\/04\/IBMCP_logo-7.png 900w, https:\/\/webs.uab.cat\/ewpc2024\/wp-content\/uploads\/sites\/398\/2023\/04\/IBMCP_logo-7-300x189.png 300w, https:\/\/webs.uab.cat\/ewpc2024\/wp-content\/uploads\/sites\/398\/2023\/04\/IBMCP_logo-7-768x484.png 768w\" sizes=\"auto, (max-width: 900px) 100vw, 900px\" \/><\/figure>\n\n\n\n<figure class=\"wp-block-image size-large\"><img loading=\"lazy\" decoding=\"async\" width=\"900\" height=\"567\" data-id=\"114\" src=\"https:\/\/webs.uab.cat\/ewpc2024\/wp-content\/uploads\/sites\/398\/2023\/04\/INRAE_logo-1.png\" alt=\"\" class=\"wp-image-114\" srcset=\"https:\/\/webs.uab.cat\/ewpc2024\/wp-content\/uploads\/sites\/398\/2023\/04\/INRAE_logo-1.png 900w, https:\/\/webs.uab.cat\/ewpc2024\/wp-content\/uploads\/sites\/398\/2023\/04\/INRAE_logo-1-300x189.png 300w, https:\/\/webs.uab.cat\/ewpc2024\/wp-content\/uploads\/sites\/398\/2023\/04\/INRAE_logo-1-768x484.png 768w\" sizes=\"auto, (max-width: 900px) 100vw, 900px\" \/><\/figure>\n\n\n\n<figure class=\"wp-block-image size-large\"><img loading=\"lazy\" decoding=\"async\" width=\"900\" height=\"567\" data-id=\"112\" src=\"https:\/\/webs.uab.cat\/ewpc2024\/wp-content\/uploads\/sites\/398\/2023\/04\/MaxPlanck_logo-2.png\" alt=\"\" class=\"wp-image-112\" srcset=\"https:\/\/webs.uab.cat\/ewpc2024\/wp-content\/uploads\/sites\/398\/2023\/04\/MaxPlanck_logo-2.png 900w, https:\/\/webs.uab.cat\/ewpc2024\/wp-content\/uploads\/sites\/398\/2023\/04\/MaxPlanck_logo-2-300x189.png 300w, https:\/\/webs.uab.cat\/ewpc2024\/wp-content\/uploads\/sites\/398\/2023\/04\/MaxPlanck_logo-2-768x484.png 768w\" sizes=\"auto, (max-width: 900px) 100vw, 900px\" \/><\/figure>\n<\/figure>\n","protected":false},"excerpt":{"rendered":"<p>Local organisers: Sara Farrona, University of Galway, Ireland Jordi Moreno-Romero, UAB, Barcelona, Spain Julia Q\u00fcesta, CRAG, Barcelona, Spain Javier Gallego-Bartolom\u00e9, IBMCP, Valencia, Spain Permanent committee: Valerie Gaudin, IJPB,&nbsp;INRA, Versailles, France Claudia K\u00f6hler,&nbsp;MPI-MPP, Potsdam, Germany&nbsp;<\/p>\n","protected":false},"author":2616,"featured_media":0,"parent":0,"menu_order":0,"comment_status":"closed","ping_status":"closed","template":"","meta":{"footnotes":""},"class_list":["post-44","page","type-page","status-publish","hentry"],"_links":{"self":[{"href":"https:\/\/webs.uab.cat\/ewpc2024\/wp-json\/wp\/v2\/pages\/44","targetHints":{"allow":["GET"]}}],"collection":[{"href":"https:\/\/webs.uab.cat\/ewpc2024\/wp-json\/wp\/v2\/pages"}],"about":[{"href":"https:\/\/webs.uab.cat\/ewpc2024\/wp-json\/wp\/v2\/types\/page"}],"author":[{"embeddable":true,"href":"https:\/\/webs.uab.cat\/ewpc2024\/wp-json\/wp\/v2\/users\/2616"}],"replies":[{"embeddable":true,"href":"https:\/\/webs.uab.cat\/ewpc2024\/wp-json\/wp\/v2\/comments?post=44"}],"version-history":[{"count":8,"href":"https:\/\/webs.uab.cat\/ewpc2024\/wp-json\/wp\/v2\/pages\/44\/revisions"}],"predecessor-version":[{"id":177,"href":"https:\/\/webs.uab.cat\/ewpc2024\/wp-json\/wp\/v2\/pages\/44\/revisions\/177"}],"wp:attachment":[{"href":"https:\/\/webs.uab.cat\/ewpc2024\/wp-json\/wp\/v2\/media?parent=44"}],"curies":[{"name":"wp","href":"https:\/\/api.w.org\/{rel}","templated":true}]}}