{"id":460,"date":"2022-04-22T10:26:34","date_gmt":"2022-04-22T08:26:34","guid":{"rendered":"https:\/\/blogs.uab.cat\/exponatura\/?page_id=460"},"modified":"2023-04-24T16:40:02","modified_gmt":"2023-04-24T14:40:02","slug":"fotografies-premiades-2","status":"publish","type":"page","link":"https:\/\/webs.uab.cat\/exponatura\/edicio-2022\/fotografies-premiades-2\/","title":{"rendered":"Fotografies premiades"},"content":{"rendered":"\n<div id='gallery-1' class='gallery galleryid-460 gallery-columns-3 gallery-size-thumbnail'><figure class='gallery-item'>\n\t\t\t<div class='gallery-icon landscape'>\n\t\t\t\t<a href='https:\/\/webs.uab.cat\/exponatura\/491307b\/'><img loading=\"lazy\" decoding=\"async\" width=\"150\" height=\"150\" src=\"https:\/\/webs.uab.cat\/exponatura\/wp-content\/uploads\/sites\/307\/2022\/05\/491307B-150x150.jpg\" class=\"attachment-thumbnail size-thumbnail\" alt=\"&quot;Goig blau&quot; - Mireia Catal\u00e0 Barrasetas\" \/><\/a>\n\t\t\t<\/div><\/figure><figure class='gallery-item'>\n\t\t\t<div class='gallery-icon landscape'>\n\t\t\t\t<a href='https:\/\/webs.uab.cat\/exponatura\/490947b\/'><img loading=\"lazy\" decoding=\"async\" width=\"150\" height=\"150\" src=\"https:\/\/webs.uab.cat\/exponatura\/wp-content\/uploads\/sites\/307\/2022\/05\/490947B-150x150.jpg\" class=\"attachment-thumbnail size-thumbnail\" alt=\"&quot;Viure en societat&quot; - Mar\u00e7al Pou Rossell\" \/><\/a>\n\t\t\t<\/div><\/figure><figure class='gallery-item'>\n\t\t\t<div class='gallery-icon landscape'>\n\t\t\t\t<a href='https:\/\/webs.uab.cat\/exponatura\/490959b\/'><img loading=\"lazy\" decoding=\"async\" width=\"150\" height=\"150\" src=\"https:\/\/webs.uab.cat\/exponatura\/wp-content\/uploads\/sites\/307\/2022\/05\/490959B-150x150.jpg\" class=\"attachment-thumbnail size-thumbnail\" alt=\"&quot;Agama agama&quot; - Daniel Cazorla Manchon\" \/><\/a>\n\t\t\t<\/div><\/figure><figure class='gallery-item'>\n\t\t\t<div class='gallery-icon landscape'>\n\t\t\t\t<a href='https:\/\/webs.uab.cat\/exponatura\/491337a\/'><img loading=\"lazy\" decoding=\"async\" width=\"150\" height=\"150\" src=\"https:\/\/webs.uab.cat\/exponatura\/wp-content\/uploads\/sites\/307\/2022\/05\/491337A-150x150.jpg\" class=\"attachment-thumbnail size-thumbnail\" alt=\"&quot;L&#039;\u00faltim habitant de la masia&quot; - Arnau Soler Costa\" \/><\/a>\n\t\t\t<\/div><\/figure><figure class='gallery-item'>\n\t\t\t<div class='gallery-icon landscape'>\n\t\t\t\t<a href='https:\/\/webs.uab.cat\/exponatura\/490947a\/'><img loading=\"lazy\" decoding=\"async\" width=\"150\" height=\"150\" src=\"https:\/\/webs.uab.cat\/exponatura\/wp-content\/uploads\/sites\/307\/2022\/05\/490947A-150x150.jpg\" class=\"attachment-thumbnail size-thumbnail\" alt=\"&quot;La mirada&quot; - Mar\u00e7al Pou Rossell\" \/><\/a>\n\t\t\t<\/div><\/figure><figure class='gallery-item'>\n\t\t\t<div class='gallery-icon portrait'>\n\t\t\t\t<a href='https:\/\/webs.uab.cat\/exponatura\/491337b\/'><img loading=\"lazy\" decoding=\"async\" width=\"150\" height=\"150\" src=\"https:\/\/webs.uab.cat\/exponatura\/wp-content\/uploads\/sites\/307\/2022\/05\/491337B-150x150.jpg\" class=\"attachment-thumbnail size-thumbnail\" alt=\"&quot;Puc entrar?&quot; - Arnau Soler Costa\" \/><\/a>\n\t\t\t<\/div><\/figure><figure class='gallery-item'>\n\t\t\t<div class='gallery-icon landscape'>\n\t\t\t\t<a href='https:\/\/webs.uab.cat\/exponatura\/491073b\/'><img loading=\"lazy\" decoding=\"async\" width=\"150\" height=\"150\" src=\"https:\/\/webs.uab.cat\/exponatura\/wp-content\/uploads\/sites\/307\/2022\/05\/491073B-150x150.jpg\" class=\"attachment-thumbnail size-thumbnail\" alt=\"&quot;Rhinella horribilis, el guardi\u00e0 de la nit&quot; - Galdric Mossoll Clos\" \/><\/a>\n\t\t\t<\/div><\/figure><figure class='gallery-item'>\n\t\t\t<div class='gallery-icon landscape'>\n\t\t\t\t<a href='https:\/\/webs.uab.cat\/exponatura\/490930b\/'><img loading=\"lazy\" decoding=\"async\" width=\"150\" height=\"150\" src=\"https:\/\/webs.uab.cat\/exponatura\/wp-content\/uploads\/sites\/307\/2022\/05\/490930B-150x150.jpg\" class=\"attachment-thumbnail size-thumbnail\" alt=\"&quot;Dalt les branques - Marcel Montany\u00e8s Sol\u00e9\" \/><\/a>\n\t\t\t<\/div><\/figure><figure class='gallery-item'>\n\t\t\t<div class='gallery-icon landscape'>\n\t\t\t\t<a href='https:\/\/webs.uab.cat\/exponatura\/483987b\/'><img loading=\"lazy\" decoding=\"async\" width=\"150\" height=\"150\" src=\"https:\/\/webs.uab.cat\/exponatura\/wp-content\/uploads\/sites\/307\/2022\/05\/483987B-150x150.jpg\" class=\"attachment-thumbnail size-thumbnail\" alt=\"&quot;Perdiu&quot; - Jordi Bartolom\u00e9 Filella\" \/><\/a>\n\t\t\t<\/div><\/figure><figure class='gallery-item'>\n\t\t\t<div class='gallery-icon landscape'>\n\t\t\t\t<a href='https:\/\/webs.uab.cat\/exponatura\/490229a\/'><img loading=\"lazy\" decoding=\"async\" width=\"150\" height=\"150\" src=\"https:\/\/webs.uab.cat\/exponatura\/wp-content\/uploads\/sites\/307\/2022\/05\/490229A-150x150.jpg\" class=\"attachment-thumbnail size-thumbnail\" alt=\"&quot;Rugit de lle\u00f3 mar\u00ed&quot; - Pau Nolis Fa\u00f1anas\" \/><\/a>\n\t\t\t<\/div><\/figure>\n\t\t<\/div>\n\n\n\n\n<p><\/p>\n","protected":false},"excerpt":{"rendered":"","protected":false},"author":2074,"featured_media":0,"parent":872,"menu_order":3,"comment_status":"closed","ping_status":"closed","template":"","meta":{"footnotes":""},"class_list":["post-460","page","type-page","status-publish","hentry"],"_links":{"self":[{"href":"https:\/\/webs.uab.cat\/exponatura\/wp-json\/wp\/v2\/pages\/460","targetHints":{"allow":["GET"]}}],"collection":[{"href":"https:\/\/webs.uab.cat\/exponatura\/wp-json\/wp\/v2\/pages"}],"about":[{"href":"https:\/\/webs.uab.cat\/exponatura\/wp-json\/wp\/v2\/types\/page"}],"author":[{"embeddable":true,"href":"https:\/\/webs.uab.cat\/exponatura\/wp-json\/wp\/v2\/users\/2074"}],"replies":[{"embeddable":true,"href":"https:\/\/webs.uab.cat\/exponatura\/wp-json\/wp\/v2\/comments?post=460"}],"version-history":[{"count":2,"href":"https:\/\/webs.uab.cat\/exponatura\/wp-json\/wp\/v2\/pages\/460\/revisions"}],"predecessor-version":[{"id":879,"href":"https:\/\/webs.uab.cat\/exponatura\/wp-json\/wp\/v2\/pages\/460\/revisions\/879"}],"up":[{"embeddable":true,"href":"https:\/\/webs.uab.cat\/exponatura\/wp-json\/wp\/v2\/pages\/872"}],"wp:attachment":[{"href":"https:\/\/webs.uab.cat\/exponatura\/wp-json\/wp\/v2\/media?parent=460"}],"curies":[{"name":"wp","href":"https:\/\/api.w.org\/{rel}","templated":true}]}}