{"id":709,"date":"2021-05-03T13:28:44","date_gmt":"2021-05-03T11:28:44","guid":{"rendered":"https:\/\/blogs.uab.cat\/exponatura\/?page_id=2"},"modified":"2025-06-16T19:47:12","modified_gmt":"2025-06-16T17:47:12","slug":"exponaturadeprova","status":"publish","type":"page","link":"https:\/\/webs.uab.cat\/exponatura\/","title":{"rendered":"ExpoNatura UAB"},"content":{"rendered":"\n<p class=\"has-text-align-center\"><strong>ExponaturaUAB <\/strong> torna amb m\u00e9s il\u00b7lusi\u00f3 que mai aquest 2025 amb la col\u00b7laboraci\u00f3 de <strong><a href=\"https:\/\/www.uab.cat\/web\/viure-el-campus\/cultura-en-viu-1345780447256.html\" target=\"_blank\" rel=\"noreferrer noopener\">Cultura en Viu UAB<\/a><\/strong> del Vicerectorat de Comunicaci\u00f3 i Cultura i del patrocini de la llibreria <a href=\"https:\/\/www.altair.es\/cat\/\" target=\"_blank\" rel=\"noreferrer noopener\"><strong>Alta\u00efr<\/strong><\/a>, <strong><a href=\"https:\/\/www.somaguait.cat\/\"> <\/a><\/strong>l&#8217;entitat especialitzada en la conservaci\u00f3 i educaci\u00f3 ambiental <strong><a href=\"https:\/\/www.somaguait.cat\/\">Somaguait<\/a><\/strong>, la botiga <a href=\"http:\/\/www.orlum.cat\" data-type=\"URL\" data-id=\"www.orlum.cat\" target=\"_blank\" rel=\"noreferrer noopener\"><strong>Orlum<\/strong><\/a> al servei de professionals de la fotografia del nostre Campus.<\/p>\n\n\n\n<p class=\"has-text-align-center\">Us agra\u00efm molt la vostra participaci\u00f3!<\/p>\n\n\n\n<p class=\"has-text-align-center\">Podreu veure totes les imatges presentades i guanyadores del concurs fent clic als seg\u00fcents enlla\u00e7os:<\/p>\n\n\n\n<p class=\"has-text-align-center\"><a href=\"https:\/\/webs.uab.cat\/exponatura\/edicio-2025\/fotografies-presentades\/\" data-type=\"URL\" data-id=\"https:\/\/webs.uab.cat\/exponatura\/exponaturadeprova\/fotografies-presentades-2023\/\">Obres presentades<\/a><br><a href=\"https:\/\/webs.uab.cat\/exponatura\/edicio-2025\/fotografies-premiades\/\" data-type=\"URL\" data-id=\"https:\/\/webs.uab.cat\/exponatura\/exponaturadeprova\/fotografies-premiades-2023\/\">Obres premiades<\/a><\/p>\n\n\n\n<p class=\"has-text-align-center\">Si voleu veure el v\u00eddeo de projecci\u00f3 de totes les imatges presentades,<br>podeu fer clic&nbsp;<a href=\"https:\/\/videosdigitals.uab.cat\/video\/19\/playVideo.php?mm=12282&amp;lang=CA\" target=\"_blank\" rel=\"noreferrer noopener\">aqu\u00ed<\/a><\/p>\n\n\n\n<p><\/p>\n\n\n\n<p><\/p>\n","protected":false},"excerpt":{"rendered":"<p>ExponaturaUAB torna amb m\u00e9s il\u00b7lusi\u00f3 que mai aquest 2025 amb la col\u00b7laboraci\u00f3 de Cultura en Viu UAB del Vicerectorat de Comunicaci\u00f3 i Cultura i del patrocini de la llibreria Alta\u00efr, l&#8217;entitat especialitzada en la conservaci\u00f3 i educaci\u00f3 ambiental Somaguait, la botiga Orlum al servei de professionals de la fotografia del nostre Campus. Us agra\u00efm molt [&hellip;]<\/p>\n","protected":false},"author":2074,"featured_media":1677,"parent":0,"menu_order":0,"comment_status":"closed","ping_status":"closed","template":"","meta":{"footnotes":""},"class_list":["post-709","page","type-page","status-publish","has-post-thumbnail","hentry"],"_links":{"self":[{"href":"https:\/\/webs.uab.cat\/exponatura\/wp-json\/wp\/v2\/pages\/709","targetHints":{"allow":["GET"]}}],"collection":[{"href":"https:\/\/webs.uab.cat\/exponatura\/wp-json\/wp\/v2\/pages"}],"about":[{"href":"https:\/\/webs.uab.cat\/exponatura\/wp-json\/wp\/v2\/types\/page"}],"author":[{"embeddable":true,"href":"https:\/\/webs.uab.cat\/exponatura\/wp-json\/wp\/v2\/users\/2074"}],"replies":[{"embeddable":true,"href":"https:\/\/webs.uab.cat\/exponatura\/wp-json\/wp\/v2\/comments?post=709"}],"version-history":[{"count":19,"href":"https:\/\/webs.uab.cat\/exponatura\/wp-json\/wp\/v2\/pages\/709\/revisions"}],"predecessor-version":[{"id":1704,"href":"https:\/\/webs.uab.cat\/exponatura\/wp-json\/wp\/v2\/pages\/709\/revisions\/1704"}],"wp:featuredmedia":[{"embeddable":true,"href":"https:\/\/webs.uab.cat\/exponatura\/wp-json\/wp\/v2\/media\/1677"}],"wp:attachment":[{"href":"https:\/\/webs.uab.cat\/exponatura\/wp-json\/wp\/v2\/media?parent=709"}],"curies":[{"name":"wp","href":"https:\/\/api.w.org\/{rel}","templated":true}]}}

<p class="has-text-align-center"><strong>ExponaturaUAB </strong> torna amb més il·lusió que mai aquest 2025 amb la col·laboració de <strong><a href="https://www.uab.cat/web/viure-el-campus/cultura-en-viu-1345780447256.html" target="_blank" rel="noreferrer noopener">Cultura en Viu UAB</a></strong> del Vicerectorat de Comunicació i Cultura i del patrocini de la llibreria <a href="https://www.altair.es/cat/" target="_blank" rel="noreferrer noopener"><strong>Altaïr</strong></a>, <strong><a href="https://www.somaguait.cat/"> </a></strong>l&#8217;entitat especialitzada en la conservació i educació ambiental <strong><a href="https://www.somaguait.cat/">Somaguait</a></strong>, la botiga <a href="http://www.orlum.cat" data-type="URL" data-id="www.orlum.cat" target="_blank" rel="noreferrer noopener"><strong>Orlum</strong></a> al servei de professionals de la fotografia del nostre Campus.</p>



<p class="has-text-align-center">Us agraïm molt la vostra participació!</p>



<p class="has-text-align-center">Podreu veure totes les imatges presentades i guanyadores del concurs fent clic als següents enllaços:</p>



<p class="has-text-align-center"><a href="https://webs.uab.cat/exponatura/edicio-2025/fotografies-presentades/" data-type="URL" data-id="https://webs.uab.cat/exponatura/exponaturadeprova/fotografies-presentades-2023/">Obres presentades</a><br><a href="https://webs.uab.cat/exponatura/edicio-2025/fotografies-premiades/" data-type="URL" data-id="https://webs.uab.cat/exponatura/exponaturadeprova/fotografies-premiades-2023/">Obres premiades</a></p>



<p class="has-text-align-center">Si voleu veure el vídeo de projecció de totes les imatges presentades,<br>podeu fer clic&nbsp;<a href="https://videosdigitals.uab.cat/video/19/playVideo.php?mm=12282&amp;lang=CA" target="_blank" rel="noreferrer noopener">aquí</a></p>



<p></p>



<p></p>

<p>ExponaturaUAB torna amb més il·lusió que mai aquest 2025 amb la col·laboració de Cultura en Viu UAB del Vicerectorat de Comunicació i Cultura i del patrocini de la llibreria Altaïr, l&#8217;entitat especialitzada en la conservació i educació ambiental Somaguait, la botiga Orlum al servei de professionals de la fotografia del nostre Campus. Us agraïm molt [&hellip;]</p>
