{"id":155,"date":"2022-03-18T17:52:53","date_gmt":"2022-03-18T17:52:53","guid":{"rendered":"https:\/\/webs.uab.cat\/eylbid\/teachers-book\/"},"modified":"2022-11-28T13:01:34","modified_gmt":"2022-11-28T13:01:34","slug":"teachers-book","status":"publish","type":"page","link":"https:\/\/webs.uab.cat\/eylbid\/en\/teachers-book\/","title":{"rendered":"Teacher&#8217;s Book"},"content":{"rendered":"<div class=\"wp-block-image\">\n<figure class=\"aligncenter size-large\"><a href=\"https:\/\/ddd.uab.cat\/record\/258306\"><img loading=\"lazy\" decoding=\"async\" width=\"721\" height=\"1024\" src=\"https:\/\/webs.uab.cat\/eylbid\/wp-content\/uploads\/sites\/160\/2022\/11\/coberta-ilm-721x1024.png\" alt=\"\" class=\"wp-image-596\" srcset=\"https:\/\/webs.uab.cat\/eylbid\/wp-content\/uploads\/sites\/160\/2022\/11\/coberta-ilm-721x1024.png 721w, https:\/\/webs.uab.cat\/eylbid\/wp-content\/uploads\/sites\/160\/2022\/11\/coberta-ilm-211x300.png 211w, https:\/\/webs.uab.cat\/eylbid\/wp-content\/uploads\/sites\/160\/2022\/11\/coberta-ilm.png 760w\" sizes=\"auto, (max-width: 721px) 100vw, 721px\" \/><\/a><\/figure>\n<\/div>\n\n\n<p>&nbsp;<\/p>\n\n\n\n<p class=\"has-text-align-center\">&nbsp; &nbsp;<strong>Versions in other languages:<\/strong><\/p>\n\n\n\n<ul class=\"wp-block-list\"><li>Catalan:&nbsp;<a href=\"https:\/\/ddd.uab.cat\/search?f=title&amp;p=Inclusi%C3%B3%2C%20diversitat%20i%20comunicaci%C3%B3%20entre%20cultures%20Manual%20per%20a%20docents%20amb%20activitats%20per%20treballar%20a%20classe%20amb%20alumnat%20de%20secund%C3%A0ria&amp;sc=1&amp;ln=ca\">Inclusi\u00f3, diversitat i comunicaci\u00f3 entre cultures. Manual per a docents amb activitats per treballar a classe amb alumnat de secund\u00e0ria<\/a><\/li><li>German:&nbsp;<a href=\"https:\/\/ddd.uab.cat\/search?f=title&amp;p=Inklusion%2C%20Diversit%C3%A4t%20und%20Interkulturelle%20Kommunikation%20Ein%20Lehrer%20innenhandbuch%20mit%20Aktivit%C3%A4ten%20f%C3%BCr%20den%20Unterricht%20f%C3%BCr%20die%20Sekundarstufe&amp;sc=1&amp;ln=ca\">Inklusion, Diversit\u00e4t und Interkulturelle Kommunikation. Ein Lehrer:innenhandbuch mit Aktivit\u00e4ten f\u00fcr den Unterricht f\u00fcr die Sekundarstufe<\/a><\/li><li>Italian:&nbsp;<a href=\"https:\/\/ddd.uab.cat\/search?f=title&amp;p=Inclusione%2C%20diversit%C3%A0%20e%20comunicazione%20tra%20culture%20Manuale%20per%20insegnanti%20con%20attivit%C3%A0%20didattiche%20per%20le%20scuole%20superiori&amp;sc=1&amp;ln=ca\">Inclusione, diversit\u00e0 e comunicazione tra culture. Manuale per insegnanti con attivit\u00e0 didattiche per le scuole superiori<\/a><\/li><li>Spanish:&nbsp;<a href=\"https:\/\/ddd.uab.cat\/search?f=title&amp;p=Inclusi%C3%B3n%2C%20diversidad%20y%20comunicaci%C3%B3n%20entre%20culturas%20Manual%20para%20docentes%20con%20actividades%20para%20realizar%20en%20clase%20con%20el%20alumnado%20de%20secundaria&amp;sc=1&amp;ln=ca\">Inclusi\u00f3n, diversidad y comunicaci\u00f3n entre culturas: Manual para docentes con actividades para realizar en clase con el alumnado de secundaria<\/a><\/li><\/ul>\n\n\n\n<div class=\"wp-block-columns is-layout-flex wp-container-core-columns-is-layout-9d6595d7 wp-block-columns-is-layout-flex\">\n<div class=\"wp-block-column is-layout-flow wp-block-column-is-layout-flow\">\n<figure class=\"wp-block-image\"><a href=\"https:\/\/webs.uab.cat\/eylbid\/en\/teachers-book\/activities-ready-to-download\/\"><img loading=\"lazy\" decoding=\"async\" width=\"512\" height=\"512\" src=\"https:\/\/webs.uab.cat\/eylbid\/wp-content\/uploads\/sites\/160\/2022\/03\/activities_0.png\" alt=\"\" class=\"wp-image-143\" srcset=\"https:\/\/webs.uab.cat\/eylbid\/wp-content\/uploads\/sites\/160\/2022\/03\/activities_0.png 512w, https:\/\/webs.uab.cat\/eylbid\/wp-content\/uploads\/sites\/160\/2022\/03\/activities_0-300x300.png 300w, https:\/\/webs.uab.cat\/eylbid\/wp-content\/uploads\/sites\/160\/2022\/03\/activities_0-150x150.png 150w\" sizes=\"auto, (max-width: 512px) 100vw, 512px\" \/><\/a><\/figure>\n<\/div>\n\n\n\n<div class=\"wp-block-column is-layout-flow wp-block-column-is-layout-flow\">\n<figure class=\"wp-block-image\"><a href=\"https:\/\/webs.uab.cat\/eylbid\/en\/resource-bank\"><img loading=\"lazy\" decoding=\"async\" width=\"512\" height=\"512\" src=\"https:\/\/webs.uab.cat\/eylbid\/wp-content\/uploads\/sites\/160\/2022\/03\/resource_bank.png\" alt=\"resource bank folder\" class=\"wp-image-149\" srcset=\"https:\/\/webs.uab.cat\/eylbid\/wp-content\/uploads\/sites\/160\/2022\/03\/resource_bank.png 512w, https:\/\/webs.uab.cat\/eylbid\/wp-content\/uploads\/sites\/160\/2022\/03\/resource_bank-300x300.png 300w, https:\/\/webs.uab.cat\/eylbid\/wp-content\/uploads\/sites\/160\/2022\/03\/resource_bank-150x150.png 150w\" sizes=\"auto, (max-width: 512px) 100vw, 512px\" \/><\/a><\/figure>\n<\/div>\n<\/div>\n\n\n\n<p>If you use the Teacher&#8217;s Book and resources, we will really appreciate your opinion! Please reply to our <a href=\"https:\/\/forms.office.com\/r\/w6bWp6fS6r\">satisfaction survey<\/a>, it will only take you a few minutes.\u00a0<\/p>\n","protected":false},"excerpt":{"rendered":"<p>&nbsp; &nbsp; &nbsp;Versions in other languages: Catalan:&nbsp;Inclusi\u00f3, diversitat i comunicaci\u00f3 entre cultures. Manual per a docents amb activitats per treballar a classe amb alumnat de secund\u00e0ria German:&nbsp;Inklusion, Diversit\u00e4t und Interkulturelle Kommunikation. Ein Lehrer:innenhandbuch mit Aktivit\u00e4ten f\u00fcr den Unterricht f\u00fcr die Sekundarstufe Italian:&nbsp;Inclusione, diversit\u00e0 e comunicazione tra culture. Manuale per insegnanti con attivit\u00e0 didattiche per le [&hellip;]<\/p>\n","protected":false},"author":20,"featured_media":0,"parent":0,"menu_order":0,"comment_status":"closed","ping_status":"closed","template":"","meta":{"footnotes":""},"class_list":["post-155","page","type-page","status-publish","hentry"],"_links":{"self":[{"href":"https:\/\/webs.uab.cat\/eylbid\/en\/wp-json\/wp\/v2\/pages\/155","targetHints":{"allow":["GET"]}}],"collection":[{"href":"https:\/\/webs.uab.cat\/eylbid\/en\/wp-json\/wp\/v2\/pages"}],"about":[{"href":"https:\/\/webs.uab.cat\/eylbid\/en\/wp-json\/wp\/v2\/types\/page"}],"author":[{"embeddable":true,"href":"https:\/\/webs.uab.cat\/eylbid\/en\/wp-json\/wp\/v2\/users\/20"}],"replies":[{"embeddable":true,"href":"https:\/\/webs.uab.cat\/eylbid\/en\/wp-json\/wp\/v2\/comments?post=155"}],"version-history":[{"count":5,"href":"https:\/\/webs.uab.cat\/eylbid\/en\/wp-json\/wp\/v2\/pages\/155\/revisions"}],"predecessor-version":[{"id":890,"href":"https:\/\/webs.uab.cat\/eylbid\/en\/wp-json\/wp\/v2\/pages\/155\/revisions\/890"}],"wp:attachment":[{"href":"https:\/\/webs.uab.cat\/eylbid\/en\/wp-json\/wp\/v2\/media?parent=155"}],"curies":[{"name":"wp","href":"https:\/\/api.w.org\/{rel}","templated":true}]}}

<div class="wp-block-image">
<figure class="aligncenter size-large"><a href="https://ddd.uab.cat/record/258306"><img loading="lazy" decoding="async" width="721" height="1024" src="https://webs.uab.cat/eylbid/wp-content/uploads/sites/160/2022/11/coberta-ilm-721x1024.png" alt="" class="wp-image-596" srcset="https://webs.uab.cat/eylbid/wp-content/uploads/sites/160/2022/11/coberta-ilm-721x1024.png 721w, https://webs.uab.cat/eylbid/wp-content/uploads/sites/160/2022/11/coberta-ilm-211x300.png 211w, https://webs.uab.cat/eylbid/wp-content/uploads/sites/160/2022/11/coberta-ilm.png 760w" sizes="auto, (max-width: 721px) 100vw, 721px" /></a></figure>
</div>


<p>&nbsp;</p>



<p class="has-text-align-center">&nbsp; &nbsp;<strong>Versions in other languages:</strong></p>



<ul class="wp-block-list"><li>Catalan:&nbsp;<a href="https://ddd.uab.cat/search?f=title&amp;p=Inclusi%C3%B3%2C%20diversitat%20i%20comunicaci%C3%B3%20entre%20cultures%20Manual%20per%20a%20docents%20amb%20activitats%20per%20treballar%20a%20classe%20amb%20alumnat%20de%20secund%C3%A0ria&amp;sc=1&amp;ln=ca">Inclusió, diversitat i comunicació entre cultures. Manual per a docents amb activitats per treballar a classe amb alumnat de secundària</a></li><li>German:&nbsp;<a href="https://ddd.uab.cat/search?f=title&amp;p=Inklusion%2C%20Diversit%C3%A4t%20und%20Interkulturelle%20Kommunikation%20Ein%20Lehrer%20innenhandbuch%20mit%20Aktivit%C3%A4ten%20f%C3%BCr%20den%20Unterricht%20f%C3%BCr%20die%20Sekundarstufe&amp;sc=1&amp;ln=ca">Inklusion, Diversität und Interkulturelle Kommunikation. Ein Lehrer:innenhandbuch mit Aktivitäten für den Unterricht für die Sekundarstufe</a></li><li>Italian:&nbsp;<a href="https://ddd.uab.cat/search?f=title&amp;p=Inclusione%2C%20diversit%C3%A0%20e%20comunicazione%20tra%20culture%20Manuale%20per%20insegnanti%20con%20attivit%C3%A0%20didattiche%20per%20le%20scuole%20superiori&amp;sc=1&amp;ln=ca">Inclusione, diversità e comunicazione tra culture. Manuale per insegnanti con attività didattiche per le scuole superiori</a></li><li>Spanish:&nbsp;<a href="https://ddd.uab.cat/search?f=title&amp;p=Inclusi%C3%B3n%2C%20diversidad%20y%20comunicaci%C3%B3n%20entre%20culturas%20Manual%20para%20docentes%20con%20actividades%20para%20realizar%20en%20clase%20con%20el%20alumnado%20de%20secundaria&amp;sc=1&amp;ln=ca">Inclusión, diversidad y comunicación entre culturas: Manual para docentes con actividades para realizar en clase con el alumnado de secundaria</a></li></ul>



<div class="wp-block-columns is-layout-flex wp-container-core-columns-is-layout-9d6595d7 wp-block-columns-is-layout-flex">
<div class="wp-block-column is-layout-flow wp-block-column-is-layout-flow">
<figure class="wp-block-image"><a href="https://webs.uab.cat/eylbid/en/teachers-book/activities-ready-to-download/"><img loading="lazy" decoding="async" width="512" height="512" src="https://webs.uab.cat/eylbid/wp-content/uploads/sites/160/2022/03/activities_0.png" alt="" class="wp-image-143" srcset="https://webs.uab.cat/eylbid/wp-content/uploads/sites/160/2022/03/activities_0.png 512w, https://webs.uab.cat/eylbid/wp-content/uploads/sites/160/2022/03/activities_0-300x300.png 300w, https://webs.uab.cat/eylbid/wp-content/uploads/sites/160/2022/03/activities_0-150x150.png 150w" sizes="auto, (max-width: 512px) 100vw, 512px" /></a></figure>
</div>



<div class="wp-block-column is-layout-flow wp-block-column-is-layout-flow">
<figure class="wp-block-image"><a href="https://webs.uab.cat/eylbid/en/resource-bank"><img loading="lazy" decoding="async" width="512" height="512" src="https://webs.uab.cat/eylbid/wp-content/uploads/sites/160/2022/03/resource_bank.png" alt="resource bank folder" class="wp-image-149" srcset="https://webs.uab.cat/eylbid/wp-content/uploads/sites/160/2022/03/resource_bank.png 512w, https://webs.uab.cat/eylbid/wp-content/uploads/sites/160/2022/03/resource_bank-300x300.png 300w, https://webs.uab.cat/eylbid/wp-content/uploads/sites/160/2022/03/resource_bank-150x150.png 150w" sizes="auto, (max-width: 512px) 100vw, 512px" /></a></figure>
</div>
</div>



<p>If you use the Teacher&#8217;s Book and resources, we will really appreciate your opinion! Please reply to our <a href="https://forms.office.com/r/w6bWp6fS6r">satisfaction survey</a>, it will only take you a few minutes. </p>

<p>&nbsp; &nbsp; &nbsp;Versions in other languages: Catalan:&nbsp;Inclusió, diversitat i comunicació entre cultures. Manual per a docents amb activitats per treballar a classe amb alumnat de secundària German:&nbsp;Inklusion, Diversität und Interkulturelle Kommunikation. Ein Lehrer:innenhandbuch mit Aktivitäten für den Unterricht für die Sekundarstufe Italian:&nbsp;Inclusione, diversità e comunicazione tra culture. Manuale per insegnanti con attività didattiche per le [&hellip;]</p>
