{"id":106,"date":"2019-10-25T10:03:44","date_gmt":"2019-10-25T10:03:44","guid":{"rendered":"https:\/\/webs.uab.cat\/eylbid\/reuniones\/"},"modified":"2019-10-25T12:00:59","modified_gmt":"2019-10-25T12:00:59","slug":"reuniones","status":"publish","type":"page","link":"https:\/\/webs.uab.cat\/eylbid\/es\/reuniones\/","title":{"rendered":"Reuniones"},"content":{"rendered":"<ul>\n<li><strong>Reuni\u00f3n de lanzamiento <\/strong>de la asociaci\u00f3n estrat\u00e9gica EYLBID en Bellaterra&nbsp;(Universitat Aut\u00f2noma de Barcelona, Espa\u00f1a)&nbsp;, el, 30 y 31 de enero de 2020:&nbsp; Los d\u00edas 30 y 31 de enero de 2020, el Departamento de Traducci\u00f3n, Interpretaci\u00f3n y Estudios de Asia Oriental de la UAB acogi\u00f3 la reuni\u00f3n de lanzamiento transnacional del proyecto. A la reuni\u00f3n asistieron representantes de todos los socios estrat\u00e9gicos. <a href=\"https:\/\/www.uab.cat\/web\/sala-de-prensa\/detalle-noticia\/un-proyecto-sensibilizara-sobre-la-interpretacion-por-parte-de-jovenes-y-ninos-en-el-contexto-escolar-1345667994339.html?noticiaid=1345807258402\">Aqu\u00ed est\u00e1 publicada la nota de prensa de la actividad<\/a> y algunas fotos:<\/li>\n<\/ul>\n<table border=\"1\" cellpadding=\"1\" cellspacing=\"1\">\n<tbody>\n<tr>\n<td>\n<p style=\"text-align:center\"><img loading=\"lazy\" decoding=\"async\" class=\" size-full wp-image-78\" alt=\"Team kick off meeting\" height=\"209\" src=\"https:\/\/webs.uab.cat\/eylbid\/wp-content\/uploads\/sites\/160\/2019\/10\/1tm_team.jpg\" width=\"352\" srcset=\"https:\/\/webs.uab.cat\/eylbid\/wp-content\/uploads\/sites\/160\/2019\/10\/1tm_team.jpg 2500w, https:\/\/webs.uab.cat\/eylbid\/wp-content\/uploads\/sites\/160\/2019\/10\/1tm_team-300x178.jpg 300w, https:\/\/webs.uab.cat\/eylbid\/wp-content\/uploads\/sites\/160\/2019\/10\/1tm_team-1024x606.jpg 1024w, https:\/\/webs.uab.cat\/eylbid\/wp-content\/uploads\/sites\/160\/2019\/10\/1tm_team-768x455.jpg 768w, https:\/\/webs.uab.cat\/eylbid\/wp-content\/uploads\/sites\/160\/2019\/10\/1tm_team-1536x909.jpg 1536w, https:\/\/webs.uab.cat\/eylbid\/wp-content\/uploads\/sites\/160\/2019\/10\/1tm_team-2048x1212.jpg 2048w, https:\/\/webs.uab.cat\/eylbid\/wp-content\/uploads\/sites\/160\/2019\/10\/1tm_team-1200x710.jpg 1200w, https:\/\/webs.uab.cat\/eylbid\/wp-content\/uploads\/sites\/160\/2019\/10\/1tm_team-1980x1172.jpg 1980w\" sizes=\"auto, (max-width: 352px) 100vw, 352px\" \/><\/p>\n<\/td>\n<td>\n<p style=\"text-align:center\"><img loading=\"lazy\" decoding=\"async\" class=\" size-full wp-image-84\" alt=\"Eylbid Team working kick off meeting\" height=\"204\" src=\"https:\/\/webs.uab.cat\/eylbid\/wp-content\/uploads\/sites\/160\/2019\/10\/img_1862-scaled.jpg\" width=\"271\" srcset=\"https:\/\/webs.uab.cat\/eylbid\/wp-content\/uploads\/sites\/160\/2019\/10\/img_1862-scaled.jpg 2560w, https:\/\/webs.uab.cat\/eylbid\/wp-content\/uploads\/sites\/160\/2019\/10\/img_1862-300x225.jpg 300w, https:\/\/webs.uab.cat\/eylbid\/wp-content\/uploads\/sites\/160\/2019\/10\/img_1862-1024x768.jpg 1024w, https:\/\/webs.uab.cat\/eylbid\/wp-content\/uploads\/sites\/160\/2019\/10\/img_1862-768x576.jpg 768w, https:\/\/webs.uab.cat\/eylbid\/wp-content\/uploads\/sites\/160\/2019\/10\/img_1862-1536x1152.jpg 1536w, https:\/\/webs.uab.cat\/eylbid\/wp-content\/uploads\/sites\/160\/2019\/10\/img_1862-2048x1536.jpg 2048w, https:\/\/webs.uab.cat\/eylbid\/wp-content\/uploads\/sites\/160\/2019\/10\/img_1862-1200x900.jpg 1200w, https:\/\/webs.uab.cat\/eylbid\/wp-content\/uploads\/sites\/160\/2019\/10\/img_1862-1980x1485.jpg 1980w\" sizes=\"auto, (max-width: 271px) 100vw, 271px\" \/><\/p>\n<\/td>\n<\/tr>\n<\/tbody>\n<\/table>\n<ul>\n<li><strong>Segunda reuni\u00f3n transnacional<\/strong>&nbsp;de la asociaci\u00f3n estrat\u00e9gica EYLBID: online,&nbsp;18 y 19 de septiembre de 2020. Esta reuni\u00f3n se celebr\u00f3 online y asistieron representantes de todo los socios estrat\u00e9gicos.<\/li>\n<li><strong>Tercera reuni\u00f3n transnacional <\/strong>de la asociaci\u00f3n estrat\u00e9gica EYLBID:&nbsp;online, 5 y 25 de julio de 2021.&nbsp;<\/li>\n<li><strong>Cuarta reuni\u00f3n transnacional&nbsp;<\/strong>de la asociaci\u00f3n estrat\u00e9gica EYLBID:&nbsp;online, 27 de abril de 2022.<\/li>\n<\/ul>\n<div style=\"text-align:center\">\n<figure class=\"image\" style=\"display:inline-block\"><img loading=\"lazy\" decoding=\"async\" class=\" size-full wp-image-90\" alt=\"picture of the online meeting corresponding to the 4th multiplier event\" height=\"363\" src=\"https:\/\/webs.uab.cat\/eylbid\/wp-content\/uploads\/sites\/160\/2019\/10\/picture.png\" width=\"566\" srcset=\"https:\/\/webs.uab.cat\/eylbid\/wp-content\/uploads\/sites\/160\/2019\/10\/picture.png 1610w, https:\/\/webs.uab.cat\/eylbid\/wp-content\/uploads\/sites\/160\/2019\/10\/picture-300x193.png 300w, https:\/\/webs.uab.cat\/eylbid\/wp-content\/uploads\/sites\/160\/2019\/10\/picture-1024x658.png 1024w, https:\/\/webs.uab.cat\/eylbid\/wp-content\/uploads\/sites\/160\/2019\/10\/picture-768x493.png 768w, https:\/\/webs.uab.cat\/eylbid\/wp-content\/uploads\/sites\/160\/2019\/10\/picture-1536x986.png 1536w, https:\/\/webs.uab.cat\/eylbid\/wp-content\/uploads\/sites\/160\/2019\/10\/picture-1200x771.png 1200w\" sizes=\"auto, (max-width: 566px) 100vw, 566px\" \/><figcaption><strong>Cuarta reuni\u00f3n transnacional, celebrada online el 27\/04\/2022<\/strong><\/figcaption><\/figure>\n<\/div>\n<p>&nbsp;<\/p>\n","protected":false},"excerpt":{"rendered":"<p>Reuni\u00f3n de lanzamiento de la asociaci\u00f3n estrat\u00e9gica EYLBID en Bellaterra&nbsp;(Universitat Aut\u00f2noma de Barcelona, Espa\u00f1a)&nbsp;, el, 30 y 31 de enero de 2020:&nbsp; Los d\u00edas 30 y 31 de enero de 2020, el Departamento de Traducci\u00f3n, Interpretaci\u00f3n y Estudios de Asia Oriental de la UAB acogi\u00f3 la reuni\u00f3n de lanzamiento transnacional del proyecto. A la reuni\u00f3n [&hellip;]<\/p>\n","protected":false},"author":20,"featured_media":0,"parent":0,"menu_order":0,"comment_status":"closed","ping_status":"closed","template":"","meta":{"footnotes":""},"class_list":["post-106","page","type-page","status-publish","hentry"],"_links":{"self":[{"href":"https:\/\/webs.uab.cat\/eylbid\/es\/wp-json\/wp\/v2\/pages\/106","targetHints":{"allow":["GET"]}}],"collection":[{"href":"https:\/\/webs.uab.cat\/eylbid\/es\/wp-json\/wp\/v2\/pages"}],"about":[{"href":"https:\/\/webs.uab.cat\/eylbid\/es\/wp-json\/wp\/v2\/types\/page"}],"author":[{"embeddable":true,"href":"https:\/\/webs.uab.cat\/eylbid\/es\/wp-json\/wp\/v2\/users\/20"}],"replies":[{"embeddable":true,"href":"https:\/\/webs.uab.cat\/eylbid\/es\/wp-json\/wp\/v2\/comments?post=106"}],"version-history":[{"count":0,"href":"https:\/\/webs.uab.cat\/eylbid\/es\/wp-json\/wp\/v2\/pages\/106\/revisions"}],"wp:attachment":[{"href":"https:\/\/webs.uab.cat\/eylbid\/es\/wp-json\/wp\/v2\/media?parent=106"}],"curies":[{"name":"wp","href":"https:\/\/api.w.org\/{rel}","templated":true}]}}

<ul>
<li><strong>Reunión de lanzamiento </strong>de la asociación estratégica EYLBID en Bellaterra&nbsp;(Universitat Autònoma de Barcelona, España)&nbsp;, el, 30 y 31 de enero de 2020:&nbsp; Los días 30 y 31 de enero de 2020, el Departamento de Traducción, Interpretación y Estudios de Asia Oriental de la UAB acogió la reunión de lanzamiento transnacional del proyecto. A la reunión asistieron representantes de todos los socios estratégicos. <a href="https://www.uab.cat/web/sala-de-prensa/detalle-noticia/un-proyecto-sensibilizara-sobre-la-interpretacion-por-parte-de-jovenes-y-ninos-en-el-contexto-escolar-1345667994339.html?noticiaid=1345807258402">Aquí está publicada la nota de prensa de la actividad</a> y algunas fotos:</li>
</ul>
<table border="1" cellpadding="1" cellspacing="1">
<tbody>
<tr>
<td>
<p style="text-align:center"><img loading="lazy" decoding="async" class=" size-full wp-image-78" alt="Team kick off meeting" height="209" src="https://webs.uab.cat/eylbid/wp-content/uploads/sites/160/2019/10/1tm_team.jpg" width="352" srcset="https://webs.uab.cat/eylbid/wp-content/uploads/sites/160/2019/10/1tm_team.jpg 2500w, https://webs.uab.cat/eylbid/wp-content/uploads/sites/160/2019/10/1tm_team-300x178.jpg 300w, https://webs.uab.cat/eylbid/wp-content/uploads/sites/160/2019/10/1tm_team-1024x606.jpg 1024w, https://webs.uab.cat/eylbid/wp-content/uploads/sites/160/2019/10/1tm_team-768x455.jpg 768w, https://webs.uab.cat/eylbid/wp-content/uploads/sites/160/2019/10/1tm_team-1536x909.jpg 1536w, https://webs.uab.cat/eylbid/wp-content/uploads/sites/160/2019/10/1tm_team-2048x1212.jpg 2048w, https://webs.uab.cat/eylbid/wp-content/uploads/sites/160/2019/10/1tm_team-1200x710.jpg 1200w, https://webs.uab.cat/eylbid/wp-content/uploads/sites/160/2019/10/1tm_team-1980x1172.jpg 1980w" sizes="auto, (max-width: 352px) 100vw, 352px" /></p>
</td>
<td>
<p style="text-align:center"><img loading="lazy" decoding="async" class=" size-full wp-image-84" alt="Eylbid Team working kick off meeting" height="204" src="https://webs.uab.cat/eylbid/wp-content/uploads/sites/160/2019/10/img_1862-scaled.jpg" width="271" srcset="https://webs.uab.cat/eylbid/wp-content/uploads/sites/160/2019/10/img_1862-scaled.jpg 2560w, https://webs.uab.cat/eylbid/wp-content/uploads/sites/160/2019/10/img_1862-300x225.jpg 300w, https://webs.uab.cat/eylbid/wp-content/uploads/sites/160/2019/10/img_1862-1024x768.jpg 1024w, https://webs.uab.cat/eylbid/wp-content/uploads/sites/160/2019/10/img_1862-768x576.jpg 768w, https://webs.uab.cat/eylbid/wp-content/uploads/sites/160/2019/10/img_1862-1536x1152.jpg 1536w, https://webs.uab.cat/eylbid/wp-content/uploads/sites/160/2019/10/img_1862-2048x1536.jpg 2048w, https://webs.uab.cat/eylbid/wp-content/uploads/sites/160/2019/10/img_1862-1200x900.jpg 1200w, https://webs.uab.cat/eylbid/wp-content/uploads/sites/160/2019/10/img_1862-1980x1485.jpg 1980w" sizes="auto, (max-width: 271px) 100vw, 271px" /></p>
</td>
</tr>
</tbody>
</table>
<ul>
<li><strong>Segunda reunión transnacional</strong>&nbsp;de la asociación estratégica EYLBID: online,&nbsp;18 y 19 de septiembre de 2020. Esta reunión se celebró online y asistieron representantes de todo los socios estratégicos.</li>
<li><strong>Tercera reunión transnacional </strong>de la asociación estratégica EYLBID:&nbsp;online, 5 y 25 de julio de 2021.&nbsp;</li>
<li><strong>Cuarta reunión transnacional&nbsp;</strong>de la asociación estratégica EYLBID:&nbsp;online, 27 de abril de 2022.</li>
</ul>
<div style="text-align:center">
<figure class="image" style="display:inline-block"><img loading="lazy" decoding="async" class=" size-full wp-image-90" alt="picture of the online meeting corresponding to the 4th multiplier event" height="363" src="https://webs.uab.cat/eylbid/wp-content/uploads/sites/160/2019/10/picture.png" width="566" srcset="https://webs.uab.cat/eylbid/wp-content/uploads/sites/160/2019/10/picture.png 1610w, https://webs.uab.cat/eylbid/wp-content/uploads/sites/160/2019/10/picture-300x193.png 300w, https://webs.uab.cat/eylbid/wp-content/uploads/sites/160/2019/10/picture-1024x658.png 1024w, https://webs.uab.cat/eylbid/wp-content/uploads/sites/160/2019/10/picture-768x493.png 768w, https://webs.uab.cat/eylbid/wp-content/uploads/sites/160/2019/10/picture-1536x986.png 1536w, https://webs.uab.cat/eylbid/wp-content/uploads/sites/160/2019/10/picture-1200x771.png 1200w" sizes="auto, (max-width: 566px) 100vw, 566px" /><figcaption><strong>Cuarta reunión transnacional, celebrada online el 27/04/2022</strong></figcaption></figure>
</div>
<p>&nbsp;</p>

<p>Reunión de lanzamiento de la asociación estratégica EYLBID en Bellaterra&nbsp;(Universitat Autònoma de Barcelona, España)&nbsp;, el, 30 y 31 de enero de 2020:&nbsp; Los días 30 y 31 de enero de 2020, el Departamento de Traducción, Interpretación y Estudios de Asia Oriental de la UAB acogió la reunión de lanzamiento transnacional del proyecto. A la reunión [&hellip;]</p>
