{"id":112,"date":"2016-07-22T14:12:35","date_gmt":"2016-07-22T14:12:35","guid":{"rendered":"https:\/\/webs.uab.cat\/eylbid\/inici-2\/"},"modified":"2020-05-05T15:24:13","modified_gmt":"2020-05-05T15:24:13","slug":"inici-2","status":"publish","type":"page","link":"https:\/\/webs.uab.cat\/eylbid\/fr\/","title":{"rendered":"Accueil"},"content":{"rendered":"<p class=\"rtejustify\"><img loading=\"lazy\" decoding=\"async\" class=\" size-full wp-image-29\" alt=\"ejemploera.jpg\" height=\"213\" src=\"https:\/\/webs.uab.cat\/eylbid\/wp-content\/uploads\/sites\/160\/2016\/07\/div-libre_53876-2503_0.jpg\" style=\"float:right\" width=\"320\" \/><\/p>\n<p class=\"rtejustify\">EYLBID (2020-2021) est un partenariat strat\u00e9gique form\u00e9 par cinq institutions d\u2019\u00e9ducation sup\u00e9rieure et une entreprise. Ce partenariat se centre sur l\u2019une des priorit\u00e9s horizontales de l\u2019Union Europ\u00e9enne&nbsp;: l\u2019inclusion sociale, en particulier \u00e0 travers l\u2019interpr\u00e9tariat et la m\u00e9diation linguistique et interculturelle r\u00e9alis\u00e9e par des adolescents.<\/p>\n<p class=\"rtejustify\">Les enfants et les adolescents ont un r\u00f4le important \u00e0 jouer dans les processus de migration. La scolarisation et l\u2019immersion linguistique dans la soci\u00e9t\u00e9 d\u2019arriv\u00e9e aident les enfants \u00e0 apprendre la ou les langues officielles de leurs nouveaux pays plus rapidement que leurs parents. Pour cette raison, ce sont ces jeunes bilingues qui dans les familles se chargent du travail difficile d\u2019interpr\u00e9ter et de traduire pour intervenir dans la communication entre eux et le monde ext\u00e9rieur, entre les communaut\u00e9s minoritaires et majoritaires.<\/p>\n<p class=\"rtejustify\">Le projet port\u00e9 par EYLBID met particuli\u00e8rement l\u2019accent sur la sensibilisation \u00e0 l\u2019existence de ces jeunes interpr\u00e8tes dans toute l\u2019Europe. EYLBID a pour but de rendre ce ph\u00e9nom\u00e8ne visible et d\u2019empouvoirer les jeunes interpr\u00e8tes dans le contexte scolaire. \u00c0 bien des reprises, on ne donne pas pas assez d\u2019importance et de valeur dans le contexte scolaire aux langues maternelles des enfants et des jeunes qui diff\u00e8rent des langues officielles. Ce projet contribuera \u00e0 d\u00e9velopper le respect envers la diversit\u00e9 linguistique et la richesse culturelle, et il encouragera une attitude flexible envers la diversit\u00e9 culturelle et les traditions.<\/p>\n<p class=\"rtejustify\">EYLBID a pour objectif de d\u00e9velopper des ressources qui contribuent \u00e0 promouvoir les comp\u00e9tences linguistiques, sociales et interculturelles. De plus, ces ressources seront ouvertes, de fa\u00e7on \u00e0 suivre l\u2019approche d\u2019acc\u00e8s libre promue par la Commission Europ\u00e9enne (COM2007 \/ 56, C2012 \/ 4890). La caract\u00e8re ouvert de ces ressources servira a s\u2019attaquer \u00e0 la division social et permettra une plus grande inclusivit\u00e9. Comme nous l\u2019avons mentionn\u00e9, les ressources favoriseront le d\u00e9veloppement des comp\u00e9tences sociales et interculturelles car le projet adoptera diff\u00e9rentes approches multiculturelles, multi-format et multimodales qui g\u00e9n\u00e9reront des contenus dans les langues officielles des pays participants&nbsp;: espagnol et catalan, italien, anglais et allemand. De plus, les ressources cr\u00e9\u00e9es incluront des activit\u00e9s dans les langues maternelles des jeunes \u00e9tudiants, comme la chinois, l\u2019arabe, le turc, l\u2019urdu, etc.<\/p>\n<p>Tout cela ne sera possible que gr\u00e2ce \u00e0 une combinaison de partenaires compl\u00e9mentaires qui poss\u00e8dent une longue tradition de travail dans les domaines de l\u2019immigration, l\u2019\u00e9ducation et la linguistique. L\u2019exp\u00e9rience des partenaires garantira le d\u00e9veloppement r\u00e9aliste du projet.<\/p>\n","protected":false},"excerpt":{"rendered":"<p>EYLBID (2020-2021) est un partenariat strat\u00e9gique form\u00e9 par cinq institutions d\u2019\u00e9ducation sup\u00e9rieure et une entreprise. Ce partenariat se centre sur l\u2019une des priorit\u00e9s horizontales de l\u2019Union Europ\u00e9enne&nbsp;: l\u2019inclusion sociale, en particulier \u00e0 travers l\u2019interpr\u00e9tariat et la m\u00e9diation linguistique et interculturelle r\u00e9alis\u00e9e par des adolescents. Les enfants et les adolescents ont un r\u00f4le important \u00e0 jouer [&hellip;]<\/p>\n","protected":false},"author":20,"featured_media":27,"parent":0,"menu_order":0,"comment_status":"closed","ping_status":"closed","template":"","meta":{"footnotes":""},"class_list":["post-112","page","type-page","status-publish","has-post-thumbnail","hentry"],"_links":{"self":[{"href":"https:\/\/webs.uab.cat\/eylbid\/fr\/wp-json\/wp\/v2\/pages\/112","targetHints":{"allow":["GET"]}}],"collection":[{"href":"https:\/\/webs.uab.cat\/eylbid\/fr\/wp-json\/wp\/v2\/pages"}],"about":[{"href":"https:\/\/webs.uab.cat\/eylbid\/fr\/wp-json\/wp\/v2\/types\/page"}],"author":[{"embeddable":true,"href":"https:\/\/webs.uab.cat\/eylbid\/fr\/wp-json\/wp\/v2\/users\/20"}],"replies":[{"embeddable":true,"href":"https:\/\/webs.uab.cat\/eylbid\/fr\/wp-json\/wp\/v2\/comments?post=112"}],"version-history":[{"count":0,"href":"https:\/\/webs.uab.cat\/eylbid\/fr\/wp-json\/wp\/v2\/pages\/112\/revisions"}],"wp:featuredmedia":[{"embeddable":true,"href":"https:\/\/webs.uab.cat\/eylbid\/fr\/wp-json\/wp\/v2\/media\/27"}],"wp:attachment":[{"href":"https:\/\/webs.uab.cat\/eylbid\/fr\/wp-json\/wp\/v2\/media?parent=112"}],"curies":[{"name":"wp","href":"https:\/\/api.w.org\/{rel}","templated":true}]}}

<p class="rtejustify"><img loading="lazy" decoding="async" class=" size-full wp-image-29" alt="ejemploera.jpg" height="213" src="https://webs.uab.cat/eylbid/wp-content/uploads/sites/160/2016/07/div-libre_53876-2503_0.jpg" style="float:right" width="320" /></p>
<p class="rtejustify">EYLBID (2020-2021) est un partenariat stratégique formé par cinq institutions d’éducation supérieure et une entreprise. Ce partenariat se centre sur l’une des priorités horizontales de l’Union Européenne&nbsp;: l’inclusion sociale, en particulier à travers l’interprétariat et la médiation linguistique et interculturelle réalisée par des adolescents.</p>
<p class="rtejustify">Les enfants et les adolescents ont un rôle important à jouer dans les processus de migration. La scolarisation et l’immersion linguistique dans la société d’arrivée aident les enfants à apprendre la ou les langues officielles de leurs nouveaux pays plus rapidement que leurs parents. Pour cette raison, ce sont ces jeunes bilingues qui dans les familles se chargent du travail difficile d’interpréter et de traduire pour intervenir dans la communication entre eux et le monde extérieur, entre les communautés minoritaires et majoritaires.</p>
<p class="rtejustify">Le projet porté par EYLBID met particulièrement l’accent sur la sensibilisation à l’existence de ces jeunes interprètes dans toute l’Europe. EYLBID a pour but de rendre ce phénomène visible et d’empouvoirer les jeunes interprètes dans le contexte scolaire. À bien des reprises, on ne donne pas pas assez d’importance et de valeur dans le contexte scolaire aux langues maternelles des enfants et des jeunes qui diffèrent des langues officielles. Ce projet contribuera à développer le respect envers la diversité linguistique et la richesse culturelle, et il encouragera une attitude flexible envers la diversité culturelle et les traditions.</p>
<p class="rtejustify">EYLBID a pour objectif de développer des ressources qui contribuent à promouvoir les compétences linguistiques, sociales et interculturelles. De plus, ces ressources seront ouvertes, de façon à suivre l’approche d’accès libre promue par la Commission Européenne (COM2007 / 56, C2012 / 4890). La caractère ouvert de ces ressources servira a s’attaquer à la division social et permettra une plus grande inclusivité. Comme nous l’avons mentionné, les ressources favoriseront le développement des compétences sociales et interculturelles car le projet adoptera différentes approches multiculturelles, multi-format et multimodales qui généreront des contenus dans les langues officielles des pays participants&nbsp;: espagnol et catalan, italien, anglais et allemand. De plus, les ressources créées incluront des activités dans les langues maternelles des jeunes étudiants, comme la chinois, l’arabe, le turc, l’urdu, etc.</p>
<p>Tout cela ne sera possible que grâce à une combinaison de partenaires complémentaires qui possèdent une longue tradition de travail dans les domaines de l’immigration, l’éducation et la linguistique. L’expérience des partenaires garantira le développement réaliste du projet.</p>

<p>EYLBID (2020-2021) est un partenariat stratégique formé par cinq institutions d’éducation supérieure et une entreprise. Ce partenariat se centre sur l’une des priorités horizontales de l’Union Européenne&nbsp;: l’inclusion sociale, en particulier à travers l’interprétariat et la médiation linguistique et interculturelle réalisée par des adolescents. Les enfants et les adolescents ont un rôle important à jouer [&hellip;]</p>
