{"id":114,"date":"2020-05-05T16:58:26","date_gmt":"2020-05-05T16:58:26","guid":{"rendered":"https:\/\/webs.uab.cat\/eylbid\/objectifs\/"},"modified":"2020-05-05T16:58:26","modified_gmt":"2020-05-05T16:58:26","slug":"objectifs","status":"publish","type":"page","link":"https:\/\/webs.uab.cat\/eylbid\/fr\/objectifs\/","title":{"rendered":"Objectifs"},"content":{"rendered":"<p>Le projet a trois objectifs principaux&nbsp;: (1) arriver \u00e0 une meilleure compr\u00e9hension de l\u2019interm\u00e9diation linguistique faite par des mineurs dans toute l\u2019Europe, (2) proposer un ensemble de recommandations pour l\u2019interm\u00e9diation linguistique faite par des mineurs en Europe, (3) \u00e9laborer des activit\u00e9s en lien avec l\u2019interm\u00e9diation linguistique pour les inclure dans les programmes d\u2019\u00e9tudes des centres d\u2019\u00e9ducation secondaire.<\/p>\n<p>Ces objectifs g\u00e9n\u00e9raux d\u00e9bouchent sur les objectifs sp\u00e9cifiques suivants&nbsp;:<\/p>\n<ol style=\"list-style-type:lower-alpha;\">\n<li>Empouvoirer les enfants et les adolescents dans leurs nouvelles soci\u00e9t\u00e9s \u00e0 travers la revalorisation des langues d&rsquo;h\u00e9ritage.<\/li>\n<li>Promouvoir la diversit\u00e9 linguistique et culturelle dans les centres d\u2019\u00e9ducation secondaire \u00e0 travers des exemples de bonnes pratiques d\u2019interpr\u00e9tariat dans les services publics.<\/li>\n<li>Sensibiliser aux risques de cette pratique au-del\u00e0 de la communication, pour mener \u00e0 bien des t\u00e2ches bureaucratiques mineures.<\/li>\n<li>Sensibiliser les jeunes \u00e0 la valeur et l\u2019importance qu\u2019a actuellement le multilinguisme en Europe.<\/li>\n<li>Diffuser de nouvelles approches pour que les \u00e9tudiants avec le moins d&rsquo;opportunit\u00e9s (\u00e0 cause des diff\u00e9rences culturelles) participent aux activit\u00e9s en cours.<\/li>\n<li>Pr\u00e9senter la profession d\u2019interpr\u00e8te et ses modalit\u00e9s aux jeunes \u00e9tudiants qui poss\u00e8dent d\u00e9j\u00e0 un niveau de comp\u00e9tences \u00e9lev\u00e9 dans deux langues ou plus, ainsi qu\u2019\u00e0 leurs parents et tuteurs.<\/li>\n<li>Cr\u00e9er des ressources p\u00e9dagogiques ouvertes et flexibles qui puissent \u00eatre utilis\u00e9es dans diff\u00e9rents domaines d\u2019apprentissage.<\/li>\n<li>Am\u00e9liorer la coh\u00e9sion sociale des adolescents d\u2019origine immigr\u00e9e.<\/li>\n<\/ol>\n","protected":false},"excerpt":{"rendered":"<p>Le projet a trois objectifs principaux&nbsp;: (1) arriver \u00e0 une meilleure compr\u00e9hension de l\u2019interm\u00e9diation linguistique faite par des mineurs dans toute l\u2019Europe, (2) proposer un ensemble de recommandations pour l\u2019interm\u00e9diation linguistique faite par des mineurs en Europe, (3) \u00e9laborer des activit\u00e9s en lien avec l\u2019interm\u00e9diation linguistique pour les inclure dans les programmes d\u2019\u00e9tudes des centres [&hellip;]<\/p>\n","protected":false},"author":20,"featured_media":0,"parent":0,"menu_order":0,"comment_status":"closed","ping_status":"closed","template":"","meta":{"footnotes":""},"class_list":["post-114","page","type-page","status-publish","hentry"],"_links":{"self":[{"href":"https:\/\/webs.uab.cat\/eylbid\/fr\/wp-json\/wp\/v2\/pages\/114","targetHints":{"allow":["GET"]}}],"collection":[{"href":"https:\/\/webs.uab.cat\/eylbid\/fr\/wp-json\/wp\/v2\/pages"}],"about":[{"href":"https:\/\/webs.uab.cat\/eylbid\/fr\/wp-json\/wp\/v2\/types\/page"}],"author":[{"embeddable":true,"href":"https:\/\/webs.uab.cat\/eylbid\/fr\/wp-json\/wp\/v2\/users\/20"}],"replies":[{"embeddable":true,"href":"https:\/\/webs.uab.cat\/eylbid\/fr\/wp-json\/wp\/v2\/comments?post=114"}],"version-history":[{"count":0,"href":"https:\/\/webs.uab.cat\/eylbid\/fr\/wp-json\/wp\/v2\/pages\/114\/revisions"}],"wp:attachment":[{"href":"https:\/\/webs.uab.cat\/eylbid\/fr\/wp-json\/wp\/v2\/media?parent=114"}],"curies":[{"name":"wp","href":"https:\/\/api.w.org\/{rel}","templated":true}]}}

<p>Le projet a trois objectifs principaux&nbsp;: (1) arriver à une meilleure compréhension de l’intermédiation linguistique faite par des mineurs dans toute l’Europe, (2) proposer un ensemble de recommandations pour l’intermédiation linguistique faite par des mineurs en Europe, (3) élaborer des activités en lien avec l’intermédiation linguistique pour les inclure dans les programmes d’études des centres d’éducation secondaire.</p>
<p>Ces objectifs généraux débouchent sur les objectifs spécifiques suivants&nbsp;:</p>
<ol style="list-style-type:lower-alpha;">
<li>Empouvoirer les enfants et les adolescents dans leurs nouvelles sociétés à travers la revalorisation des langues d&rsquo;héritage.</li>
<li>Promouvoir la diversité linguistique et culturelle dans les centres d’éducation secondaire à travers des exemples de bonnes pratiques d’interprétariat dans les services publics.</li>
<li>Sensibiliser aux risques de cette pratique au-delà de la communication, pour mener à bien des tâches bureaucratiques mineures.</li>
<li>Sensibiliser les jeunes à la valeur et l’importance qu’a actuellement le multilinguisme en Europe.</li>
<li>Diffuser de nouvelles approches pour que les étudiants avec le moins d&rsquo;opportunités (à cause des différences culturelles) participent aux activités en cours.</li>
<li>Présenter la profession d’interprète et ses modalités aux jeunes étudiants qui possèdent déjà un niveau de compétences élevé dans deux langues ou plus, ainsi qu’à leurs parents et tuteurs.</li>
<li>Créer des ressources pédagogiques ouvertes et flexibles qui puissent être utilisées dans différents domaines d’apprentissage.</li>
<li>Améliorer la cohésion sociale des adolescents d’origine immigrée.</li>
</ol>

<p>Le projet a trois objectifs principaux&nbsp;: (1) arriver à une meilleure compréhension de l’intermédiation linguistique faite par des mineurs dans toute l’Europe, (2) proposer un ensemble de recommandations pour l’intermédiation linguistique faite par des mineurs en Europe, (3) élaborer des activités en lien avec l’intermédiation linguistique pour les inclure dans les programmes d’études des centres [&hellip;]</p>
