{"id":226,"date":"2022-05-03T19:39:02","date_gmt":"2022-05-03T19:39:02","guid":{"rendered":"https:\/\/webs.uab.cat\/eylbid\/jornades\/"},"modified":"2022-05-03T19:43:49","modified_gmt":"2022-05-03T19:43:49","slug":"jornades","status":"publish","type":"page","link":"https:\/\/webs.uab.cat\/eylbid\/jornades\/","title":{"rendered":"Jornades"},"content":{"rendered":"<p style=\"text-align:center\"><img loading=\"lazy\" decoding=\"async\" class=\" size-full wp-image-195\" alt=\"Poster with a summary of key dates\" height=\"800\" src=\"https:\/\/webs.uab.cat\/eylbid\/wp-content\/uploads\/sites\/160\/2022\/05\/poster_web_0.png\" width=\"566\" srcset=\"https:\/\/webs.uab.cat\/eylbid\/wp-content\/uploads\/sites\/160\/2022\/05\/poster_web_0.png 723w, https:\/\/webs.uab.cat\/eylbid\/wp-content\/uploads\/sites\/160\/2022\/05\/poster_web_0-212x300.png 212w\" sizes=\"auto, (max-width: 566px) 100vw, 566px\" \/><\/p>\n<p>&nbsp;<\/p>\n<p>El consorci ha organitzat les seg\u00fcents activitats i jornades de disseminaci\u00f3 dels resultats del projecte:<\/p>\n<ul>\n<li><strong>16 de maig de 2022:&nbsp;<\/strong><a href=\"https:\/\/webs.uab.cat\/eylbid\/wp-content\/uploads\/sites\/160\/2022\/05\/einladung_eylbid-schueler_innen_als_sprachmittler_innen.pdf\">Sch\u00fcler*innen als Sprachmittler*innen<\/a>. Vorstellung von Lehrmaterialinen zur F\u00f6rderung Sprachlicher und Kultureller Vielfalt im Klasszimmer. online Veranstaltung f\u00fcr Lehrer*innen der Sekundarstufe I-II und weitere Interessierte. Leibniz Universit\u00e4t Hannover.&nbsp;<\/li>\n<li><strong>18 de maig de 2022:&nbsp;<\/strong><a href=\"https:\/\/webs.uab.cat\/eylbid\/wp-content\/uploads\/sites\/160\/2022\/05\/en_info_unibo.pdf\">Child Language Brokering &#8211; Multilinguismo e multiculturalismo a scuola<\/a>. Online (Zoom Meeting). Universit\u00e0 di Bologna.&nbsp;<\/li>\n<li><strong>23 de juny de 2022:&nbsp;<\/strong><a href=\"https:\/\/webs.uab.cat\/eylbid\/wp-content\/uploads\/sites\/160\/2022\/05\/eylbid_multilingualism_eal_and_child_language_brokering.pdf\">Child Language Brokering &#8211; Multilingualism and Multiculturalism at school<\/a>.&nbsp;Jornada organitzada per la University of Northampton.&nbsp;<\/li>\n<li><strong>27 de juny de 2022: <\/strong><a href=\"https:\/\/webs.uab.cat\/eylbid\/wp-content\/uploads\/sites\/160\/2022\/05\/programa_jornada_ilm_27_6.pdf\">Joves int\u00e8rprets: La intermediaci\u00f3 ling\u00fc\u00edstica com a eina d&#8217;inclusi\u00f3 en la diversitat<\/a>. Presencial. Aula 004, Facultat de Traducci\u00f3 i Interpretaci\u00f3. Universitat Aut\u00f2noma de Barcelona.&nbsp;<\/li>\n<\/ul>\n","protected":false},"excerpt":{"rendered":"<p>&nbsp; El consorci ha organitzat les seg\u00fcents activitats i jornades de disseminaci\u00f3 dels resultats del projecte: 16 de maig de 2022:&nbsp;Sch\u00fcler*innen als Sprachmittler*innen. Vorstellung von Lehrmaterialinen zur F\u00f6rderung Sprachlicher und Kultureller Vielfalt im Klasszimmer. online Veranstaltung f\u00fcr Lehrer*innen der Sekundarstufe I-II und weitere Interessierte. Leibniz Universit\u00e4t Hannover.&nbsp; 18 de maig de 2022:&nbsp;Child Language Brokering &#8211; [&hellip;]<\/p>\n","protected":false},"author":20,"featured_media":0,"parent":0,"menu_order":0,"comment_status":"closed","ping_status":"closed","template":"","meta":{"footnotes":""},"class_list":["post-226","page","type-page","status-publish","hentry"],"_links":{"self":[{"href":"https:\/\/webs.uab.cat\/eylbid\/wp-json\/wp\/v2\/pages\/226","targetHints":{"allow":["GET"]}}],"collection":[{"href":"https:\/\/webs.uab.cat\/eylbid\/wp-json\/wp\/v2\/pages"}],"about":[{"href":"https:\/\/webs.uab.cat\/eylbid\/wp-json\/wp\/v2\/types\/page"}],"author":[{"embeddable":true,"href":"https:\/\/webs.uab.cat\/eylbid\/wp-json\/wp\/v2\/users\/20"}],"replies":[{"embeddable":true,"href":"https:\/\/webs.uab.cat\/eylbid\/wp-json\/wp\/v2\/comments?post=226"}],"version-history":[{"count":0,"href":"https:\/\/webs.uab.cat\/eylbid\/wp-json\/wp\/v2\/pages\/226\/revisions"}],"wp:attachment":[{"href":"https:\/\/webs.uab.cat\/eylbid\/wp-json\/wp\/v2\/media?parent=226"}],"curies":[{"name":"wp","href":"https:\/\/api.w.org\/{rel}","templated":true}]}}