{"id":263,"date":"2022-03-18T17:52:53","date_gmt":"2022-03-18T17:52:53","guid":{"rendered":"https:\/\/webs.uab.cat\/eylbid\/manual-docents\/"},"modified":"2022-12-06T18:59:25","modified_gmt":"2022-12-06T18:59:25","slug":"manual-docents","status":"publish","type":"page","link":"https:\/\/webs.uab.cat\/eylbid\/manual-docents\/","title":{"rendered":"Manual per a docents"},"content":{"rendered":"<div class=\"wp-block-image\">\n<figure class=\"aligncenter size-full is-resized\"><a href=\"https:\/\/ddd.uab.cat\/record\/265552\"><img loading=\"lazy\" decoding=\"async\" src=\"https:\/\/webs.uab.cat\/eylbid\/wp-content\/uploads\/sites\/160\/2022\/05\/coberta_ca.png\" alt=\"A teacher's book with classroom activities for secondary education&quot;, edited by Mireia Vargas-Urp\u00ed and Marta Arum\u00ed\" class=\"wp-image-257\" width=\"492\" height=\"700\" srcset=\"https:\/\/webs.uab.cat\/eylbid\/wp-content\/uploads\/sites\/160\/2022\/05\/coberta_ca.png 600w, https:\/\/webs.uab.cat\/eylbid\/wp-content\/uploads\/sites\/160\/2022\/05\/coberta_ca-211x300.png 211w\" sizes=\"auto, (max-width: 492px) 100vw, 492px\" \/><\/a><figcaption><strong>Versions en altres lleng\u00fces:<\/strong><\/figcaption><\/figure>\n<\/div>\n\n\n<ul class=\"wp-block-list\"><li>Alemany: <a href=\"https:\/\/ddd.uab.cat\/search?f=title&amp;p=Inklusion%2C%20Diversit%C3%A4t%20und%20Interkulturelle%20Kommunikation%20Ein%20Lehrer%20innenhandbuch%20mit%20Aktivit%C3%A4ten%20f%C3%BCr%20den%20Unterricht%20f%C3%BCr%20die%20Sekundarstufe&amp;sc=1&amp;ln=ca\">Inklusion, Diversit\u00e4t und Interkulturelle Kommunikation. Ein Lehrer:innenhandbuch mit Aktivit\u00e4ten f\u00fcr den Unterricht f\u00fcr die Sekundarstufe<\/a><\/li><li>Angl\u00e8s: <a href=\"https:\/\/ddd.uab.cat\/search?f=title&amp;p=Inclusion%2C%20Diversity%20and%20Communication%20Across%20Cultures%20A%20Teacher%27s%20Book%20with%20Classroom%20Activities%20for%20Secondary%20Education&amp;sc=1&amp;ln=ca\">Inclusion, Diversity and Communication Across Cultures: A Teacher&#8217;s Book with Classroom Activities for Secondary Education<\/a><\/li><li>Castell\u00e0: <a href=\"https:\/\/ddd.uab.cat\/search?f=title&amp;p=Inclusi%C3%B3n%2C%20diversidad%20y%20comunicaci%C3%B3n%20entre%20culturas%20Manual%20para%20docentes%20con%20actividades%20para%20realizar%20en%20clase%20con%20el%20alumnado%20de%20secundaria&amp;sc=1&amp;ln=ca\">Inclusi\u00f3n, diversidad y comunicaci\u00f3n entre culturas: Manual para docentes con actividades para realizar en clase con el alumnado de secundaria<\/a><\/li><li>Itali\u00e0: <a href=\"https:\/\/ddd.uab.cat\/search?f=title&amp;p=Inclusione%2C%20diversit%C3%A0%20e%20comunicazione%20tra%20culture%20Manuale%20per%20insegnanti%20con%20attivit%C3%A0%20didattiche%20per%20le%20scuole%20superiori&amp;sc=1&amp;ln=ca\">Inclusione, diversit\u00e0 e comunicazione tra culture. Manuale per insegnanti con attivit\u00e0 didattiche per le scuole superiori<\/a><\/li><\/ul>\n\n\n\n<p>&nbsp; <\/p>\n\n\n\n<div class=\"wp-block-columns is-layout-flex wp-container-core-columns-is-layout-9d6595d7 wp-block-columns-is-layout-flex\">\n<div class=\"wp-block-column is-layout-flow wp-block-column-is-layout-flow\"><div class=\"wp-block-image\">\n<figure class=\"aligncenter\"><a href=\"https:\/\/webs.uab.cat\/eylbid\/manual-docents\/activitats-descarregables\/\"><img loading=\"lazy\" decoding=\"async\" width=\"512\" height=\"512\" src=\"https:\/\/webs.uab.cat\/eylbid\/wp-content\/uploads\/sites\/160\/2022\/03\/activities_0.png\" alt=\"\" class=\"wp-image-143\" srcset=\"https:\/\/webs.uab.cat\/eylbid\/wp-content\/uploads\/sites\/160\/2022\/03\/activities_0.png 512w, https:\/\/webs.uab.cat\/eylbid\/wp-content\/uploads\/sites\/160\/2022\/03\/activities_0-300x300.png 300w, https:\/\/webs.uab.cat\/eylbid\/wp-content\/uploads\/sites\/160\/2022\/03\/activities_0-150x150.png 150w\" sizes=\"auto, (max-width: 512px) 100vw, 512px\" \/><\/a><figcaption>Activitats descarregables<\/figcaption><\/figure>\n<\/div><\/div>\n\n\n\n<div class=\"wp-block-column is-layout-flow wp-block-column-is-layout-flow\"><div class=\"wp-block-image\">\n<figure class=\"aligncenter\"><a href=\"https:\/\/webs.uab.cat\/eylbid\/banc-de-recursos\/\"><img loading=\"lazy\" decoding=\"async\" width=\"512\" height=\"512\" src=\"https:\/\/webs.uab.cat\/eylbid\/wp-content\/uploads\/sites\/160\/2022\/03\/resource_bank.png\" alt=\"resource bank folder\" class=\"wp-image-149\" srcset=\"https:\/\/webs.uab.cat\/eylbid\/wp-content\/uploads\/sites\/160\/2022\/03\/resource_bank.png 512w, https:\/\/webs.uab.cat\/eylbid\/wp-content\/uploads\/sites\/160\/2022\/03\/resource_bank-300x300.png 300w, https:\/\/webs.uab.cat\/eylbid\/wp-content\/uploads\/sites\/160\/2022\/03\/resource_bank-150x150.png 150w\" sizes=\"auto, (max-width: 512px) 100vw, 512px\" \/><\/a><figcaption>Banc de recursos<\/figcaption><\/figure>\n<\/div><\/div>\n<\/div>\n\n\n\n<p>Si feu servir el Manual per a docents o els recursos, agrairem molt si ens podeu fer arribar la vostra opini\u00f3. Si us plau, contesteu la nostra enquesta de <a href=\"https:\/\/forms.office.com\/r\/w6bWp6fS6r\">satisfacci\u00f3<\/a>, nom\u00e9s us dur\u00e0 uns minuts!\u00a0<\/p>\n\n\n\n<p>&nbsp;<\/p>\n","protected":false},"excerpt":{"rendered":"<p>Alemany: Inklusion, Diversit\u00e4t und Interkulturelle Kommunikation. Ein Lehrer:innenhandbuch mit Aktivit\u00e4ten f\u00fcr den Unterricht f\u00fcr die Sekundarstufe Angl\u00e8s: Inclusion, Diversity and Communication Across Cultures: A Teacher&#8217;s Book with Classroom Activities for Secondary Education Castell\u00e0: Inclusi\u00f3n, diversidad y comunicaci\u00f3n entre culturas: Manual para docentes con actividades para realizar en clase con el alumnado de secundaria Itali\u00e0: Inclusione, [&hellip;]<\/p>\n","protected":false},"author":20,"featured_media":0,"parent":0,"menu_order":0,"comment_status":"closed","ping_status":"closed","template":"","meta":{"footnotes":""},"class_list":["post-263","page","type-page","status-publish","hentry"],"_links":{"self":[{"href":"https:\/\/webs.uab.cat\/eylbid\/wp-json\/wp\/v2\/pages\/263","targetHints":{"allow":["GET"]}}],"collection":[{"href":"https:\/\/webs.uab.cat\/eylbid\/wp-json\/wp\/v2\/pages"}],"about":[{"href":"https:\/\/webs.uab.cat\/eylbid\/wp-json\/wp\/v2\/types\/page"}],"author":[{"embeddable":true,"href":"https:\/\/webs.uab.cat\/eylbid\/wp-json\/wp\/v2\/users\/20"}],"replies":[{"embeddable":true,"href":"https:\/\/webs.uab.cat\/eylbid\/wp-json\/wp\/v2\/comments?post=263"}],"version-history":[{"count":9,"href":"https:\/\/webs.uab.cat\/eylbid\/wp-json\/wp\/v2\/pages\/263\/revisions"}],"predecessor-version":[{"id":898,"href":"https:\/\/webs.uab.cat\/eylbid\/wp-json\/wp\/v2\/pages\/263\/revisions\/898"}],"wp:attachment":[{"href":"https:\/\/webs.uab.cat\/eylbid\/wp-json\/wp\/v2\/media?parent=263"}],"curies":[{"name":"wp","href":"https:\/\/api.w.org\/{rel}","templated":true}]}}