{"id":12,"date":"2023-03-23T01:08:56","date_gmt":"2023-03-22T23:08:56","guid":{"rendered":"https:\/\/webs.uab.cat\/fairleave\/?page_id=12"},"modified":"2025-01-08T12:43:12","modified_gmt":"2025-01-08T10:43:12","slug":"events-and-conferences","status":"publish","type":"page","link":"https:\/\/webs.uab.cat\/fairleave\/events-and-conferences\/","title":{"rendered":"Events and Conferences"},"content":{"rendered":"\n<div style=\"height:10px\" aria-hidden=\"true\" class=\"wp-block-spacer\"><\/div>\n\n\n\n<p><strong>Seminars<\/strong><\/p>\n\n\n\n<p>Open Seminar \u201cPaternity Leave \u2013 Latte Papa or NASCAR Dads?\u201d by&nbsp; Stephan K\u00f6ppe,&nbsp;<br>(University College Dublin, School of Social Policy, Social Work and Social Justice) held on 03\/05\/23 at IGOP (UAB). Link: <a href=\"https:\/\/igop.uab.cat\/2024\/11\/18\/cicle-de-seminaris-oberts-igop\/\" target=\"_blank\" rel=\"noreferrer noopener\">https:\/\/igop.uab.cat\/2024\/11\/18\/cicle-de-seminaris-oberts-igop\/<\/a>&nbsp;<\/p>\n\n\n\n<p>Open Seminar \u201cParental leave and day-care policy, take-up consequences and changing normative beliefs: Evidence from two survey experiments\u201d by Pia Schrober, (University of T\u00fcbingen) held on 01\/02\/2024 at IGOP (UAB). Link: https:\/\/igop.uab.cat\/2024\/01\/24\/open-seminar-parental-leave-and-day-care-policy\/&nbsp;<\/p>\n\n\n\n<p>Open Seminar \u201c\u00bfPremio o penalizaci\u00f3n por paternidad? El impacto del nacimiento de los hijos en los salarios de los hombres en Espa\u00f1a desde un enfoque interseccional\u201d by Irene Lapuerta (Universidad P\u00fablica de Navarra) held on 19\/02\/2025 at IGOP (UAB). Link: <a href=\"https:\/\/igop.uab.cat\/2024\/11\/18\/cicle-de-seminaris-oberts-igop\/\" target=\"_blank\" rel=\"noreferrer noopener\">https:\/\/igop.uab.cat\/2024\/11\/18\/cicle-de-seminaris-oberts-igop\/<\/a>&nbsp;&nbsp;<\/p>\n\n\n\n<p>Open seminar \u201cParenting Leaves and Inequalities: Lessons learned and Future Challenges\u201d by Professor Ivana Dobrotic (University of Zagreb) held on 9\/2\/2023 at IGOP (UAB). Link: https:\/\/igop.uab.cat\/es\/2023\/02\/09\/open-seminar-parenting-leaves-and-inequalities-lessons-learned-and-future-challenges\/<\/p>\n\n\n\n<p><strong>Conferences<\/strong><\/p>\n\n\n\n<p>Dobrotic, I. &amp; Le\u00f3n, M. (July 2025). \u201cFamily Policy, Gender and Intersecting Inequalities.\u201d To be presented at the 5th ISA Forum of Sociology in Rabat, Morocco.&nbsp; Link: <a href=\"https:\/\/isaconf.confex.com\/isaconf\/forum2025\/webprogrampreliminary\/Session21762.html\" target=\"_blank\" rel=\"noreferrer noopener\">https:\/\/isaconf.confex.com\/isaconf\/forum2025\/webprogrampreliminary\/Session21762.html<\/a>&nbsp;&nbsp;<\/p>\n\n\n\n<p>Gonz\u00e1lez, S. &amp; Marinova, D. M. (September 2024). \u201cEqual Leave, Equal Division of Care Work? Evidence from the 2021 Reform of Equal and Non-Transferable Birth Permits in Spain.\u201d Presented at the annual meetings of the European Consortium for Sociological Research in Barcelona.&nbsp;&nbsp;&nbsp;<\/p>\n\n\n\n<p>Marinova, D. M. &amp; Le\u00f3n, M. (July 2024). \u201cGenerous paternity leave in a segmented labor market: A cautionary tale of paternity leave take-up in Spain.\u201d Presented at the biannual European Conference on Politics and Gender in Ghent, Belgium. Link: <a href=\"https:\/\/ecpr.eu\/Events\/253\" target=\"_blank\" rel=\"noreferrer noopener\">https:\/\/ecpr.eu\/Events\/253<\/a>&nbsp;&nbsp;<\/p>\n\n\n\n<p>Bell\u00f3n, P. M (July 2024). \u201cEqual Leave, Solo Impact: When Equal, Non-Transferable Paternity Leave Reduces the Motherhood Penalty in Spain.\u201d Presented at the European Conference on Politics and Gender in Ghent, Belgium.&nbsp; Link: <a href=\"https:\/\/ecpr.eu\/Events\/253\" target=\"_blank\" rel=\"noreferrer noopener\">https:\/\/ecpr.eu\/Events\/253<\/a>&nbsp;<\/p>\n\n\n\n<p>Bell\u00f3n, P. M (June 2024). \u201cUnderstanding Work-Life Balance: Content Analysis of Open-Ended Responses from Newborns\u2019 Parents in Spain.\u201d Presented at Spring School, Milan, Italy. Link: <a href=\"https:\/\/www.transforming-care.net\/spring-school-researching-care-and-care-policy-in-europe\/\" target=\"_blank\" rel=\"noreferrer noopener\">https:\/\/www.transforming-care.net\/spring-school-researching-care-and-care-policy-in-europe\/<\/a> &nbsp;<\/p>\n\n\n\n<p>Marinova, D. M. &amp; Le\u00f3n, M. (June 2024). \u201cGenerous paternity leave in a segmented labor market: A cautionary tale of paternity leave take-up in Spain.\u201d Presented at the annual meetings of the Society for the Advancement of Socio-Economics in Limerick, Ireland. Link: <a href=\"https:\/\/sase.org\/event\/2024-limerick\/\" target=\"_blank\" rel=\"noreferrer noopener\">https:\/\/sase.org\/event\/2024-limerick\/<\/a> &nbsp;<\/p>\n\n\n\n<p>Bell\u00f3n, P. M (June 2024). \u201cUnderstanding Work-Life Balance: Content Analysis of Open-Ended Responses from Newborns\u2019 Parents in Spain.\u201d Presented at SASE Annual Meeting at Limerick University, Limerick, Ireland. Link: <a href=\"https:\/\/sase.org\/event\/2024-limerick\/\" target=\"_blank\" rel=\"noreferrer noopener\">https:\/\/sase.org\/event\/2024-limerick\/<\/a> &nbsp;<\/p>\n\n\n\n<p>Bell\u00f3n, P. M. &amp; Marinova, D. M. (July 2023). \u201cClosing the gender gap? The labor market effects of the 2021 paternity leave reform in Spain.\u201d Presented at the annual meetings of Red Espa\u00f1ola de Pol\u00edtica Social (REPS) in Mallorca and VIII Congreso Catal\u00e1n Internacional de Sociolog\u00eda in Barcelona, Spain.&nbsp;&nbsp;<\/p>\n\n\n\n<p>Ca\u00f1ero, J. &amp; Marinova, D. M. (July 2023). \u201cActitudes hacia la igualdad e intransferibilidad de los permisos por nacimiento en Espa\u00f1a.\u201d Presented at the annual meetings of Red Espa\u00f1ola de Pol\u00edtica Social (REPS) in Mallorca and VIII Congreso Catal\u00e1n Internacional de Sociolog\u00eda in Barcelona, Spain.&nbsp;&nbsp;<\/p>\n\n\n\n<p>Marinova, D. M. &amp; Le\u00f3n, M. (March 2023). \u201cDesigualdad en el acceso a la paternidad? La ampliaci\u00f3n de los permisos de paternidad en Espa\u00f1a.\u201d Presented at VIII Congreso Econom\u00eda Feminista in Barcelona, Spain.&nbsp; Link: <a href=\"https:\/\/symposium.uoc.edu\/84715\/detail\/viii-congreso-de-economia-feminista.html\" target=\"_blank\" rel=\"noreferrer noopener\">https:\/\/symposium.uoc.edu\/84715\/detail\/viii-congreso-de-economia-feminista.html<\/a> &nbsp;<\/p>\n\n\n\n<p>Marinova, D. M. &amp; Le\u00f3n, M. (July 2023). \u201cLeave take-up among Spanish moms and dads after the extension of paternity leave: The effects of economic and labor market inequalities.\u201d Presented at the VIII Congreso Catal\u00e1n Internacional de Sociolog\u00eda in Barcelona, Spain. Link: <a href=\"https:\/\/8ccis.iec.cat\/index.html\" target=\"_blank\" rel=\"noreferrer noopener\">https:\/\/8ccis.iec.cat\/index.html<\/a> &nbsp;<\/p>\n\n\n\n<p>Marinova, D. M. &amp; Le\u00f3n, M. (October 2023). \u201cGenerous paternity leave in a segmented labor market: A cautionary tale of paternity leave take-up in Spain.\u201d Presented at 1\u00aa Sesi\u00f3n del Grupo Permanente de G\u00e9nero y Pol\u00edtica, University of Deusto, Bilbao, Spain. Link: <a href=\"https:\/\/agenda.deusto.es\/genero-y-politica-1a-sesion-del-grupo-permanente-genero-y-politica-de-la-asociacion-espanola-de-ciencia-politica-y-de-la-administracion\/\" target=\"_blank\" rel=\"noreferrer noopener\">https:\/\/agenda.deusto.es\/genero-y-politica-1a-sesion-del-grupo-permanente-genero-y-politica-de-la-asociacion-espanola-de-ciencia-politica-y-de-la-administracion\/<\/a><\/p>\n\n\n\n<p>Preliminary results from the project were presented at the conference organized by the Ministry of Equality of Spain, &#8220;International Feminist Meeting&#8221;, held on 02\/25\/2023 at the Complutense University of Madrid by the project researcher, Julia Ca\u00f1ero Ruiz. Link to the talk (en el minuto 1:10: <a href=\"https:\/\/www.youtube.com\/watch?v=tjbpORl1RXI&amp;list=PLMXzkNaN1GD1CtO-wF36VprzCZDwdBBVg&amp;index=17\" target=\"_blank\" rel=\"noreferrer noopener\">https:\/\/www.youtube.com\/watch?v=tjbpORl1RXI&amp;list=PLMXzkNaN1GD1CtO-wF36VprzCZDwdBBVg&amp;index=17<\/a>) Link to the conference program: <a href=\"https:\/\/eif2023.es\/\">https:\/\/eif2023.es\/<\/a><\/p>\n\n\n\n<p>Our project was a \u201cfeatured grant\u201d on the web and social media of the National Research Agency (Agencia Estatal de Investigaci\u00f3n) on 8\/3\/2023. Link to the website: <a href=\"https:\/\/www.aei.gob.es\/en\/awarded-grants\/featured-grants\/proyecto-idi-2020-generacion-conocimiento-bajas-paternidad-largas\" target=\"_blank\" rel=\"noreferrer noopener\">https:\/\/www.aei.gob.es\/en\/awarded-grants\/featured-grants\/proyecto-idi-2020-generacion-conocimiento-bajas-paternidad-largas<\/a> <\/p>\n\n\n\n<p>Danislava Marinova presented a research paper titled \u201cDesigualdades en el acceso a la paternidad? La ampliaci\u00f3n de los permisos de paternidad\u201d (Inequalities in access to paternity leave? The extensi\u00f3n of paternity leave entitlements in Spain) at the VIII Congreso Econom\u00eda Feminista held on March 16-18<sup>th<\/sup> 2023 at Barcelona, Spain. Link to conference program: <a href=\"https:\/\/drive.google.com\/file\/d\/1R0J0jIhX7jYO1jh8cvhqzau_EQRCQjRw\/view\" target=\"_blank\" rel=\"noreferrer noopener\">Congreso EcoFem 2023 Sesiones paralelas.pdf &#8211; Google Drive<\/a><\/p>\n","protected":false},"excerpt":{"rendered":"<p>Seminars Open Seminar \u201cPaternity Leave \u2013 Latte Papa or NASCAR Dads?\u201d by&nbsp; Stephan K\u00f6ppe,&nbsp;(University College Dublin, School of Social Policy, Social Work and Social Justice) held on 03\/05\/23 at IGOP (UAB). Link: https:\/\/igop.uab.cat\/2024\/11\/18\/cicle-de-seminaris-oberts-igop\/&nbsp; Open Seminar \u201cParental leave and day-care policy, take-up consequences and changing normative beliefs: Evidence from two survey experiments\u201d by Pia Schrober, (University [&hellip;]<\/p>\n","protected":false},"author":34,"featured_media":0,"parent":0,"menu_order":0,"comment_status":"closed","ping_status":"closed","template":"","meta":{"footnotes":""},"class_list":["post-12","page","type-page","status-publish","hentry"],"_links":{"self":[{"href":"https:\/\/webs.uab.cat\/fairleave\/wp-json\/wp\/v2\/pages\/12","targetHints":{"allow":["GET"]}}],"collection":[{"href":"https:\/\/webs.uab.cat\/fairleave\/wp-json\/wp\/v2\/pages"}],"about":[{"href":"https:\/\/webs.uab.cat\/fairleave\/wp-json\/wp\/v2\/types\/page"}],"author":[{"embeddable":true,"href":"https:\/\/webs.uab.cat\/fairleave\/wp-json\/wp\/v2\/users\/34"}],"replies":[{"embeddable":true,"href":"https:\/\/webs.uab.cat\/fairleave\/wp-json\/wp\/v2\/comments?post=12"}],"version-history":[{"count":5,"href":"https:\/\/webs.uab.cat\/fairleave\/wp-json\/wp\/v2\/pages\/12\/revisions"}],"predecessor-version":[{"id":134,"href":"https:\/\/webs.uab.cat\/fairleave\/wp-json\/wp\/v2\/pages\/12\/revisions\/134"}],"wp:attachment":[{"href":"https:\/\/webs.uab.cat\/fairleave\/wp-json\/wp\/v2\/media?parent=12"}],"curies":[{"name":"wp","href":"https:\/\/api.w.org\/{rel}","templated":true}]}}

<div style="height:10px" aria-hidden="true" class="wp-block-spacer"></div>



<p><strong>Seminars</strong></p>



<p>Open Seminar “Paternity Leave – Latte Papa or NASCAR Dads?” by&nbsp; Stephan Köppe,&nbsp;<br>(University College Dublin, School of Social Policy, Social Work and Social Justice) held on 03/05/23 at IGOP (UAB). Link: <a href="https://igop.uab.cat/2024/11/18/cicle-de-seminaris-oberts-igop/" target="_blank" rel="noreferrer noopener">https://igop.uab.cat/2024/11/18/cicle-de-seminaris-oberts-igop/</a>&nbsp;</p>



<p>Open Seminar “Parental leave and day-care policy, take-up consequences and changing normative beliefs: Evidence from two survey experiments” by Pia Schrober, (University of Tübingen) held on 01/02/2024 at IGOP (UAB). Link: https://igop.uab.cat/2024/01/24/open-seminar-parental-leave-and-day-care-policy/&nbsp;</p>



<p>Open Seminar “¿Premio o penalización por paternidad? El impacto del nacimiento de los hijos en los salarios de los hombres en España desde un enfoque interseccional” by Irene Lapuerta (Universidad Pública de Navarra) held on 19/02/2025 at IGOP (UAB). Link: <a href="https://igop.uab.cat/2024/11/18/cicle-de-seminaris-oberts-igop/" target="_blank" rel="noreferrer noopener">https://igop.uab.cat/2024/11/18/cicle-de-seminaris-oberts-igop/</a>&nbsp;&nbsp;</p>



<p>Open seminar “Parenting Leaves and Inequalities: Lessons learned and Future Challenges” by Professor Ivana Dobrotic (University of Zagreb) held on 9/2/2023 at IGOP (UAB). Link: https://igop.uab.cat/es/2023/02/09/open-seminar-parenting-leaves-and-inequalities-lessons-learned-and-future-challenges/</p>



<p><strong>Conferences</strong></p>



<p>Dobrotic, I. &amp; León, M. (July 2025). “Family Policy, Gender and Intersecting Inequalities.” To be presented at the 5th ISA Forum of Sociology in Rabat, Morocco.&nbsp; Link: <a href="https://isaconf.confex.com/isaconf/forum2025/webprogrampreliminary/Session21762.html" target="_blank" rel="noreferrer noopener">https://isaconf.confex.com/isaconf/forum2025/webprogrampreliminary/Session21762.html</a>&nbsp;&nbsp;</p>



<p>González, S. &amp; Marinova, D. M. (September 2024). “Equal Leave, Equal Division of Care Work? Evidence from the 2021 Reform of Equal and Non-Transferable Birth Permits in Spain.” Presented at the annual meetings of the European Consortium for Sociological Research in Barcelona.&nbsp;&nbsp;&nbsp;</p>



<p>Marinova, D. M. &amp; León, M. (July 2024). “Generous paternity leave in a segmented labor market: A cautionary tale of paternity leave take-up in Spain.” Presented at the biannual European Conference on Politics and Gender in Ghent, Belgium. Link: <a href="https://ecpr.eu/Events/253" target="_blank" rel="noreferrer noopener">https://ecpr.eu/Events/253</a>&nbsp;&nbsp;</p>



<p>Bellón, P. M (July 2024). “Equal Leave, Solo Impact: When Equal, Non-Transferable Paternity Leave Reduces the Motherhood Penalty in Spain.” Presented at the European Conference on Politics and Gender in Ghent, Belgium.&nbsp; Link: <a href="https://ecpr.eu/Events/253" target="_blank" rel="noreferrer noopener">https://ecpr.eu/Events/253</a>&nbsp;</p>



<p>Bellón, P. M (June 2024). “Understanding Work-Life Balance: Content Analysis of Open-Ended Responses from Newborns’ Parents in Spain.” Presented at Spring School, Milan, Italy. Link: <a href="https://www.transforming-care.net/spring-school-researching-care-and-care-policy-in-europe/" target="_blank" rel="noreferrer noopener">https://www.transforming-care.net/spring-school-researching-care-and-care-policy-in-europe/</a> &nbsp;</p>



<p>Marinova, D. M. &amp; León, M. (June 2024). “Generous paternity leave in a segmented labor market: A cautionary tale of paternity leave take-up in Spain.” Presented at the annual meetings of the Society for the Advancement of Socio-Economics in Limerick, Ireland. Link: <a href="https://sase.org/event/2024-limerick/" target="_blank" rel="noreferrer noopener">https://sase.org/event/2024-limerick/</a> &nbsp;</p>



<p>Bellón, P. M (June 2024). “Understanding Work-Life Balance: Content Analysis of Open-Ended Responses from Newborns’ Parents in Spain.” Presented at SASE Annual Meeting at Limerick University, Limerick, Ireland. Link: <a href="https://sase.org/event/2024-limerick/" target="_blank" rel="noreferrer noopener">https://sase.org/event/2024-limerick/</a> &nbsp;</p>



<p>Bellón, P. M. &amp; Marinova, D. M. (July 2023). “Closing the gender gap? The labor market effects of the 2021 paternity leave reform in Spain.” Presented at the annual meetings of Red Española de Política Social (REPS) in Mallorca and VIII Congreso Catalán Internacional de Sociología in Barcelona, Spain.&nbsp;&nbsp;</p>



<p>Cañero, J. &amp; Marinova, D. M. (July 2023). “Actitudes hacia la igualdad e intransferibilidad de los permisos por nacimiento en España.” Presented at the annual meetings of Red Española de Política Social (REPS) in Mallorca and VIII Congreso Catalán Internacional de Sociología in Barcelona, Spain.&nbsp;&nbsp;</p>



<p>Marinova, D. M. &amp; León, M. (March 2023). “Desigualdad en el acceso a la paternidad? La ampliación de los permisos de paternidad en España.” Presented at VIII Congreso Economía Feminista in Barcelona, Spain.&nbsp; Link: <a href="https://symposium.uoc.edu/84715/detail/viii-congreso-de-economia-feminista.html" target="_blank" rel="noreferrer noopener">https://symposium.uoc.edu/84715/detail/viii-congreso-de-economia-feminista.html</a> &nbsp;</p>



<p>Marinova, D. M. &amp; León, M. (July 2023). “Leave take-up among Spanish moms and dads after the extension of paternity leave: The effects of economic and labor market inequalities.” Presented at the VIII Congreso Catalán Internacional de Sociología in Barcelona, Spain. Link: <a href="https://8ccis.iec.cat/index.html" target="_blank" rel="noreferrer noopener">https://8ccis.iec.cat/index.html</a> &nbsp;</p>



<p>Marinova, D. M. &amp; León, M. (October 2023). “Generous paternity leave in a segmented labor market: A cautionary tale of paternity leave take-up in Spain.” Presented at 1ª Sesión del Grupo Permanente de Género y Política, University of Deusto, Bilbao, Spain. Link: <a href="https://agenda.deusto.es/genero-y-politica-1a-sesion-del-grupo-permanente-genero-y-politica-de-la-asociacion-espanola-de-ciencia-politica-y-de-la-administracion/" target="_blank" rel="noreferrer noopener">https://agenda.deusto.es/genero-y-politica-1a-sesion-del-grupo-permanente-genero-y-politica-de-la-asociacion-espanola-de-ciencia-politica-y-de-la-administracion/</a></p>



<p>Preliminary results from the project were presented at the conference organized by the Ministry of Equality of Spain, &#8220;International Feminist Meeting&#8221;, held on 02/25/2023 at the Complutense University of Madrid by the project researcher, Julia Cañero Ruiz. Link to the talk (en el minuto 1:10: <a href="https://www.youtube.com/watch?v=tjbpORl1RXI&amp;list=PLMXzkNaN1GD1CtO-wF36VprzCZDwdBBVg&amp;index=17" target="_blank" rel="noreferrer noopener">https://www.youtube.com/watch?v=tjbpORl1RXI&amp;list=PLMXzkNaN1GD1CtO-wF36VprzCZDwdBBVg&amp;index=17</a>) Link to the conference program: <a href="https://eif2023.es/">https://eif2023.es/</a></p>



<p>Our project was a “featured grant” on the web and social media of the National Research Agency (Agencia Estatal de Investigación) on 8/3/2023. Link to the website: <a href="https://www.aei.gob.es/en/awarded-grants/featured-grants/proyecto-idi-2020-generacion-conocimiento-bajas-paternidad-largas" target="_blank" rel="noreferrer noopener">https://www.aei.gob.es/en/awarded-grants/featured-grants/proyecto-idi-2020-generacion-conocimiento-bajas-paternidad-largas</a> </p>



<p>Danislava Marinova presented a research paper titled “Desigualdades en el acceso a la paternidad? La ampliación de los permisos de paternidad” (Inequalities in access to paternity leave? The extensión of paternity leave entitlements in Spain) at the VIII Congreso Economía Feminista held on March 16-18<sup>th</sup> 2023 at Barcelona, Spain. Link to conference program: <a href="https://drive.google.com/file/d/1R0J0jIhX7jYO1jh8cvhqzau_EQRCQjRw/view" target="_blank" rel="noreferrer noopener">Congreso EcoFem 2023 Sesiones paralelas.pdf &#8211; Google Drive</a></p>

<p>Seminars Open Seminar “Paternity Leave – Latte Papa or NASCAR Dads?” by&nbsp; Stephan Köppe,&nbsp;(University College Dublin, School of Social Policy, Social Work and Social Justice) held on 03/05/23 at IGOP (UAB). Link: https://igop.uab.cat/2024/11/18/cicle-de-seminaris-oberts-igop/&nbsp; Open Seminar “Parental leave and day-care policy, take-up consequences and changing normative beliefs: Evidence from two survey experiments” by Pia Schrober, (University [&hellip;]</p>
