{"id":34,"date":"2013-12-05T20:26:38","date_gmt":"2013-12-05T19:26:38","guid":{"rendered":"http:\/\/blogs.uab.cat\/felicityhandcv\/?page_id=34"},"modified":"2013-12-05T20:26:38","modified_gmt":"2013-12-05T19:26:38","slug":"articles-2","status":"publish","type":"page","link":"https:\/\/webs.uab.cat\/felicityhandcv\/publications\/articles-2\/","title":{"rendered":"Articles"},"content":{"rendered":"<p>&#8220;Samhita Arni\u2019s Daring Debut: The <em>Mahabharata<\/em> Revisited in the Twenty-First Century&#8221;, <em><strong>Journal of Juvenilia Studies<\/strong><\/em>, Vol.4, N\u00ba 2, 2022,\u00a0 pp. 119\u201335.\u00a0 <a href=\"https:\/\/doi.org\/10.29173\/jjs67\">https:\/\/doi.org\/10.29173\/jjs67<\/a><\/p>\n<p>\u201cWe are the Delta\u201d: Nature and Agency in Helon Habila\u2019s<em> Oil on Water<\/em>, <strong><em>Ecozon@<\/em><\/strong>, Vol 12, N\u00ba 1, 2021, pp107-120.\u00a0\u00a0 https:\/\/doi.org\/10.37536\/ ecozona.2021.12.1.3556<\/p>\n<p>(with Esther Pujolr\u00e0s-Noguer), &#8220;The Myth of the Empty Territory: the Tragedy of the Chagos Islanders&#8221;, <strong><em><span class=\"journaltitle ng-star-inserted\">Revista Canaria de Estudios Ingleses<\/span><\/em><\/strong><span class=\"journaltitle ng-star-inserted\">, Vol 82, 2021, pp 155-172<\/span><\/p>\n<p><span id=\"work.title\">&#8220;The Fight for Land, Water and Dignity in Lindsey Collen\u2019s The Malaria Man and Her Neighbours&#8221; <\/span><strong><em><span class=\"journaltitle ng-star-inserted\">Revista Canaria de Estudios Ingleses<\/span><\/em><\/strong><span class=\"journaltitle ng-star-inserted\">, Vol 82, 2021, pp 63-77.<br \/>\n<\/span><\/p>\n<p>&#8220;Narrative Empathy in Dr. Goonam\u2019s <em>Coolie Doctor<\/em> and Zubeida Jaffer\u2019s <em>Our Generation<\/em>&#8220;, <strong><em>Life Writing<\/em><\/strong>, Vol. 15, No 4, 2018, pp 561-576. https:\/\/doi.org\/10.1080\/14484528.2018.1426969<\/p>\n<p>&#8220;\u2018Picking Up the Crumbs of England\u2019:\u00a0 East African Asians in Yasmin Alibhai-Brown\u2019s Autobiographies&#8221;, <strong><em>The Journal of Commonwealth<\/em><em> Literature<\/em><\/strong>, Vol. 53, Issue 1, 2018, pp 61-77.\u00a0https:\/\/doi.org\/\u00a010.1177\/0021989416652646<\/p>\n<p>&#8220;Coping with Khandaanity in Diaspora Spaces: South Asian Women in<br \/>\nEast Africa&#8221;, <strong><em>Revista Canaria de Estudios Ingleses<\/em><\/strong>, 70, May 2015, pp 13-40.<\/p>\n<p>&#8220;Searching For New Scripts: Gender Roles in <em>Memory of Departure&#8221;<\/em>, <strong><em>Critique: Studies in Contemporary Fiction<\/em><\/strong>, Vol 56, N\u00ba 2, 2015, pp 223-240. <span style=\"font-size: 1rem\">https:\/\/doi.org\/10.1080\/00111619.2014.884991<\/span><\/p>\n<p>\u201cLindsey Collen: the Courage To Be Parochial\u201d, <strong><i>Wasafiri<\/i><\/strong>.\u00a0 Special Issue on Indian Ocean Writing. 26 (2) Spring 2011, pp 41-45.<\/p>\n<p>\u201cImpossible Burdens: East African Asian Women\u2019s Memoirs\u201d, \u00a0\u00a0<strong><i>Research in African Literatures<\/i><\/strong>, Vol. 42, N\u00ba 3, pp 100 \u2013 116, Fall 2011.\u00a0 https:\/\/doi.org\/10.1353\/ral.2011.0065<\/p>\n<p>\u201cUntangling Stories and Healing Rifts: Abdulrazak Gurnah\u00b4s<i> By the Sea<\/i>\u201d, \u00a0<strong><i>Research in African Literatures<\/i><\/strong>, Vol. 41, N\u00ba 2, 2010, pp 74-92. https:\/\/doi.org\/10.1353\/ral.0.0246<\/p>\n<p><strong>\u00a0<\/strong>\u201cLa isla de Mauricio: un laboratorio de hibridaci\u00f3n\u201d,\u00a0 <strong><i>Studia Africana<\/i><\/strong>.\u00a0 N\u00famero monogr\u00e1fico sobre Mauricio, n\u00famero 19, octubre, 2009, pp 103-108.<\/p>\n<p>&#8220;Story-telling as an Antidote to Disempowerment&#8221;,\u00a0<a title=\"Afroeuropa\" href=\"https:\/\/journal.afroeuropa.eu\/index.php\/afroeuropa\/index\" target=\"_blank\" rel=\"noopener noreferrer\"><strong><i> Afroeuropa: Journal of Afroeuropean Studies <\/i><\/strong><\/a><i><\/i>Vol<i>. <\/i>1. N\u00ba 1, 2007.<\/p>\n<p>\u201cThe Old Rules Aren\u2019t Always Right: An Analysis of Four Short Stories by Chitra Banerjee Divakaruni\u201d, <strong><i>Atlantic Literary Review<\/i><\/strong> , Vol: 5\u00a0 N\u00ba 3-4, 2004, p. 61-77.<\/p>\n<p>\u201cRa\u00edces profundas: indias y brit\u00e1nicas a la vez\u201d,\u00a0 <strong><i>Aspark\u00eda<\/i><\/strong>, \u00a0Vol 13, 2002, p. 73- 84 .<\/p>\n<p>\u201cV.S. Naipaul: el enigma del emigrante\u201d, <strong><i>Quimera<\/i><\/strong>, Vol.\u00a0 210, January 2002, p. 60-66.<\/p>\n<p>\u201cPromesas consolidadas: A segunda xeraci\u00f3n de escritores africanos\u201d,\u00a0 <strong><i>Uni\u00f3n Libre. Cadernos de Vida e Culturas<\/i><\/strong>, Volume: 6, 2001, p. 63-70.<\/p>\n<p>\u201cTradizioni, memorie ed esilio: la letteratura anglofona dell\u2019Africa orientale\u201d, <strong><i>Afriche e Oriente<\/i><\/strong>, Spring, 1999, p. 19- 24.<\/p>\n<p>\u201cGentle Anthropology\u201d,\u00a0 <strong><i>Cuadernos de Filolog\u00eda<\/i> <\/strong>, Vol 7, N\u00ba 1,\u00a0 1998, p. 41-52.<\/p>\n<p><b>\u00a0<\/b>\u201cTradiciones, memorias y exilios: la literatura angl\u00f3fona de \u00c1frica Oriental\u201d, <strong><i>Studia Africana<\/i><\/strong>,\u00a0\u00a0\u00a0 N\u00ba 9, March, 1998, p- 9- 20.<\/p>\n<p>with Salvador Faura,\u00a0 \u201cA Selected and Annotated Bibliography on Post-Colonial Literature and Theory\u201d, <i><strong>Links &amp; Letters<\/strong>, N\u00ba 4. Literature and neocolonialism<\/i>\u00a0 N\u00ba 4, 1997, pp 79-96.<\/p>\n<p>\u201cVolar y huir\u201d,\u00a0 <strong><i>Quimera<\/i>\u00a0<\/strong> N\u00ba 147, May, 1996,\u00a0 p 34-36.<\/p>\n<p>\u201cHow British Are the Asians?\u201d <strong><i>Wasafiri<\/i><\/strong> , N\u00ba 2,\u00a0 Spring, 1995, p.9-13.<\/p>\n<p>\u201cUna cultura sin excesos\u201d, <i><strong>Quimera<\/strong>, <\/i>N\u00ba 137, June, 1995 p.61-63.<\/p>\n<p>\u201cChallenging the Centre: the Response of British Asian Writers\u201d,\u00a0 <strong><i>Revista Canaria de Estudios Ingleses<\/i><\/strong>, N\u00ba 28,\u00a0\u00a0 April,\u00a0 1994, p.81- 93.<\/p>\n<p>\u201cEl panorma teatral brit\u00e1nico desde George Bernard Shaw\u201d, <strong><i>Historia y Vida<\/i><\/strong>, N\u00ba 74, 1994, p.114-120.<\/p>\n","protected":false},"excerpt":{"rendered":"<p>&#8220;Samhita Arni\u2019s Daring Debut: The Mahabharata Revisited in the Twenty-First Century&#8221;, Journal of Juvenilia Studies, Vol.4, N\u00ba 2, 2022,\u00a0 pp. 119\u201335.\u00a0 https:\/\/doi.org\/10.29173\/jjs67 \u201cWe are the Delta\u201d: Nature and Agency in Helon Habila\u2019s Oil on Water, Ecozon@, Vol 12, N\u00ba 1, 2021, pp107-120.\u00a0\u00a0 https:\/\/doi.org\/10.37536\/ ecozona.2021.12.1.3556 (with Esther Pujolr\u00e0s-Noguer), &#8220;The Myth of the Empty Territory: the Tragedy [&hellip;]<\/p>\n","protected":false},"author":38,"featured_media":0,"parent":16,"menu_order":0,"comment_status":"closed","ping_status":"closed","template":"","meta":{"footnotes":""},"class_list":["post-34","page","type-page","status-publish","hentry"],"_links":{"self":[{"href":"https:\/\/webs.uab.cat\/felicityhandcv\/wp-json\/wp\/v2\/pages\/34","targetHints":{"allow":["GET"]}}],"collection":[{"href":"https:\/\/webs.uab.cat\/felicityhandcv\/wp-json\/wp\/v2\/pages"}],"about":[{"href":"https:\/\/webs.uab.cat\/felicityhandcv\/wp-json\/wp\/v2\/types\/page"}],"author":[{"embeddable":true,"href":"https:\/\/webs.uab.cat\/felicityhandcv\/wp-json\/wp\/v2\/users\/38"}],"replies":[{"embeddable":true,"href":"https:\/\/webs.uab.cat\/felicityhandcv\/wp-json\/wp\/v2\/comments?post=34"}],"version-history":[{"count":0,"href":"https:\/\/webs.uab.cat\/felicityhandcv\/wp-json\/wp\/v2\/pages\/34\/revisions"}],"up":[{"embeddable":true,"href":"https:\/\/webs.uab.cat\/felicityhandcv\/wp-json\/wp\/v2\/pages\/16"}],"wp:attachment":[{"href":"https:\/\/webs.uab.cat\/felicityhandcv\/wp-json\/wp\/v2\/media?parent=34"}],"curies":[{"name":"wp","href":"https:\/\/api.w.org\/{rel}","templated":true}]}}