{"id":2,"date":"2025-09-17T12:35:11","date_gmt":"2025-09-17T10:35:11","guid":{"rendered":"https:\/\/webs.uab.cat\/femintra\/?page_id=2"},"modified":"2026-03-03T13:13:06","modified_gmt":"2026-03-03T11:13:06","slug":"pagina-exemple","status":"publish","type":"page","link":"https:\/\/webs.uab.cat\/femintra\/","title":{"rendered":"Grup FEMINTRA"},"content":{"rendered":"\n<p class=\"has-normal-font-size\">Creat el 2025, el grup de recerca <strong>FEMINTRA <\/strong>(Feminismes, mirades no hegem\u00f2niques i interseccionalitat en traducci\u00f3) t\u00e9 com a objectiu principal promoure el di\u00e0leg interdisciplinari entre els estudis de traducci\u00f3 i els estudis feministes des d\u2019una mirada cr\u00edtica interseccional, queer i anticolonial.<\/p>\n\n\n\n<p class=\"has-normal-font-size\">Reprenent i ampliant la feina desenvolupada des del 2018 en el marc del Seminari d\u2019Interseccionalitat, Feminismes i Traducci\u00f3 (SIFT), FEMINTRA consolida aquesta l\u00ednia de recerca al centrar-se en documentar i analitzar com les relacions de poder de g\u00e8nere interseccionals (configurades per la ra\u00e7a, la sexualitat, la discapacitat, l\u2019etnicitat o la classe, entre d\u2019altres) es produeixen i negocien a trav\u00e9s dels processos de traducci\u00f3. La seva mirada anticolonial i queer q\u00fcestiona les jerarquies epist\u00e8miques i els marcs interpretatius dominants que travessen i condicionen la producci\u00f3 i circulaci\u00f3 del coneixement, posant particular \u00e8mfasi en lleng\u00fces i cultures no hegem\u00f2niques. <\/p>\n\n\n\n<p class=\"has-normal-font-size\">FEMINTRA ent\u00e9n la traducci\u00f3 com a una pr\u00e0ctica pol\u00edtica i situada, i la recerca com a una eina d\u2019activisme acad\u00e8mic i transformaci\u00f3 social. A trav\u00e9s de projectes de recerca orientats vers l\u2019impacte social, iniciatives de difusi\u00f3 i sensibilitzaci\u00f3, activitats de formaci\u00f3, aix\u00ed com xarxes de col\u00b7laboraci\u00f3 amb entitats locals, agents clau i col\u00b7lectius beneficiaris, FEMINTRA aspira a contribuir a la construcci\u00f3 de coneixement cr\u00edtic i situat, aix\u00ed com a la difusi\u00f3 de pr\u00e0ctiques traductores m\u00e9s justes, inclusives i emancipadores.<\/p>\n","protected":false},"excerpt":{"rendered":"<p>Creat el 2025, el grup de recerca FEMINTRA (Feminismes, mirades no hegem\u00f2niques i interseccionalitat en traducci\u00f3) t\u00e9 com a objectiu principal promoure el di\u00e0leg interdisciplinari entre els estudis de traducci\u00f3 i els estudis feministes des d\u2019una mirada cr\u00edtica interseccional, queer i anticolonial. Reprenent i ampliant la feina desenvolupada des del 2018 en el marc del [&hellip;]<\/p>\n","protected":false},"author":2904,"featured_media":0,"parent":0,"menu_order":0,"comment_status":"closed","ping_status":"open","template":"","meta":{"footnotes":""},"class_list":["post-2","page","type-page","status-publish","hentry"],"_links":{"self":[{"href":"https:\/\/webs.uab.cat\/femintra\/wp-json\/wp\/v2\/pages\/2","targetHints":{"allow":["GET"]}}],"collection":[{"href":"https:\/\/webs.uab.cat\/femintra\/wp-json\/wp\/v2\/pages"}],"about":[{"href":"https:\/\/webs.uab.cat\/femintra\/wp-json\/wp\/v2\/types\/page"}],"author":[{"embeddable":true,"href":"https:\/\/webs.uab.cat\/femintra\/wp-json\/wp\/v2\/users\/2904"}],"replies":[{"embeddable":true,"href":"https:\/\/webs.uab.cat\/femintra\/wp-json\/wp\/v2\/comments?post=2"}],"version-history":[{"count":7,"href":"https:\/\/webs.uab.cat\/femintra\/wp-json\/wp\/v2\/pages\/2\/revisions"}],"predecessor-version":[{"id":392,"href":"https:\/\/webs.uab.cat\/femintra\/wp-json\/wp\/v2\/pages\/2\/revisions\/392"}],"wp:attachment":[{"href":"https:\/\/webs.uab.cat\/femintra\/wp-json\/wp\/v2\/media?parent=2"}],"curies":[{"name":"wp","href":"https:\/\/api.w.org\/{rel}","templated":true}]}}

<p class="has-normal-font-size">Creat el 2025, el grup de recerca <strong>FEMINTRA </strong>(Feminismes, mirades no hegemòniques i interseccionalitat en traducció) té com a objectiu principal promoure el diàleg interdisciplinari entre els estudis de traducció i els estudis feministes des d’una mirada crítica interseccional, queer i anticolonial.</p>



<p class="has-normal-font-size">Reprenent i ampliant la feina desenvolupada des del 2018 en el marc del Seminari d’Interseccionalitat, Feminismes i Traducció (SIFT), FEMINTRA consolida aquesta línia de recerca al centrar-se en documentar i analitzar com les relacions de poder de gènere interseccionals (configurades per la raça, la sexualitat, la discapacitat, l’etnicitat o la classe, entre d’altres) es produeixen i negocien a través dels processos de traducció. La seva mirada anticolonial i queer qüestiona les jerarquies epistèmiques i els marcs interpretatius dominants que travessen i condicionen la producció i circulació del coneixement, posant particular èmfasi en llengües i cultures no hegemòniques. </p>



<p class="has-normal-font-size">FEMINTRA entén la traducció com a una pràctica política i situada, i la recerca com a una eina d’activisme acadèmic i transformació social. A través de projectes de recerca orientats vers l’impacte social, iniciatives de difusió i sensibilització, activitats de formació, així com xarxes de col·laboració amb entitats locals, agents clau i col·lectius beneficiaris, FEMINTRA aspira a contribuir a la construcció de coneixement crític i situat, així com a la difusió de pràctiques traductores més justes, inclusives i emancipadores.</p>

<p>Creat el 2025, el grup de recerca FEMINTRA (Feminismes, mirades no hegemòniques i interseccionalitat en traducció) té com a objectiu principal promoure el diàleg interdisciplinari entre els estudis de traducció i els estudis feministes des d’una mirada crítica interseccional, queer i anticolonial. Reprenent i ampliant la feina desenvolupada des del 2018 en el marc del [&hellip;]</p>
