{"id":63,"date":"2025-02-23T19:45:53","date_gmt":"2025-02-23T17:45:53","guid":{"rendered":"https:\/\/webs.uab.cat\/fipbec\/?page_id=63"},"modified":"2025-03-03T11:22:44","modified_gmt":"2025-03-03T09:22:44","slug":"el-projecte","status":"publish","type":"page","link":"https:\/\/webs.uab.cat\/fipbec\/el-projecte\/","title":{"rendered":"El projecte"},"content":{"rendered":"\n<h2 class=\"wp-block-heading\">Objectius<\/h2>\n\n\n\n<ol start=\"1\" class=\"wp-block-list\">\n<li>Formar l\u2019alumnat universitari del Grau d\u2019Educaci\u00f3 Prim\u00e0ria en did\u00e0ctica de l\u2019escriptura i RCE basades en evid\u00e8ncies cient\u00edfiques.\u00a0<\/li>\n<\/ol>\n\n\n\n<ol start=\"2\" class=\"wp-block-list\">\n<li>Implementar i avaluar el programa formatiu PEREC per a l\u2019orientaci\u00f3 de la formaci\u00f3 inicial i el desenvolupament del curr\u00edculum de prim\u00e0ria.\u00a0<\/li>\n<\/ol>\n\n\n\n<ol start=\"3\" class=\"wp-block-list\">\n<li>Investigar la validesa social del PEREC.\u00a0<\/li>\n<\/ol>\n\n\n\n<h2 class=\"wp-block-heading\">Fases del projecte<\/h2>\n\n\n\n<ol start=\"1\" class=\"wp-block-list\">\n<li>Disseny i implementaci\u00f3 del programa formatiu PEREC.<\/li>\n<\/ol>\n\n\n\n<ol start=\"2\" class=\"wp-block-list\">\n<li>Avaluaci\u00f3 de l&#8217;impacte del programa de formaci\u00f3.<\/li>\n<\/ol>\n\n\n\n<ol start=\"3\" class=\"wp-block-list\">\n<li>Validesa social del PEREC.<\/li>\n<\/ol>\n","protected":false},"excerpt":{"rendered":"<p>Objectius Fases del projecte<\/p>\n","protected":false},"author":3034,"featured_media":0,"parent":0,"menu_order":2,"comment_status":"closed","ping_status":"closed","template":"","meta":{"footnotes":""},"class_list":["post-63","page","type-page","status-publish","hentry"],"_links":{"self":[{"href":"https:\/\/webs.uab.cat\/fipbec\/wp-json\/wp\/v2\/pages\/63","targetHints":{"allow":["GET"]}}],"collection":[{"href":"https:\/\/webs.uab.cat\/fipbec\/wp-json\/wp\/v2\/pages"}],"about":[{"href":"https:\/\/webs.uab.cat\/fipbec\/wp-json\/wp\/v2\/types\/page"}],"author":[{"embeddable":true,"href":"https:\/\/webs.uab.cat\/fipbec\/wp-json\/wp\/v2\/users\/3034"}],"replies":[{"embeddable":true,"href":"https:\/\/webs.uab.cat\/fipbec\/wp-json\/wp\/v2\/comments?post=63"}],"version-history":[{"count":15,"href":"https:\/\/webs.uab.cat\/fipbec\/wp-json\/wp\/v2\/pages\/63\/revisions"}],"predecessor-version":[{"id":156,"href":"https:\/\/webs.uab.cat\/fipbec\/wp-json\/wp\/v2\/pages\/63\/revisions\/156"}],"wp:attachment":[{"href":"https:\/\/webs.uab.cat\/fipbec\/wp-json\/wp\/v2\/media?parent=63"}],"curies":[{"name":"wp","href":"https:\/\/api.w.org\/{rel}","templated":true}]}}