{"id":126,"date":"2013-03-22T22:25:02","date_gmt":"2013-03-22T20:25:02","guid":{"rendered":"https:\/\/webs.uab.cat\/fonteseurasiae\/les-fonts-grecollatines-sobre-les-fronteres-septentrionals-de-liran-sassanida-trabajo-de-investigacion-dirigido-por-a-alemany\/"},"modified":"2013-03-22T22:25:02","modified_gmt":"2013-03-22T20:25:02","slug":"les-fonts-grecollatines-sobre-les-fronteres-septentrionals-de-liran-sassanida-trabajo-de-investigacion-dirigido-por-a-alemany","status":"publish","type":"page","link":"https:\/\/webs.uab.cat\/fonteseurasiae\/les-fonts-grecollatines-sobre-les-fronteres-septentrionals-de-liran-sassanida-trabajo-de-investigacion-dirigido-por-a-alemany\/","title":{"rendered":"Fronteras septentrionales del imperio sas\u00e1nida (s. III-VII)"},"content":{"rendered":"<p><strong>Publicaciones<\/strong><\/p>\n<p>\u2014 Alemany, A. (<strong>2016<\/strong>). \u00abFerdows\u012b&#8217;s &#8220;King of the Alans&#8221;\u00bb. En Zimonyi, I.\u2013Karatay, O. (edd.)<em> Central Eurasia in the Middle Ages. Studies in Honour of Peter B. Golden. <\/em>Wiesbaden, p. 1-10.<\/p>\n<p>\u2014 Olaya, N. (<strong>2014<\/strong>). \u00abEntre Bizanci, Iran i les estepes. Les fonts cl\u00e0ssiques i orientals sobre les fronteres septentrionals de l&#8217;imperi sass\u00e0nida\u00bb. En Janeiro, F.\u2013Jornet, A.\u2013Saccone, D.\u2013Sancho, S. (edd.)<em> Facing Humanities. Current Perspectives from Young Researchers. <\/em>Barcelona, p. 315-326.<\/p>\n<p>\u2014 Olaya, N. (<strong>2014<\/strong>). \u00abThe Relations of the Sasanian Empire with the Eurasian Steppe\u00bb. En Antela, B.\u2013Vidal, J. (edd.)<em> Central Asia in Antiquity. Interdisciplinary Approaches. <\/em>BAR International Series 2665, Oxford, p. 99-104.<\/p>\n<p>\u2014 Sami, S. (<strong>2015<\/strong>). \u00abThe Tradition of the Turanian Matter of Ferdows\u012b\u2019s&nbsp;<em>\u0160\u0101hn\u0101me<\/em>: the Sample Case of&nbsp;A\u0121r\u012bras\u00bb. En Olaya, N.\u2013Montoza, M.\u2013Aguilera, A.\u2013G\u00f3mez, R. (edd.) <em>II Jornadas Predoctorales en Estudios de la Antig\u00fcedad y de la Edad Media. <\/em>\u039a\u03c4\u1fc6\u03bc\u03b1 \u1f10\u03c2 \u03b1\u1f30\u03b5\u03af: <em>el texto como herramienta com\u00fan para estudiar el pasado. <\/em><em>Proceedings of the Second Postgraduate Conference in Studies of Antiquity and Middle Ages, UAB, 19-21st November 2014<\/em>. BAR International Series 2775, Oxford, p. 25-28.<\/p>\n<p><strong>Comunicaciones<\/strong><\/p>\n<p>\u2014&nbsp;Alemany, A.: \u00abThe Caucasus as a Border between Eurasian Steppe Nomads and Near Eastern Empires: An Approach to the Pre-Islamic Period\u00bb.&nbsp;<em>World Congress for Middle Eastern Studies \/ WOCMES<\/em>&nbsp;(UAB, 19-24 julio <strong>2010<\/strong>).<\/p>\n<p>\u2014&nbsp;Alemany, A.: \u00abEl \u2018rey de los alanos\u2019 (\u0627\u0644\u0627\u0646&nbsp;\u0634\u0627\u0647 <em>Al\u0101n \u0161\u0101h<\/em>) de Ferd\u016bs\u012b: virtudes y defectos del <em>\u0160\u0101hn\u0101me<\/em> como fuente hist\u00f3rica del Ir\u00e1n sas\u00e1nida\u00bb.&nbsp;<em>I Encuentro de la Sociedad Espa\u00f1ola de Iranolog\u00eda<\/em> (USAL, Salamanca, 28-29 octubre <strong>2010<\/strong>).<\/p>\n<p>\u2014 Alemany, A.: \u00abEl &#8216;rey de los alanos&#8217;: rastros de historia en un pasaje de la \u00e9pica nacional persa\u00bb.&nbsp;<em>II Jornadas Predoctorales en Estudios en la Antig\u00fcedad y la Edad Media<\/em> (UAB, 19-21 noviembre <strong>2014<\/strong>).<\/p>\n<div>\n<p>\u2014&nbsp;Alemany, A.\u2013Olaya, N.: \u00abLa destrucci\u00f3n del imperio heftalita y los primeros contactos entre persas y turcos seg\u00fan Menandro y Ferdows\u012b\u00bb.&nbsp;<em>II Encuentro de la Sociedad Espa\u00f1ola de Iranolog\u00eda<\/em> (UA, Alicante, 23-24 febrero <strong>2012<\/strong>).<\/p>\n<p>\u2014&nbsp;Olaya, N.:&nbsp;\u00abEntre Bizanci, Iran i les estepes: les fonts cl\u00e0ssiques i orientals sobre les fronteres septentrionals de l\u2019Imperi sass\u00e0nida\u00bb.&nbsp;<em>I Congr\u00e9s Internacional de Joves Investigadors en Humanitats<\/em>, (UPF, Barcelona, 18-20 abril&nbsp;<strong>2012<\/strong>).<\/p>\n<p>\u2014 Olaya, N.:&nbsp;\u00abLes relacions de l&#8217;imperi sass\u00e0nida amb&nbsp;les estepes eurasi\u00e0tiques\u00bb.&nbsp;<em>Asia Central en la antig\u00fcedad. Perspectivas Interdisciplinares<\/em>&nbsp;(UAB, 11 marzo&nbsp;<strong>2013<\/strong>).<\/p>\n<p>\u2014&nbsp;Olaya, N.:&nbsp;\u00abFerdows\u012b y la seda de&nbsp;\u010c\u012bn\u00bb.&nbsp;<em>III Encuentro de la Sociedad Espa\u00f1ola de Iranolog\u00eda<\/em>&nbsp;(UCM,&nbsp;Madrid, 24-25 abril <strong>2013<\/strong>).<\/p>\n<p>\u2014&nbsp;Olaya, N.:&nbsp;\u00abUn fragmento de Prisco relativo a la victoria de Peroz sobre los kidaritas\u00bb.&nbsp;<em>I Encuentro de la Sociedad de Estudios Iranios y Turanios<\/em>&nbsp;(UG,&nbsp;Girona, 16 diciembre <strong>2014<\/strong>).<\/p>\n<p>\u2014 Sami, S.:&nbsp;\u00abThe Tradition of the Turanian Matter of Ferdows\u012b\u2019s&nbsp;<em>\u0160\u0101hn\u0101me<\/em>: the Sample Case of&nbsp;A\u0121r\u012bras\u00bb.&nbsp;<em>II Jornadas Predoctorales en Estudios en la Antig\u00fcedad y la Edad Media<\/em> (UAB, 19-21 noviembre <strong>2014<\/strong>).<\/p>\n<p><strong>Tesis y trabajos de investigaci\u00f3n<\/strong><\/p>\n<p>\u2014&nbsp;Olaya, N.:&nbsp;<em>Les fonts grecollatines sobre les fronteres septentrionals de l\u2019Iran sass\u00e0nida<\/em>. Trabajo de Fin de M\u00e1ster, dirigido por A. Alemany (UAB, 16 septiembre <strong>2011<\/strong>).<\/p>\n<p>\u2014 Olaya, N.:&nbsp;<em>Las fuentes cl\u00e1sicas y orientales relativas a las fronteras septentrionales del imperio sas\u00e1nida (224-651)<\/em>, Tesis Doctoral, dirigida por A. Alemany (UAB, 28 septiembre&nbsp;<strong>2017<\/strong>)<\/p>\n<\/div>\n","protected":false},"excerpt":{"rendered":"<p>Publicaciones \u2014 Alemany, A. (2016). \u00abFerdows\u012b&#8217;s &#8220;King of the Alans&#8221;\u00bb. En Zimonyi, I.\u2013Karatay, O. (edd.) Central Eurasia in the Middle Ages. Studies in Honour of Peter B. Golden. Wiesbaden, p. 1-10. \u2014 Olaya, N. (2014). \u00abEntre Bizanci, Iran i les estepes. Les fonts cl\u00e0ssiques i orientals sobre les fronteres septentrionals de l&#8217;imperi sass\u00e0nida\u00bb. En Janeiro, [&hellip;]<\/p>\n","protected":false},"author":20,"featured_media":0,"parent":0,"menu_order":0,"comment_status":"closed","ping_status":"closed","template":"","meta":{"footnotes":""},"class_list":["post-126","page","type-page","status-publish","hentry"],"_links":{"self":[{"href":"https:\/\/webs.uab.cat\/fonteseurasiae\/wp-json\/wp\/v2\/pages\/126","targetHints":{"allow":["GET"]}}],"collection":[{"href":"https:\/\/webs.uab.cat\/fonteseurasiae\/wp-json\/wp\/v2\/pages"}],"about":[{"href":"https:\/\/webs.uab.cat\/fonteseurasiae\/wp-json\/wp\/v2\/types\/page"}],"author":[{"embeddable":true,"href":"https:\/\/webs.uab.cat\/fonteseurasiae\/wp-json\/wp\/v2\/users\/20"}],"replies":[{"embeddable":true,"href":"https:\/\/webs.uab.cat\/fonteseurasiae\/wp-json\/wp\/v2\/comments?post=126"}],"version-history":[{"count":0,"href":"https:\/\/webs.uab.cat\/fonteseurasiae\/wp-json\/wp\/v2\/pages\/126\/revisions"}],"wp:attachment":[{"href":"https:\/\/webs.uab.cat\/fonteseurasiae\/wp-json\/wp\/v2\/media?parent=126"}],"curies":[{"name":"wp","href":"https:\/\/api.w.org\/{rel}","templated":true}]}}

Fronteras septentrionales del imperio sasánida (s. III-VII)

<p><strong>Publicaciones</strong></p>
<p>— Alemany, A. (<strong>2016</strong>). «Ferdowsī&#8217;s &#8220;King of the Alans&#8221;». En Zimonyi, I.–Karatay, O. (edd.)<em> Central Eurasia in the Middle Ages. Studies in Honour of Peter B. Golden. </em>Wiesbaden, p. 1-10.</p>
<p>— Olaya, N. (<strong>2014</strong>). «Entre Bizanci, Iran i les estepes. Les fonts clàssiques i orientals sobre les fronteres septentrionals de l&#8217;imperi sassànida». En Janeiro, F.–Jornet, A.–Saccone, D.–Sancho, S. (edd.)<em> Facing Humanities. Current Perspectives from Young Researchers. </em>Barcelona, p. 315-326.</p>
<p>— Olaya, N. (<strong>2014</strong>). «The Relations of the Sasanian Empire with the Eurasian Steppe». En Antela, B.–Vidal, J. (edd.)<em> Central Asia in Antiquity. Interdisciplinary Approaches. </em>BAR International Series 2665, Oxford, p. 99-104.</p>
<p>— Sami, S. (<strong>2015</strong>). «The Tradition of the Turanian Matter of Ferdowsī’s&nbsp;<em>Šāhnāme</em>: the Sample Case of&nbsp;Aġrīras». En Olaya, N.–Montoza, M.–Aguilera, A.–Gómez, R. (edd.) <em>II Jornadas Predoctorales en Estudios de la Antigüedad y de la Edad Media. </em>Κτῆμα ἐς αἰεί: <em>el texto como herramienta común para estudiar el pasado. </em><em>Proceedings of the Second Postgraduate Conference in Studies of Antiquity and Middle Ages, UAB, 19-21st November 2014</em>. BAR International Series 2775, Oxford, p. 25-28.</p>
<p><strong>Comunicaciones</strong></p>
<p>—&nbsp;Alemany, A.: «The Caucasus as a Border between Eurasian Steppe Nomads and Near Eastern Empires: An Approach to the Pre-Islamic Period».&nbsp;<em>World Congress for Middle Eastern Studies / WOCMES</em>&nbsp;(UAB, 19-24 julio <strong>2010</strong>).</p>
<p>—&nbsp;Alemany, A.: «El ‘rey de los alanos’ (الان&nbsp;شاه <em>Alān šāh</em>) de Ferdūsī: virtudes y defectos del <em>Šāhnāme</em> como fuente histórica del Irán sasánida».&nbsp;<em>I Encuentro de la Sociedad Española de Iranología</em> (USAL, Salamanca, 28-29 octubre <strong>2010</strong>).</p>
<p>— Alemany, A.: «El &#8216;rey de los alanos&#8217;: rastros de historia en un pasaje de la épica nacional persa».&nbsp;<em>II Jornadas Predoctorales en Estudios en la Antigüedad y la Edad Media</em> (UAB, 19-21 noviembre <strong>2014</strong>).</p>
<div>
<p>—&nbsp;Alemany, A.–Olaya, N.: «La destrucción del imperio heftalita y los primeros contactos entre persas y turcos según Menandro y Ferdowsī».&nbsp;<em>II Encuentro de la Sociedad Española de Iranología</em> (UA, Alicante, 23-24 febrero <strong>2012</strong>).</p>
<p>—&nbsp;Olaya, N.:&nbsp;«Entre Bizanci, Iran i les estepes: les fonts clàssiques i orientals sobre les fronteres septentrionals de l’Imperi sassànida».&nbsp;<em>I Congrés Internacional de Joves Investigadors en Humanitats</em>, (UPF, Barcelona, 18-20 abril&nbsp;<strong>2012</strong>).</p>
<p>— Olaya, N.:&nbsp;«Les relacions de l&#8217;imperi sassànida amb&nbsp;les estepes eurasiàtiques».&nbsp;<em>Asia Central en la antigüedad. Perspectivas Interdisciplinares</em>&nbsp;(UAB, 11 marzo&nbsp;<strong>2013</strong>).</p>
<p>—&nbsp;Olaya, N.:&nbsp;«Ferdowsī y la seda de&nbsp;Čīn».&nbsp;<em>III Encuentro de la Sociedad Española de Iranología</em>&nbsp;(UCM,&nbsp;Madrid, 24-25 abril <strong>2013</strong>).</p>
<p>—&nbsp;Olaya, N.:&nbsp;«Un fragmento de Prisco relativo a la victoria de Peroz sobre los kidaritas».&nbsp;<em>I Encuentro de la Sociedad de Estudios Iranios y Turanios</em>&nbsp;(UG,&nbsp;Girona, 16 diciembre <strong>2014</strong>).</p>
<p>— Sami, S.:&nbsp;«The Tradition of the Turanian Matter of Ferdowsī’s&nbsp;<em>Šāhnāme</em>: the Sample Case of&nbsp;Aġrīras».&nbsp;<em>II Jornadas Predoctorales en Estudios en la Antigüedad y la Edad Media</em> (UAB, 19-21 noviembre <strong>2014</strong>).</p>
<p><strong>Tesis y trabajos de investigación</strong></p>
<p>—&nbsp;Olaya, N.:&nbsp;<em>Les fonts grecollatines sobre les fronteres septentrionals de l’Iran sassànida</em>. Trabajo de Fin de Máster, dirigido por A. Alemany (UAB, 16 septiembre <strong>2011</strong>).</p>
<p>— Olaya, N.:&nbsp;<em>Las fuentes clásicas y orientales relativas a las fronteras septentrionales del imperio sasánida (224-651)</em>, Tesis Doctoral, dirigida por A. Alemany (UAB, 28 septiembre&nbsp;<strong>2017</strong>)</p>
</div>

<p>Publicaciones — Alemany, A. (2016). «Ferdowsī&#8217;s &#8220;King of the Alans&#8221;». En Zimonyi, I.–Karatay, O. (edd.) Central Eurasia in the Middle Ages. Studies in Honour of Peter B. Golden. Wiesbaden, p. 1-10. — Olaya, N. (2014). «Entre Bizanci, Iran i les estepes. Les fonts clàssiques i orientals sobre les fronteres septentrionals de l&#8217;imperi sassànida». En Janeiro, [&hellip;]</p>
