{"id":1557,"date":"2024-09-14T18:56:54","date_gmt":"2024-09-14T18:56:54","guid":{"rendered":"https:\/\/webs.uab.cat\/fontsue\/?page_id=1557"},"modified":"2026-02-24T13:48:08","modified_gmt":"2026-02-24T13:48:08","slug":"bibliografia","status":"publish","type":"page","link":"https:\/\/webs.uab.cat\/fontsue\/bibliografia\/","title":{"rendered":"Bibliografia"},"content":{"rendered":"\n<h2 class=\"wp-block-heading\">Bases de dades i portals<\/h2>\n\n\n\n<p>L\u2019<a href=\"https:\/\/op.europa.eu\/en\/home\" data-type=\"link\" data-id=\"https:\/\/op.europa.eu\/en\/home\" target=\"_blank\" rel=\"noreferrer noopener\">Oficina de Publicacions de la Uni\u00f3 Europea<\/a> \u00e9s el prove\u00efdor oficial de serveis editorials per a totes les institucions, \u00f2rgans i ag\u00e8ncies de la UE. Al seu portal es poden consultar no nom\u00e9s totes les publicacions oficials, sin\u00f3 tamb\u00e9 la legislaci\u00f3 de la UE, resultats de recerca, el directori oficial de la UE, licitacions i altra informaci\u00f3 institucional rellevant.<\/p>\n\n\n\n<p>Al <a href=\"https:\/\/ec-europa-finder.primo.exlibrisgroup.com\/discovery\/search?vid=32EUC_INST:VU1\" data-type=\"link\" data-id=\"https:\/\/ec-europa-finder.primo.exlibrisgroup.com\/discovery\/search?vid=32EUC_INST:VU1\" target=\"_blank\" rel=\"noreferrer noopener\">cat\u00e0leg de les biblioteques de la Comissi\u00f3 Europea (Find-eR<\/a>), a m\u00e9s de les fonts oficials, s\u2019hi poden localitzar nombroses refer\u00e8ncies de publicacions cient\u00edfiques. \u00c9s possible que alguns documents no siguin accessibles directament des d\u2019aquesta base de dades; en aquests casos, es poden cercar al cat\u00e0leg de les biblioteques de la UAB\/CCUC. El m\u00e9s important \u00e9s identificar correctament la refer\u00e8ncia bibliogr\u00e0fica per poder localitzar-la posteriorment al nostre cat\u00e0leg.<\/p>\n\n\n\n<p>La base de dades <a href=\"https:\/\/www.europarl.europa.eu\/thinktank\/es\/home\" data-type=\"link\" data-id=\"https:\/\/www.europarl.europa.eu\/thinktank\/es\/home\" target=\"_blank\" rel=\"noreferrer noopener\">Think Tank del Parlament Europeu<\/a> recull publicacions elaborades per donar suport als diputats i al personal del Parlament Europeu en la seva tasca parlament\u00e0ria. Es tracta, per tant, de documents d\u2019alt nivell i de gran inter\u00e8s per als investigadors.<\/p>\n\n\n\n<p>El <a href=\"https:\/\/www.consilium.europa.eu\/es\/documents-publications\/council-research-papers\/#latest\" data-type=\"link\" data-id=\"https:\/\/www.consilium.europa.eu\/es\/documents-publications\/council-research-papers\/#latest\" target=\"_blank\" rel=\"noreferrer noopener\">Consell de la UE<\/a> disposa d\u2019un equip d\u2019an\u00e0lisi i recerca que elabora una \u00e0mplia gamma d\u2019articles i publicacions. Aquestes aborden tant l\u2019evoluci\u00f3 geopol\u00edtica actual com les tend\u00e8ncies a llarg termini, incloent-hi q\u00fcestions com les transicions verda i digital.<\/p>\n\n\n\n<p>L\u2019<a href=\"https:\/\/aei.pitt.edu\/information.html\" data-type=\"link\" data-id=\"https:\/\/aei.pitt.edu\/information.html\" target=\"_blank\" rel=\"noreferrer noopener\">Archive of European Integration<\/a>, de la University of Pittsburgh, \u00e9s un dip\u00f2sit i arxiu electr\u00f2nic dedicat a materials de recerca sobre la integraci\u00f3 europea des d\u2019una perspectiva hist\u00f2rica. Inclou documents antics que, en alguns casos, nom\u00e9s es troben digitalitzats en aquesta base de dades.<\/p>\n\n\n\n<p>En la mateixa l\u00ednia, els <a href=\"https:\/\/www.eui.eu\/en\/academic-units\/historical-archives-of-the-european-union\" data-type=\"link\" data-id=\"https:\/\/www.eui.eu\/en\/academic-units\/historical-archives-of-the-european-union\" target=\"_blank\" rel=\"noreferrer noopener\">Historical Archives of the European Union<\/a>, amb seu a l\u2019European University Institute (EUI) de Flor\u00e8ncia, conserven i posen a disposici\u00f3 del p\u00fablic els arxius hist\u00f2rics de les institucions de la UE, aix\u00ed com fons privats de personalitats, moviments i organitzacions rellevants per a la hist\u00f2ria de la integraci\u00f3 europea. Constitueixen una font essencial per a la recerca hist\u00f2rica sobre el proc\u00e9s d\u2019integraci\u00f3 europea i el desenvolupament de les pol\u00edtiques comunit\u00e0ries.<\/p>\n\n\n\n<p>Tamb\u00e9 cal destacar <a href=\"https:\/\/cadmus.eui.eu\/home\" data-type=\"link\" data-id=\"https:\/\/cadmus.eui.eu\/home\" target=\"_blank\" rel=\"noreferrer noopener\">Cadmus<\/a>, el repositori institucional de l\u2019European University Institute, que dona acc\u00e9s en obert a la producci\u00f3 acad\u00e8mica de la instituci\u00f3, incloent-hi tesis doctorals, working papers, articles i altres publicacions cient\u00edfiques en l\u2019\u00e0mbit dels estudis europeus i les ci\u00e8ncies socials.<\/p>\n\n\n\n<p>Finalment, l\u2019<a href=\"https:\/\/biblioteca.ulpgc.es\/cde\/documentacion\/archivo-digital-espana-union-europea\" data-type=\"link\" data-id=\"https:\/\/biblioteca.ulpgc.es\/cde\/documentacion\/archivo-digital-espana-union-europea\" target=\"_blank\" rel=\"noreferrer noopener\">Archivo Digital Espa\u00f1a-Uni\u00f3n Europea (SEDAS)<\/a> \u00e9s un dip\u00f2sit digital d\u2019acc\u00e9s obert creat per 20 Centres de Documentaci\u00f3 Europea (CDE) d\u2019universitats espanyoles i per la Representaci\u00f3 de la Comissi\u00f3 Europea a Espanya, en col\u00b7laboraci\u00f3 amb la Secretaria d\u2019Estat per a la Uni\u00f3 Europea. Recull documents rellevants \u2014en format text, imatge, \u00e0udio i v\u00eddeo\u2014 sobre Espanya i la Uni\u00f3 Europea, aix\u00ed com producci\u00f3 intel\u00b7lectual universit\u00e0ria, principalment espanyola, en aquesta mat\u00e8ria.<\/p>\n\n\n\n<h2 class=\"wp-block-heading\">Revistes<\/h2>\n\n\n\n<p><a href=\"https:\/\/ced.revistas.deusto.es\/\" data-type=\"link\" data-id=\"https:\/\/ced.revistas.deusto.es\/\" target=\"_blank\" rel=\"noreferrer noopener\">Cuadernos Europeos de Deusto<\/a><\/p>\n\n\n\n<p><a href=\"https:\/\/kluwerlawonline.com\/Journals\/European+Foreign+Affairs+Review\/412\" data-type=\"link\" data-id=\"https:\/\/kluwerlawonline.com\/Journals\/European+Foreign+Affairs+Review\/412\" target=\"_blank\" rel=\"noreferrer noopener\">European Foreign Affairs Review<\/a><\/p>\n\n\n\n<p><a href=\"https:\/\/ejpr.onlinelibrary.wiley.com\/journal\/14756765\" data-type=\"link\" data-id=\"https:\/\/ejpr.onlinelibrary.wiley.com\/journal\/14756765\" target=\"_blank\" rel=\"noreferrer noopener\">European Journal of Political Research<\/a><\/p>\n\n\n\n<p><a href=\"https:\/\/journals.sagepub.com\/home\/eup\" data-type=\"link\" data-id=\"https:\/\/journals.sagepub.com\/home\/eup\" target=\"_blank\" rel=\"noreferrer noopener\">European Union Politics<\/a><\/p>\n\n\n\n<p><a href=\"https:\/\/onlinelibrary.wiley.com\/journal\/14685965\" data-type=\"link\" data-id=\"https:\/\/onlinelibrary.wiley.com\/journal\/14685965\" target=\"_blank\" rel=\"noreferrer noopener\">Journal of Common Market Studies<\/a><\/p>\n\n\n\n<p><a href=\"https:\/\/www.jcer.net\/index.php\/jcer\" data-type=\"link\" data-id=\"https:\/\/www.jcer.net\/index.php\/jcer\" target=\"_blank\" rel=\"noreferrer noopener\">Journal of Contemporary European Research<\/a><\/p>\n\n\n\n<p><a href=\"https:\/\/www.tandfonline.com\/journals\/geui20\" data-type=\"link\" data-id=\"https:\/\/www.tandfonline.com\/journals\/geui20\" target=\"_blank\" rel=\"noreferrer noopener\">Journal of European Integration<\/a><\/p>\n\n\n\n<p><a href=\"https:\/\/www.tandfonline.com\/journals\/rjpp20\" data-type=\"link\" data-id=\"https:\/\/www.tandfonline.com\/journals\/rjpp20\" target=\"_blank\" rel=\"noreferrer noopener\">Journal of European Public Policy<\/a><\/p>\n\n\n\n<p><a href=\"https:\/\/revistas.ucm.es\/index.php\/PADE\" data-type=\"link\" data-id=\"https:\/\/revistas.ucm.es\/index.php\/PADE\" target=\"_blank\" rel=\"noreferrer noopener\">Papeles de Europa<\/a><\/p>\n\n\n\n<p><a href=\"https:\/\/revistes.uab.cat\/quadernsiee\" data-type=\"link\" data-id=\"https:\/\/revistes.uab.cat\/quadernsiee\" target=\"_blank\" rel=\"noreferrer noopener\">Quaderns IEE: Revista de l&#8217;Institut d&#8217;Estudis Europeus<\/a><\/p>\n\n\n\n<p><a href=\"https:\/\/www.cepc.gob.es\/publicaciones\/revistas\/revista-de-derecho-comunitario-europeo\" data-type=\"link\" data-id=\"https:\/\/www.cepc.gob.es\/publicaciones\/revistas\/revista-de-derecho-comunitario-europeo\" target=\"_blank\" rel=\"noreferrer noopener\">Revista de Derecho Comunitario Europeo<\/a><\/p>\n\n\n\n<p><a href=\"https:\/\/revistas.uva.es\/index.php\/ree\/index\" data-type=\"link\" data-id=\"https:\/\/revistas.uva.es\/index.php\/ree\/index\" target=\"_blank\" rel=\"noreferrer noopener\">Revista de Estudios Europeos<\/a><\/p>\n\n\n\n<p><a href=\"https:\/\/www.iustel.com\/v2\/revistas\/detalle_revista.asp?numero=63&amp;id=13\" data-type=\"link\" data-id=\"https:\/\/www.iustel.com\/v2\/revistas\/detalle_revista.asp?numero=63&amp;id=13\" target=\"_blank\" rel=\"noreferrer noopener\">Revista General de Derecho Europeo<\/a><\/p>\n\n\n\n<h2 class=\"wp-block-heading\">Centres de recerca (think tanks)<\/h2>\n\n\n\n<p><a href=\"https:\/\/www.sv.uio.no\/arena\/english\/\" data-type=\"link\" data-id=\"https:\/\/www.sv.uio.no\/arena\/english\/\" target=\"_blank\" rel=\"noreferrer noopener\">ARENA Centre for European Studies<\/a><\/p>\n\n\n\n<p><a href=\"https:\/\/www.bruegel.org\/bruegel-european-think-tank-specialises-economics\" data-type=\"link\" data-id=\"https:\/\/www.bruegel.org\/bruegel-european-think-tank-specialises-economics\" target=\"_blank\" rel=\"noreferrer noopener\">Bru<\/a><a href=\"https:\/\/www.bruegel.org\/bruegel-european-think-tank-specialises-economics\" data-type=\"link\" data-id=\"https:\/\/www.bruegel.org\/bruegel-european-think-tank-specialises-economics\">egel<\/a><\/p>\n\n\n\n<p><a href=\"https:\/\/www.zei.uni-bonn.de\/en\/home?set_language=en\" data-type=\"link\" data-id=\"https:\/\/www.zei.uni-bonn.de\/en\/home?set_language=en\" target=\"_blank\" rel=\"noreferrer noopener\">Centre for European Integration Studies<\/a><\/p>\n\n\n\n<p><a href=\"https:\/\/www.ceps.eu\/\" target=\"_blank\" rel=\"noreferrer noopener\">Centre for European Policy Studies<\/a><\/p>\n\n\n\n<p><a href=\"https:\/\/confrontations.org\/\" data-type=\"link\" data-id=\"https:\/\/confrontations.org\/\" target=\"_blank\" rel=\"noreferrer noopener\">Confrontations Europe<\/a><\/p>\n\n\n\n<p><a href=\"https:\/\/ecfr.eu\/\" data-type=\"link\" data-id=\"https:\/\/ecfr.eu\/\" target=\"_blank\" rel=\"noreferrer noopener\">European Council on Foreign Relations<\/a><\/p>\n\n\n\n<p><a href=\"https:\/\/www.epc.eu\/\" data-type=\"link\" data-id=\"https:\/\/www.epc.eu\/en\" target=\"_blank\" rel=\"noreferrer noopener\">European Policy Centre<\/a><\/p>\n\n\n\n<p><a href=\"https:\/\/esthinktank.com\/\" data-type=\"link\" data-id=\"https:\/\/esthinktank.com\/\" target=\"_blank\" rel=\"noreferrer noopener\">European Student Think Tank<\/a><\/p>\n\n\n\n<p><a href=\"https:\/\/www.europeum.org\/en\/\" data-type=\"link\" data-id=\"https:\/\/www.europeum.org\/en\/\" target=\"_blank\" rel=\"noreferrer noopener\">EUROPEUM<\/a><\/p>\n\n\n\n<p><a href=\"https:\/\/www.robert-schuman.eu\/en\" data-type=\"link\" data-id=\"https:\/\/www.robert-schuman.eu\/en\" target=\"_blank\" rel=\"noreferrer noopener\">Fondation Robert Schuman<\/a><\/p>\n\n\n\n<p><a href=\"https:\/\/feps-europe.eu\/\" data-type=\"link\" data-id=\"https:\/\/feps-europe.eu\/\" target=\"_blank\" rel=\"noreferrer noopener\">Foundation for European Progressive Studies<\/a><\/p>\n\n\n\n<p><a href=\"https:\/\/www.delorscentre.eu\/en\/\" data-type=\"link\" data-id=\"https:\/\/www.delorscentre.eu\/en\/\" target=\"_blank\" rel=\"noreferrer noopener\">Hertie School Jacques Delors Centre<\/a><\/p>\n\n\n\n<p><a href=\"https:\/\/sieps.se\/en\/\" data-type=\"link\" data-id=\"https:\/\/www.sieps.se\/en\/\" target=\"_blank\" rel=\"noreferrer noopener\">Swedish Institute for European Policy Studies<\/a><\/p>\n\n\n\n<p><a href=\"https:\/\/www.martenscentre.eu\/\" data-type=\"link\" data-id=\"https:\/\/www.martenscentre.eu\/\" target=\"_blank\" rel=\"noreferrer noopener\">Wilfried Martens Centre for European Studies<\/a><\/p>\n\n\n\n<p class=\"has-text-align-right\">Darrera actualitzaci\u00f3: 24.2.2026<\/p>\n","protected":false},"excerpt":{"rendered":"<p>Bases de dades i portals L\u2019Oficina de Publicacions de la Uni\u00f3 Europea \u00e9s el prove\u00efdor oficial de serveis editorials per a totes les institucions, \u00f2rgans i ag\u00e8ncies de la UE. Al seu portal es poden consultar no nom\u00e9s totes les publicacions oficials, sin\u00f3 tamb\u00e9 la legislaci\u00f3 de la UE, resultats de recerca, el directori oficial [&hellip;]<\/p>\n","protected":false},"author":50,"featured_media":0,"parent":0,"menu_order":0,"comment_status":"closed","ping_status":"closed","template":"","meta":{"footnotes":""},"class_list":["post-1557","page","type-page","status-publish","hentry"],"_links":{"self":[{"href":"https:\/\/webs.uab.cat\/fontsue\/wp-json\/wp\/v2\/pages\/1557","targetHints":{"allow":["GET"]}}],"collection":[{"href":"https:\/\/webs.uab.cat\/fontsue\/wp-json\/wp\/v2\/pages"}],"about":[{"href":"https:\/\/webs.uab.cat\/fontsue\/wp-json\/wp\/v2\/types\/page"}],"author":[{"embeddable":true,"href":"https:\/\/webs.uab.cat\/fontsue\/wp-json\/wp\/v2\/users\/50"}],"replies":[{"embeddable":true,"href":"https:\/\/webs.uab.cat\/fontsue\/wp-json\/wp\/v2\/comments?post=1557"}],"version-history":[{"count":39,"href":"https:\/\/webs.uab.cat\/fontsue\/wp-json\/wp\/v2\/pages\/1557\/revisions"}],"predecessor-version":[{"id":1761,"href":"https:\/\/webs.uab.cat\/fontsue\/wp-json\/wp\/v2\/pages\/1557\/revisions\/1761"}],"wp:attachment":[{"href":"https:\/\/webs.uab.cat\/fontsue\/wp-json\/wp\/v2\/media?parent=1557"}],"curies":[{"name":"wp","href":"https:\/\/api.w.org\/{rel}","templated":true}]}}

<h2 class="wp-block-heading">Bases de dades i portals</h2>



<p>L’<a href="https://op.europa.eu/en/home" data-type="link" data-id="https://op.europa.eu/en/home" target="_blank" rel="noreferrer noopener">Oficina de Publicacions de la Unió Europea</a> és el proveïdor oficial de serveis editorials per a totes les institucions, òrgans i agències de la UE. Al seu portal es poden consultar no només totes les publicacions oficials, sinó també la legislació de la UE, resultats de recerca, el directori oficial de la UE, licitacions i altra informació institucional rellevant.</p>



<p>Al <a href="https://ec-europa-finder.primo.exlibrisgroup.com/discovery/search?vid=32EUC_INST:VU1" data-type="link" data-id="https://ec-europa-finder.primo.exlibrisgroup.com/discovery/search?vid=32EUC_INST:VU1" target="_blank" rel="noreferrer noopener">catàleg de les biblioteques de la Comissió Europea (Find-eR</a>), a més de les fonts oficials, s’hi poden localitzar nombroses referències de publicacions científiques. És possible que alguns documents no siguin accessibles directament des d’aquesta base de dades; en aquests casos, es poden cercar al catàleg de les biblioteques de la UAB/CCUC. El més important és identificar correctament la referència bibliogràfica per poder localitzar-la posteriorment al nostre catàleg.</p>



<p>La base de dades <a href="https://www.europarl.europa.eu/thinktank/es/home" data-type="link" data-id="https://www.europarl.europa.eu/thinktank/es/home" target="_blank" rel="noreferrer noopener">Think Tank del Parlament Europeu</a> recull publicacions elaborades per donar suport als diputats i al personal del Parlament Europeu en la seva tasca parlamentària. Es tracta, per tant, de documents d’alt nivell i de gran interès per als investigadors.</p>



<p>El <a href="https://www.consilium.europa.eu/es/documents-publications/council-research-papers/#latest" data-type="link" data-id="https://www.consilium.europa.eu/es/documents-publications/council-research-papers/#latest" target="_blank" rel="noreferrer noopener">Consell de la UE</a> disposa d’un equip d’anàlisi i recerca que elabora una àmplia gamma d’articles i publicacions. Aquestes aborden tant l’evolució geopolítica actual com les tendències a llarg termini, incloent-hi qüestions com les transicions verda i digital.</p>



<p>L’<a href="https://aei.pitt.edu/information.html" data-type="link" data-id="https://aei.pitt.edu/information.html" target="_blank" rel="noreferrer noopener">Archive of European Integration</a>, de la University of Pittsburgh, és un dipòsit i arxiu electrònic dedicat a materials de recerca sobre la integració europea des d’una perspectiva històrica. Inclou documents antics que, en alguns casos, només es troben digitalitzats en aquesta base de dades.</p>



<p>En la mateixa línia, els <a href="https://www.eui.eu/en/academic-units/historical-archives-of-the-european-union" data-type="link" data-id="https://www.eui.eu/en/academic-units/historical-archives-of-the-european-union" target="_blank" rel="noreferrer noopener">Historical Archives of the European Union</a>, amb seu a l’European University Institute (EUI) de Florència, conserven i posen a disposició del públic els arxius històrics de les institucions de la UE, així com fons privats de personalitats, moviments i organitzacions rellevants per a la història de la integració europea. Constitueixen una font essencial per a la recerca històrica sobre el procés d’integració europea i el desenvolupament de les polítiques comunitàries.</p>



<p>També cal destacar <a href="https://cadmus.eui.eu/home" data-type="link" data-id="https://cadmus.eui.eu/home" target="_blank" rel="noreferrer noopener">Cadmus</a>, el repositori institucional de l’European University Institute, que dona accés en obert a la producció acadèmica de la institució, incloent-hi tesis doctorals, working papers, articles i altres publicacions científiques en l’àmbit dels estudis europeus i les ciències socials.</p>



<p>Finalment, l’<a href="https://biblioteca.ulpgc.es/cde/documentacion/archivo-digital-espana-union-europea" data-type="link" data-id="https://biblioteca.ulpgc.es/cde/documentacion/archivo-digital-espana-union-europea" target="_blank" rel="noreferrer noopener">Archivo Digital España-Unión Europea (SEDAS)</a> és un dipòsit digital d’accés obert creat per 20 Centres de Documentació Europea (CDE) d’universitats espanyoles i per la Representació de la Comissió Europea a Espanya, en col·laboració amb la Secretaria d’Estat per a la Unió Europea. Recull documents rellevants —en format text, imatge, àudio i vídeo— sobre Espanya i la Unió Europea, així com producció intel·lectual universitària, principalment espanyola, en aquesta matèria.</p>



<h2 class="wp-block-heading">Revistes</h2>



<p><a href="https://ced.revistas.deusto.es/" data-type="link" data-id="https://ced.revistas.deusto.es/" target="_blank" rel="noreferrer noopener">Cuadernos Europeos de Deusto</a></p>



<p><a href="https://kluwerlawonline.com/Journals/European+Foreign+Affairs+Review/412" data-type="link" data-id="https://kluwerlawonline.com/Journals/European+Foreign+Affairs+Review/412" target="_blank" rel="noreferrer noopener">European Foreign Affairs Review</a></p>



<p><a href="https://ejpr.onlinelibrary.wiley.com/journal/14756765" data-type="link" data-id="https://ejpr.onlinelibrary.wiley.com/journal/14756765" target="_blank" rel="noreferrer noopener">European Journal of Political Research</a></p>



<p><a href="https://journals.sagepub.com/home/eup" data-type="link" data-id="https://journals.sagepub.com/home/eup" target="_blank" rel="noreferrer noopener">European Union Politics</a></p>



<p><a href="https://onlinelibrary.wiley.com/journal/14685965" data-type="link" data-id="https://onlinelibrary.wiley.com/journal/14685965" target="_blank" rel="noreferrer noopener">Journal of Common Market Studies</a></p>



<p><a href="https://www.jcer.net/index.php/jcer" data-type="link" data-id="https://www.jcer.net/index.php/jcer" target="_blank" rel="noreferrer noopener">Journal of Contemporary European Research</a></p>



<p><a href="https://www.tandfonline.com/journals/geui20" data-type="link" data-id="https://www.tandfonline.com/journals/geui20" target="_blank" rel="noreferrer noopener">Journal of European Integration</a></p>



<p><a href="https://www.tandfonline.com/journals/rjpp20" data-type="link" data-id="https://www.tandfonline.com/journals/rjpp20" target="_blank" rel="noreferrer noopener">Journal of European Public Policy</a></p>



<p><a href="https://revistas.ucm.es/index.php/PADE" data-type="link" data-id="https://revistas.ucm.es/index.php/PADE" target="_blank" rel="noreferrer noopener">Papeles de Europa</a></p>



<p><a href="https://revistes.uab.cat/quadernsiee" data-type="link" data-id="https://revistes.uab.cat/quadernsiee" target="_blank" rel="noreferrer noopener">Quaderns IEE: Revista de l&#8217;Institut d&#8217;Estudis Europeus</a></p>



<p><a href="https://www.cepc.gob.es/publicaciones/revistas/revista-de-derecho-comunitario-europeo" data-type="link" data-id="https://www.cepc.gob.es/publicaciones/revistas/revista-de-derecho-comunitario-europeo" target="_blank" rel="noreferrer noopener">Revista de Derecho Comunitario Europeo</a></p>



<p><a href="https://revistas.uva.es/index.php/ree/index" data-type="link" data-id="https://revistas.uva.es/index.php/ree/index" target="_blank" rel="noreferrer noopener">Revista de Estudios Europeos</a></p>



<p><a href="https://www.iustel.com/v2/revistas/detalle_revista.asp?numero=63&amp;id=13" data-type="link" data-id="https://www.iustel.com/v2/revistas/detalle_revista.asp?numero=63&amp;id=13" target="_blank" rel="noreferrer noopener">Revista General de Derecho Europeo</a></p>



<h2 class="wp-block-heading">Centres de recerca (think tanks)</h2>



<p><a href="https://www.sv.uio.no/arena/english/" data-type="link" data-id="https://www.sv.uio.no/arena/english/" target="_blank" rel="noreferrer noopener">ARENA Centre for European Studies</a></p>



<p><a href="https://www.bruegel.org/bruegel-european-think-tank-specialises-economics" data-type="link" data-id="https://www.bruegel.org/bruegel-european-think-tank-specialises-economics" target="_blank" rel="noreferrer noopener">Bru</a><a href="https://www.bruegel.org/bruegel-european-think-tank-specialises-economics" data-type="link" data-id="https://www.bruegel.org/bruegel-european-think-tank-specialises-economics">egel</a></p>



<p><a href="https://www.zei.uni-bonn.de/en/home?set_language=en" data-type="link" data-id="https://www.zei.uni-bonn.de/en/home?set_language=en" target="_blank" rel="noreferrer noopener">Centre for European Integration Studies</a></p>



<p><a href="https://www.ceps.eu/" target="_blank" rel="noreferrer noopener">Centre for European Policy Studies</a></p>



<p><a href="https://confrontations.org/" data-type="link" data-id="https://confrontations.org/" target="_blank" rel="noreferrer noopener">Confrontations Europe</a></p>



<p><a href="https://ecfr.eu/" data-type="link" data-id="https://ecfr.eu/" target="_blank" rel="noreferrer noopener">European Council on Foreign Relations</a></p>



<p><a href="https://www.epc.eu/" data-type="link" data-id="https://www.epc.eu/en" target="_blank" rel="noreferrer noopener">European Policy Centre</a></p>



<p><a href="https://esthinktank.com/" data-type="link" data-id="https://esthinktank.com/" target="_blank" rel="noreferrer noopener">European Student Think Tank</a></p>



<p><a href="https://www.europeum.org/en/" data-type="link" data-id="https://www.europeum.org/en/" target="_blank" rel="noreferrer noopener">EUROPEUM</a></p>



<p><a href="https://www.robert-schuman.eu/en" data-type="link" data-id="https://www.robert-schuman.eu/en" target="_blank" rel="noreferrer noopener">Fondation Robert Schuman</a></p>



<p><a href="https://feps-europe.eu/" data-type="link" data-id="https://feps-europe.eu/" target="_blank" rel="noreferrer noopener">Foundation for European Progressive Studies</a></p>



<p><a href="https://www.delorscentre.eu/en/" data-type="link" data-id="https://www.delorscentre.eu/en/" target="_blank" rel="noreferrer noopener">Hertie School Jacques Delors Centre</a></p>



<p><a href="https://sieps.se/en/" data-type="link" data-id="https://www.sieps.se/en/" target="_blank" rel="noreferrer noopener">Swedish Institute for European Policy Studies</a></p>



<p><a href="https://www.martenscentre.eu/" data-type="link" data-id="https://www.martenscentre.eu/" target="_blank" rel="noreferrer noopener">Wilfried Martens Centre for European Studies</a></p>



<p class="has-text-align-right">Darrera actualització: 24.2.2026</p>

<p>Bases de dades i portals L’Oficina de Publicacions de la Unió Europea és el proveïdor oficial de serveis editorials per a totes les institucions, òrgans i agències de la UE. Al seu portal es poden consultar no només totes les publicacions oficials, sinó també la legislació de la UE, resultats de recerca, el directori oficial [&hellip;]</p>
