{"id":1797,"date":"2026-08-18T18:59:27","date_gmt":"2026-08-18T18:59:27","guid":{"rendered":"https:\/\/webs.uab.cat\/fontsue\/?page_id=1797"},"modified":"2026-08-19T10:20:31","modified_gmt":"2026-08-19T10:20:31","slug":"recursos-educatius","status":"publish","type":"page","link":"https:\/\/webs.uab.cat\/fontsue\/recursos-educatius\/","title":{"rendered":"RECURSOS EDUCATIUS"},"content":{"rendered":"\n<p class=\"wp-block-paragraph\">Els docents d&#8217;escoles i instituts que vulguin treballar la Uni\u00f3 Europea a l&#8217;aula trobaran materials i recursos educatius adaptats a diferents edats i nivells educatius.<\/p>\n\n\n\n<ul class=\"wp-block-list\">\n<li><a href=\"https:\/\/learning-corner.learning.europa.eu\/index_es\"><strong>Zona d&#8217;aprenentatge de la Uni\u00f3 Europea<\/strong><\/a><br>Recursos educatius de la Uni\u00f3 Europea per ajudar l&#8217;alumnat a con\u00e8ixer Europa, les seves institucions, les seves pol\u00edtiques i els drets i valors europeus, amb materials adaptats a diferents edats.<\/li>\n\n\n\n<li><a href=\"https:\/\/barcelona.spain.representation.ec.europa.eu\/viure-treballar-i-estudiar\/recursos-pedagogics_ca\"><strong>Recursos pedag\u00f2gics de la Representaci\u00f3 de la Comissi\u00f3 Europea a Barcelona<\/strong><\/a><br>Selecci\u00f3 de materials i recursos per treballar la Uni\u00f3 Europea a les aules d&#8217;escoles i instituts.<\/li>\n<\/ul>\n\n\n\n<h2 class=\"wp-block-heading\">Activitats del CDE UAB<\/h2>\n\n\n\n<p class=\"wp-block-paragraph\">El Centre de Documentaci\u00f3 Europea de la UAB organitza regularment activitats adre\u00e7ades a escoles i instituts per apropar la Uni\u00f3 Europea a l&#8217;alumnat d&#8217;una manera participativa i adaptada als diferents nivells educatius.<\/p>\n\n\n\n<p class=\"wp-block-paragraph\">Podeu consultar <a href=\"https:\/\/webs.uab.cat\/cdeanuncis\/category\/escoles-instituts\/\"><strong>l&#8217;oferta actual d&#8217;activitats per a escoles i instituts<\/strong><\/a>.<\/p>\n\n\n\n<p class=\"wp-block-paragraph\">Per obtenir m\u00e9s informaci\u00f3 o <strong>sol\u00b7licitar una activitat per al vostre centre educatiu, podeu contactar amb el Centre de Documentaci\u00f3 Europea de la UAB a trav\u00e9s del <\/strong><a href=\"https:\/\/tiquets.uab.cat\/servicedesk\/customer\/portal\/14\/user\/login?destination=portal%2F14%2Fcreate%2F371\"><strong>formulari de contacte i sol\u00b7licitud d&#8217;activitats<\/strong><\/a>.<\/p>\n\n\n\n<p class=\"wp-block-paragraph\"><\/p>\n","protected":false},"excerpt":{"rendered":"<p>Els docents d&#8217;escoles i instituts que vulguin treballar la Uni\u00f3 Europea a l&#8217;aula trobaran materials i recursos educatius adaptats a diferents edats i nivells educatius. Activitats del CDE UAB El Centre de Documentaci\u00f3 Europea de la UAB organitza regularment activitats adre\u00e7ades a escoles i instituts per apropar la Uni\u00f3 Europea a l&#8217;alumnat d&#8217;una manera participativa [&hellip;]<\/p>\n","protected":false},"author":50,"featured_media":0,"parent":0,"menu_order":0,"comment_status":"closed","ping_status":"closed","template":"","meta":{"footnotes":""},"class_list":["post-1797","page","type-page","status-publish","hentry"],"_links":{"self":[{"href":"https:\/\/webs.uab.cat\/fontsue\/wp-json\/wp\/v2\/pages\/1797","targetHints":{"allow":["GET"]}}],"collection":[{"href":"https:\/\/webs.uab.cat\/fontsue\/wp-json\/wp\/v2\/pages"}],"about":[{"href":"https:\/\/webs.uab.cat\/fontsue\/wp-json\/wp\/v2\/types\/page"}],"author":[{"embeddable":true,"href":"https:\/\/webs.uab.cat\/fontsue\/wp-json\/wp\/v2\/users\/50"}],"replies":[{"embeddable":true,"href":"https:\/\/webs.uab.cat\/fontsue\/wp-json\/wp\/v2\/comments?post=1797"}],"version-history":[{"count":3,"href":"https:\/\/webs.uab.cat\/fontsue\/wp-json\/wp\/v2\/pages\/1797\/revisions"}],"predecessor-version":[{"id":1856,"href":"https:\/\/webs.uab.cat\/fontsue\/wp-json\/wp\/v2\/pages\/1797\/revisions\/1856"}],"wp:attachment":[{"href":"https:\/\/webs.uab.cat\/fontsue\/wp-json\/wp\/v2\/media?parent=1797"}],"curies":[{"name":"wp","href":"https:\/\/api.w.org\/{rel}","templated":true}]}}

<p class="wp-block-paragraph">Els docents d&#8217;escoles i instituts que vulguin treballar la Unió Europea a l&#8217;aula trobaran materials i recursos educatius adaptats a diferents edats i nivells educatius.</p>



<ul class="wp-block-list">
<li><a href="https://learning-corner.learning.europa.eu/index_es"><strong>Zona d&#8217;aprenentatge de la Unió Europea</strong></a><br>Recursos educatius de la Unió Europea per ajudar l&#8217;alumnat a conèixer Europa, les seves institucions, les seves polítiques i els drets i valors europeus, amb materials adaptats a diferents edats.</li>



<li><a href="https://barcelona.spain.representation.ec.europa.eu/viure-treballar-i-estudiar/recursos-pedagogics_ca"><strong>Recursos pedagògics de la Representació de la Comissió Europea a Barcelona</strong></a><br>Selecció de materials i recursos per treballar la Unió Europea a les aules d&#8217;escoles i instituts.</li>
</ul>



<h2 class="wp-block-heading">Activitats del CDE UAB</h2>



<p class="wp-block-paragraph">El Centre de Documentació Europea de la UAB organitza regularment activitats adreçades a escoles i instituts per apropar la Unió Europea a l&#8217;alumnat d&#8217;una manera participativa i adaptada als diferents nivells educatius.</p>



<p class="wp-block-paragraph">Podeu consultar <a href="https://webs.uab.cat/cdeanuncis/category/escoles-instituts/"><strong>l&#8217;oferta actual d&#8217;activitats per a escoles i instituts</strong></a>.</p>



<p class="wp-block-paragraph">Per obtenir més informació o <strong>sol·licitar una activitat per al vostre centre educatiu, podeu contactar amb el Centre de Documentació Europea de la UAB a través del </strong><a href="https://tiquets.uab.cat/servicedesk/customer/portal/14/user/login?destination=portal%2F14%2Fcreate%2F371"><strong>formulari de contacte i sol·licitud d&#8217;activitats</strong></a>.</p>



<p class="wp-block-paragraph"></p>

<p>Els docents d&#8217;escoles i instituts que vulguin treballar la Unió Europea a l&#8217;aula trobaran materials i recursos educatius adaptats a diferents edats i nivells educatius. Activitats del CDE UAB El Centre de Documentació Europea de la UAB organitza regularment activitats adreçades a escoles i instituts per apropar la Unió Europea a l&#8217;alumnat d&#8217;una manera participativa [&hellip;]</p>
