{"id":1799,"date":"2026-08-18T18:59:59","date_gmt":"2026-08-18T18:59:59","guid":{"rendered":"https:\/\/webs.uab.cat\/fontsue\/?page_id=1799"},"modified":"2026-08-20T12:35:27","modified_gmt":"2026-08-20T12:35:27","slug":"actualitat-europea","status":"publish","type":"page","link":"https:\/\/webs.uab.cat\/fontsue\/actualitat-europea\/","title":{"rendered":"ACTUALITAT DE LA UE"},"content":{"rendered":"\n<p class=\"wp-block-paragraph\">Per seguir l&#8217;actualitat de la Uni\u00f3 Europea, podeu consultar directament les fonts d&#8217;informaci\u00f3 de les seves principals institucions. Aquests recursos ofereixen not\u00edcies, comunicats de premsa, declaracions, informaci\u00f3 sobre les seves activitats i decisions, i altres continguts d&#8217;actualitat.<\/p>\n\n\n\n<ul class=\"wp-block-list\">\n<li><a href=\"https:\/\/ec.europa.eu\/commission\/presscorner\/home\/en\"><strong>Comissi\u00f3 Europea \u2013 Sala de premsa<\/strong><\/a><br>Comunicats de premsa, declaracions i altres informacions sobre les activitats i decisions de la Comissi\u00f3 Europea.<\/li>\n\n\n\n<li><a href=\"https:\/\/www.europarl.europa.eu\/news\/es\/pressroom\/\"><strong>Parlament Europeu \u2013 Sala de premsa<\/strong><\/a><br>Not\u00edcies, comunicats de premsa i informaci\u00f3 sobre l&#8217;activitat del Parlament Europeu, les sessions plen\u00e0ries i les comissions parlament\u00e0ries.<\/li>\n\n\n\n<li><a href=\"https:\/\/www.consilium.europa.eu\/en\/press\/\"><strong>Consell de la Uni\u00f3 Europea \u2013 Premsa<\/strong><\/a><br>Not\u00edcies, comunicats de premsa i declaracions sobre les activitats del Consell de la Uni\u00f3 Europea i del Consell Europeu.<\/li>\n\n\n\n<li><a href=\"https:\/\/curia.europa.eu\/site\/jcms\/d2_5158\/en\/\"><strong>Tribunal de Just\u00edcia de la Uni\u00f3 Europea \u2013 Comunicats de premsa<\/strong><\/a><br>Comunicats de premsa sobre sent\u00e8ncies, conclusions i altres assumptes d&#8217;inter\u00e8s del Tribunal de Just\u00edcia de la Uni\u00f3 Europea.<\/li>\n<\/ul>\n","protected":false},"excerpt":{"rendered":"<p>Per seguir l&#8217;actualitat de la Uni\u00f3 Europea, podeu consultar directament les fonts d&#8217;informaci\u00f3 de les seves principals institucions. Aquests recursos ofereixen not\u00edcies, comunicats de premsa, declaracions, informaci\u00f3 sobre les seves activitats i decisions, i altres continguts d&#8217;actualitat.<\/p>\n","protected":false},"author":50,"featured_media":0,"parent":0,"menu_order":0,"comment_status":"closed","ping_status":"closed","template":"","meta":{"footnotes":""},"class_list":["post-1799","page","type-page","status-publish","hentry"],"_links":{"self":[{"href":"https:\/\/webs.uab.cat\/fontsue\/wp-json\/wp\/v2\/pages\/1799","targetHints":{"allow":["GET"]}}],"collection":[{"href":"https:\/\/webs.uab.cat\/fontsue\/wp-json\/wp\/v2\/pages"}],"about":[{"href":"https:\/\/webs.uab.cat\/fontsue\/wp-json\/wp\/v2\/types\/page"}],"author":[{"embeddable":true,"href":"https:\/\/webs.uab.cat\/fontsue\/wp-json\/wp\/v2\/users\/50"}],"replies":[{"embeddable":true,"href":"https:\/\/webs.uab.cat\/fontsue\/wp-json\/wp\/v2\/comments?post=1799"}],"version-history":[{"count":5,"href":"https:\/\/webs.uab.cat\/fontsue\/wp-json\/wp\/v2\/pages\/1799\/revisions"}],"predecessor-version":[{"id":2132,"href":"https:\/\/webs.uab.cat\/fontsue\/wp-json\/wp\/v2\/pages\/1799\/revisions\/2132"}],"wp:attachment":[{"href":"https:\/\/webs.uab.cat\/fontsue\/wp-json\/wp\/v2\/media?parent=1799"}],"curies":[{"name":"wp","href":"https:\/\/api.w.org\/{rel}","templated":true}]}}

<p class="wp-block-paragraph">Per seguir l&#8217;actualitat de la Unió Europea, podeu consultar directament les fonts d&#8217;informació de les seves principals institucions. Aquests recursos ofereixen notícies, comunicats de premsa, declaracions, informació sobre les seves activitats i decisions, i altres continguts d&#8217;actualitat.</p>



<ul class="wp-block-list">
<li><a href="https://ec.europa.eu/commission/presscorner/home/en"><strong>Comissió Europea – Sala de premsa</strong></a><br>Comunicats de premsa, declaracions i altres informacions sobre les activitats i decisions de la Comissió Europea.</li>



<li><a href="https://www.europarl.europa.eu/news/es/pressroom/"><strong>Parlament Europeu – Sala de premsa</strong></a><br>Notícies, comunicats de premsa i informació sobre l&#8217;activitat del Parlament Europeu, les sessions plenàries i les comissions parlamentàries.</li>



<li><a href="https://www.consilium.europa.eu/en/press/"><strong>Consell de la Unió Europea – Premsa</strong></a><br>Notícies, comunicats de premsa i declaracions sobre les activitats del Consell de la Unió Europea i del Consell Europeu.</li>



<li><a href="https://curia.europa.eu/site/jcms/d2_5158/en/"><strong>Tribunal de Justícia de la Unió Europea – Comunicats de premsa</strong></a><br>Comunicats de premsa sobre sentències, conclusions i altres assumptes d&#8217;interès del Tribunal de Justícia de la Unió Europea.</li>
</ul>

<p>Per seguir l&#8217;actualitat de la Unió Europea, podeu consultar directament les fonts d&#8217;informació de les seves principals institucions. Aquests recursos ofereixen notícies, comunicats de premsa, declaracions, informació sobre les seves activitats i decisions, i altres continguts d&#8217;actualitat.</p>
