{"id":1843,"date":"2026-08-19T09:48:33","date_gmt":"2026-08-19T09:48:33","guid":{"rendered":"https:\/\/webs.uab.cat\/fontsue\/?page_id=1843"},"modified":"2026-08-19T10:01:52","modified_gmt":"2026-08-19T10:01:52","slug":"premsa-i-blogs","status":"publish","type":"page","link":"https:\/\/webs.uab.cat\/fontsue\/premsa-i-blogs\/","title":{"rendered":"PREMSA I BLOGS"},"content":{"rendered":"\n<p class=\"wp-block-paragraph\">Per seguir l&#8217;actualitat europea m\u00e9s enll\u00e0 de les fonts institucionals, podeu consultar una selecci\u00f3 de mitjans de comunicaci\u00f3 i blogs especialitzats en la Uni\u00f3 Europea. Aquests recursos permeten seguir l&#8217;actualitat pol\u00edtica europea, les negociacions institucionals i el debat sobre les principals pol\u00edtiques de la UE des de diferents perspectives.<\/p>\n\n\n\n<h2 class=\"wp-block-heading\">Premsa<\/h2>\n\n\n\n<p class=\"wp-block-paragraph\"><a href=\"https:\/\/euobserver.com\/\"><strong>euobserver<\/strong><\/a><br>Mitj\u00e0 independent especialitzat en assumptes europeus, amb informaci\u00f3 i an\u00e0lisi sobre les institucions, les pol\u00edtiques de la UE i l&#8217;evoluci\u00f3 de la integraci\u00f3 europea.<\/p>\n\n\n\n<p class=\"wp-block-paragraph\"><a href=\"https:\/\/www.euractiv.com\/\"><strong>Euractiv<\/strong><\/a><br>Mitj\u00e0 de comunicaci\u00f3 especialitzat en les pol\u00edtiques de la Uni\u00f3 Europea, amb informaci\u00f3 sobre l&#8217;actualitat institucional i pol\u00edtica europea i edicions en diverses lleng\u00fces.<\/p>\n\n\n\n<p class=\"wp-block-paragraph\"><a href=\"https:\/\/www.politico.eu\/\"><strong>POLITICO Europe<\/strong><\/a><br>Mitj\u00e0 especialitzat en pol\u00edtica europea que ofereix informaci\u00f3 i an\u00e0lisi sobre les institucions de la UE, els governs dels estats membres i els principals actors pol\u00edtics europeus.<\/p>\n\n\n\n<p class=\"wp-block-paragraph\"><a href=\"https:\/\/www.europeancorrespondent.com\/\"><strong>The European Correspondent<\/strong><\/a><br>Mitj\u00e0 digital orientat a la informaci\u00f3 i l&#8217;an\u00e0lisi sobre Europa, amb una perspectiva especialment centrada en la pol\u00edtica i els debats que afecten la ciutadania europea.<\/p>\n\n\n\n<p class=\"wp-block-paragraph\"><a href=\"https:\/\/voxeurop.eu\/\"><strong>Voxeurop<\/strong><\/a><br>Mitj\u00e0 europeu multiling\u00fce que ofereix not\u00edcies, an\u00e0lisis i articles d&#8217;opini\u00f3 sobre q\u00fcestions europees des d&#8217;una perspectiva transnacional.<\/p>\n\n\n\n<h2 class=\"wp-block-heading\">Blogs i recursos d&#8217;an\u00e0lisi<\/h2>\n\n\n\n<p class=\"wp-block-paragraph\"><strong><a href=\"https:\/\/eulawlive.com\/\">EU Law Live<\/a><\/strong><br>Portal especialitzat en dret de la Uni\u00f3 Europea que ofereix informaci\u00f3 i an\u00e0lisi sobre jurisprud\u00e8ncia, legislaci\u00f3 i desenvolupaments recents del dret europeu. <strong>Acc\u00e9s per subscripci\u00f3 per a la comunitat universit\u00e0ria de la UAB.<\/strong><\/p>\n\n\n\n<p class=\"wp-block-paragraph\"><a href=\"https:\/\/europeanlawblog.eu\/\"><strong>European Law Blog<\/strong><\/a><br>Blog acad\u00e8mic dedicat al dret de la Uni\u00f3 Europea, amb comentaris i an\u00e0lisis sobre jurisprud\u00e8ncia, legislaci\u00f3 i desenvolupaments recents del dret europeu.<\/p>\n\n\n\n<p class=\"wp-block-paragraph\"><a href=\"https:\/\/blogs.lse.ac.uk\/europpblog\/\"><strong>EUROPP \u2013 European Politics and Policy<\/strong><\/a><br>Blog de la London School of Economics and Political Science que publica an\u00e0lisis i comentaris d&#8217;investigadors i experts sobre pol\u00edtica europea i les principals q\u00fcestions de l&#8217;agenda de la UE.<\/p>\n\n\n\n<p class=\"wp-block-paragraph\"><a href=\"https:\/\/legrandcontinent.eu\/en\/\"><strong>Le Grand Continent<\/strong><\/a><br>Revista digital dedicada al debat d&#8217;idees i a l&#8217;an\u00e0lisi de q\u00fcestions pol\u00edtiques i geopol\u00edtiques europees i internacionals.<\/p>\n\n\n\n<p class=\"wp-block-paragraph\"><a href=\"https:\/\/verfassungsblog.de\/\"><strong>Verfassungsblog<\/strong><\/a><br>Blog acad\u00e8mic especialitzat en dret constitucional i europeu, amb comentaris i an\u00e0lisis sobre q\u00fcestions jur\u00eddiques i pol\u00edtiques d&#8217;actualitat europea.<\/p>\n\n\n\n<p class=\"wp-block-paragraph\"><\/p>\n","protected":false},"excerpt":{"rendered":"<p>Per seguir l&#8217;actualitat europea m\u00e9s enll\u00e0 de les fonts institucionals, podeu consultar una selecci\u00f3 de mitjans de comunicaci\u00f3 i blogs especialitzats en la Uni\u00f3 Europea. Aquests recursos permeten seguir l&#8217;actualitat pol\u00edtica europea, les negociacions institucionals i el debat sobre les principals pol\u00edtiques de la UE des de diferents perspectives. Premsa euobserverMitj\u00e0 independent especialitzat en assumptes [&hellip;]<\/p>\n","protected":false},"author":50,"featured_media":0,"parent":0,"menu_order":0,"comment_status":"closed","ping_status":"closed","template":"","meta":{"footnotes":""},"class_list":["post-1843","page","type-page","status-publish","hentry"],"_links":{"self":[{"href":"https:\/\/webs.uab.cat\/fontsue\/wp-json\/wp\/v2\/pages\/1843","targetHints":{"allow":["GET"]}}],"collection":[{"href":"https:\/\/webs.uab.cat\/fontsue\/wp-json\/wp\/v2\/pages"}],"about":[{"href":"https:\/\/webs.uab.cat\/fontsue\/wp-json\/wp\/v2\/types\/page"}],"author":[{"embeddable":true,"href":"https:\/\/webs.uab.cat\/fontsue\/wp-json\/wp\/v2\/users\/50"}],"replies":[{"embeddable":true,"href":"https:\/\/webs.uab.cat\/fontsue\/wp-json\/wp\/v2\/comments?post=1843"}],"version-history":[{"count":6,"href":"https:\/\/webs.uab.cat\/fontsue\/wp-json\/wp\/v2\/pages\/1843\/revisions"}],"predecessor-version":[{"id":1854,"href":"https:\/\/webs.uab.cat\/fontsue\/wp-json\/wp\/v2\/pages\/1843\/revisions\/1854"}],"wp:attachment":[{"href":"https:\/\/webs.uab.cat\/fontsue\/wp-json\/wp\/v2\/media?parent=1843"}],"curies":[{"name":"wp","href":"https:\/\/api.w.org\/{rel}","templated":true}]}}

<p class="wp-block-paragraph">Per seguir l&#8217;actualitat europea més enllà de les fonts institucionals, podeu consultar una selecció de mitjans de comunicació i blogs especialitzats en la Unió Europea. Aquests recursos permeten seguir l&#8217;actualitat política europea, les negociacions institucionals i el debat sobre les principals polítiques de la UE des de diferents perspectives.</p>



<h2 class="wp-block-heading">Premsa</h2>



<p class="wp-block-paragraph"><a href="https://euobserver.com/"><strong>euobserver</strong></a><br>Mitjà independent especialitzat en assumptes europeus, amb informació i anàlisi sobre les institucions, les polítiques de la UE i l&#8217;evolució de la integració europea.</p>



<p class="wp-block-paragraph"><a href="https://www.euractiv.com/"><strong>Euractiv</strong></a><br>Mitjà de comunicació especialitzat en les polítiques de la Unió Europea, amb informació sobre l&#8217;actualitat institucional i política europea i edicions en diverses llengües.</p>



<p class="wp-block-paragraph"><a href="https://www.politico.eu/"><strong>POLITICO Europe</strong></a><br>Mitjà especialitzat en política europea que ofereix informació i anàlisi sobre les institucions de la UE, els governs dels estats membres i els principals actors polítics europeus.</p>



<p class="wp-block-paragraph"><a href="https://www.europeancorrespondent.com/"><strong>The European Correspondent</strong></a><br>Mitjà digital orientat a la informació i l&#8217;anàlisi sobre Europa, amb una perspectiva especialment centrada en la política i els debats que afecten la ciutadania europea.</p>



<p class="wp-block-paragraph"><a href="https://voxeurop.eu/"><strong>Voxeurop</strong></a><br>Mitjà europeu multilingüe que ofereix notícies, anàlisis i articles d&#8217;opinió sobre qüestions europees des d&#8217;una perspectiva transnacional.</p>



<h2 class="wp-block-heading">Blogs i recursos d&#8217;anàlisi</h2>



<p class="wp-block-paragraph"><strong><a href="https://eulawlive.com/">EU Law Live</a></strong><br>Portal especialitzat en dret de la Unió Europea que ofereix informació i anàlisi sobre jurisprudència, legislació i desenvolupaments recents del dret europeu. <strong>Accés per subscripció per a la comunitat universitària de la UAB.</strong></p>



<p class="wp-block-paragraph"><a href="https://europeanlawblog.eu/"><strong>European Law Blog</strong></a><br>Blog acadèmic dedicat al dret de la Unió Europea, amb comentaris i anàlisis sobre jurisprudència, legislació i desenvolupaments recents del dret europeu.</p>



<p class="wp-block-paragraph"><a href="https://blogs.lse.ac.uk/europpblog/"><strong>EUROPP – European Politics and Policy</strong></a><br>Blog de la London School of Economics and Political Science que publica anàlisis i comentaris d&#8217;investigadors i experts sobre política europea i les principals qüestions de l&#8217;agenda de la UE.</p>



<p class="wp-block-paragraph"><a href="https://legrandcontinent.eu/en/"><strong>Le Grand Continent</strong></a><br>Revista digital dedicada al debat d&#8217;idees i a l&#8217;anàlisi de qüestions polítiques i geopolítiques europees i internacionals.</p>



<p class="wp-block-paragraph"><a href="https://verfassungsblog.de/"><strong>Verfassungsblog</strong></a><br>Blog acadèmic especialitzat en dret constitucional i europeu, amb comentaris i anàlisis sobre qüestions jurídiques i polítiques d&#8217;actualitat europea.</p>



<p class="wp-block-paragraph"></p>

<p>Per seguir l&#8217;actualitat europea més enllà de les fonts institucionals, podeu consultar una selecció de mitjans de comunicació i blogs especialitzats en la Unió Europea. Aquests recursos permeten seguir l&#8217;actualitat política europea, les negociacions institucionals i el debat sobre les principals polítiques de la UE des de diferents perspectives. Premsa euobserverMitjà independent especialitzat en assumptes [&hellip;]</p>
