{"id":44,"date":"2021-02-03T21:29:07","date_gmt":"2021-02-03T21:29:07","guid":{"rendered":"https:\/\/webs.uab.cat\/fontsue\/mercat-unic-empresa\/"},"modified":"2022-12-11T06:56:54","modified_gmt":"2022-12-11T06:56:54","slug":"mercat-unic-empresa","status":"publish","type":"page","link":"https:\/\/webs.uab.cat\/fontsue\/mercat-unic-empresa\/","title":{"rendered":"MERCAT \u00daNIC &amp; EMPRESA"},"content":{"rendered":"<table border=\"1\" cellspacing=\"1\" cellpadding=\"1\">\n<tbody>\n<tr>\n<td style=\"text-align: left\" colspan=\"2\" rowspan=\"1\"><a href=\"https:\/\/www.diigo.com\/user\/cde_uab\/?query=%23Mercat_unic\" target=\"_blank\" rel=\"noopener\"><strong>MERCAT INTERIOR\u00a0<\/strong><\/a><\/td>\n<\/tr>\n<tr>\n<td>\n<ul>\n<li><a href=\"https:\/\/www.diigo.com\/user\/cde_uab\/?query=%23Comercio_electronico\" target=\"_blank\" rel=\"noopener\">Comer\u00e7 electr\u00f2nic<\/a><\/li>\n<li><a href=\"https:\/\/www.diigo.com\/user\/cde_uab\/?query=%23EFTA\" target=\"_blank\" rel=\"noopener\">EFTA<\/a><\/li>\n<li><a href=\"https:\/\/www.diigo.com\/user\/cde_uab\/?query=%23Espai_Economic_Europeu\" target=\"_blank\" rel=\"noopener\">Espai Econ\u00f2mic Europeu<\/a><\/li>\n<li><a href=\"https:\/\/www.diigo.com\/user\/cde_uab?query=%23Mercat_unic+%23Estadistiques_Indicadors\" target=\"_blank\" rel=\"noopener\">Estad\u00edstiques<\/a><\/li>\n<li><a href=\"https:\/\/www.diigo.com\/user\/cde_uab?query=%23Mercat_unic+%23Fons_europeus\" target=\"_blank\" rel=\"noopener\">Fons europeus<\/a><\/li>\n<li><a href=\"https:\/\/www.diigo.com\/user\/cde_uab?query=%23Mercat_unic+%23Historia\" target=\"_blank\" rel=\"noopener\">Hist\u00f2ria<\/a><\/li>\n<li><a href=\"https:\/\/www.diigo.com\/user\/cde_uab\/?query=%23Identitat_digital_europea\" target=\"_blank\" rel=\"noopener\">Identitat digital europea<\/a><\/li>\n<li><a href=\"https:\/\/www.diigo.com\/user\/cde_uab\/?query=%23Mercat_unic+%23Coronavirus\" target=\"_blank\" rel=\"noopener\">Impacte de la COVID-19<\/a><\/li>\n<li><a href=\"https:\/\/www.diigo.com\/user\/cde_uab\/?query=%23Mercat_unic+%23Brexit\" target=\"_blank\" rel=\"noopener\">Impacte del\u00a0 Brexit<\/a><\/li>\n<li><a href=\"https:\/\/www.diigo.com\/user\/cde_uab?query=%23Mercat_unic+%23Dret_UE_Aplicacio\" target=\"_blank\" rel=\"noopener\">Infraccions<\/a><\/li>\n<li><a href=\"https:\/\/www.diigo.com\/user\/cde_uab\/?query=%23Integracio_europea\" target=\"_blank\" rel=\"noopener\">Integraci\u00f3 europea<\/a><\/li>\n<li><a href=\"https:\/\/www.diigo.com\/user\/cde_uab\/?query=%23Inversions_estrangeres\" target=\"_blank\" rel=\"noopener\">Inversions estrangeres<\/a><\/li>\n<li><a href=\"https:\/\/www.diigo.com\/user\/cde_uab?query=%23Mercat_unic+%23TJUE\" target=\"_blank\" rel=\"noopener\">Jurisprud\u00e8ncia<\/a><\/li>\n<li><a href=\"https:\/\/www.diigo.com\/user\/cde_uab?query=%23Mercat_unic+%23Dret_UE\" target=\"_blank\" rel=\"noopener\">Legislaci\u00f3<\/a><\/li>\n<\/ul>\n<\/td>\n<td>\n<ul>\n<li><a href=\"https:\/\/www.diigo.com\/user\/cde_uab\/?query=%23Mercat_unic_capitals\" target=\"_blank\" rel=\"noopener\">Mercat \u00fanic de capitals<\/a><\/li>\n<li><a href=\"https:\/\/www.diigo.com\/user\/cde_uab\/?query=%23Mercat_unic_digital\" target=\"_blank\" rel=\"noopener\">Mercat \u00fanic digital<\/a><\/li>\n<li><a href=\"https:\/\/www.diigo.com\/user\/cde_uab\/?query=%23Mercat_unic_serveis\" target=\"_blank\" rel=\"noopener\">Mercat \u00fanic de serveis<\/a><\/li>\n<li><a href=\"https:\/\/www.diigo.com\/user\/cde_uab\/?query=%23Estandarditzacio\" target=\"_blank\" rel=\"noopener\">Normalitzaci\u00f3 \/ Estandarditzaci\u00f3<\/a><\/li>\n<li><a href=\"https:\/\/www.diigo.com\/user\/cde_uab?query=%23Mercat_unic+%23Observatoris\" target=\"_blank\" rel=\"noopener\">Observatoris<\/a><\/li>\n<li><a href=\"https:\/\/www.diigo.com\/user\/cde_uab?query=%23Mercat_unic+%23Punts_informacio\" target=\"_blank\" rel=\"noopener\">Punts d&#8217;informaci\u00f3<\/a><\/li>\n<li><a href=\"https:\/\/www.diigo.com\/user\/cde_uab?query=%23Reconeixement_mutu\" target=\"_blank\" rel=\"noopener\">Reconeixement mutu<\/a><\/li>\n<li><a href=\"https:\/\/www.diigo.com\/user\/cde_uab\/?query=%23Serveis_publics\" target=\"_blank\" rel=\"noopener\">Serveis p\u00fablics<\/a><\/li>\n<li><a href=\"https:\/\/www.diigo.com\/user\/cde_uab\/?query=%23Unio_Bancaria\" target=\"_blank\" rel=\"noopener\">Uni\u00f3 banc\u00e0ria<\/a><\/li>\n<li><a href=\"https:\/\/www.diigo.com\/user\/cde_uab\/?query=%23Energia+%23Mercat_unic\" target=\"_blank\" rel=\"noopener\">Uni\u00f3 de l&#8217;energia<\/a><\/li>\n<li><a href=\"https:\/\/www.diigo.com\/user\/cde_uab\/?query=%23Fiscalitat+%23Mercat_unic\" target=\"_blank\" rel=\"noopener\">Uni\u00f3 Fiscal<\/a><\/li>\n<li><a href=\"https:\/\/www.diigo.com\/user\/cde_uab?query=%23Mercat_unic+%23VIdeos\" target=\"_blank\" rel=\"noopener\">V\u00eddeos<\/a><\/li>\n<\/ul>\n<\/td>\n<\/tr>\n<tr>\n<td style=\"text-align: left\" colspan=\"2\"><a href=\"https:\/\/www.diigo.com\/user\/cde_uab\/?query=%23Empresa_Industria\" target=\"_blank\" rel=\"noopener\">\u00a0<strong>EMPRESA I IND\u00daSTRIA<\/strong><\/a><\/td>\n<\/tr>\n<tr>\n<td>\n<ul>\n<li><a href=\"https:\/\/www.diigo.com\/user\/cde_uab\/?query=%23Gig_economy\" target=\"_blank\" rel=\"noopener\">Aut\u00f2noms<\/a><\/li>\n<li><a href=\"https:\/\/www.diigo.com\/user\/cde_uab?query=%23Cadena_subministre\" target=\"_blank\" rel=\"noopener\">Cadena de subministre<\/a><\/li>\n<li><a href=\"https:\/\/www.diigo.com\/user\/cde_uab\/?query=%23Cadena_de_valor\" target=\"_blank\" rel=\"noopener\">Cadena de valor<\/a><\/li>\n<li><a href=\"https:\/\/www.diigo.com\/user\/cde_uab\/?query=%23Competitivitat\" target=\"_blank\" rel=\"noopener\">Competitivitat<\/a><\/li>\n<li><a href=\"https:\/\/www.diigo.com\/user\/cde_uab\/?query=%23Informadors_filtradors_alertadors\" target=\"_blank\" rel=\"noopener\">Compliance<\/a><\/li>\n<li><a href=\"https:\/\/www.diigo.com\/user\/cde_uab\/?query=%23Economia_social\" target=\"_blank\" rel=\"noopener\">Cooperatives<\/a><\/li>\n<li><a href=\"https:\/\/www.diigo.com\/user\/cde_uab\/?query=%23Contractacio_publica\" target=\"_blank\" rel=\"noopener\">Contractaci\u00f3 p\u00fablica<\/a><\/li>\n<li><a href=\"https:\/\/www.diigo.com\/user\/cde_uab?query=%23Crisi+%23Empresa_Industria\" target=\"_blank\" rel=\"noopener\">Crisi<\/a><\/li>\n<li><a href=\"https:\/\/www.diigo.com\/user\/cde_uab\/?query=%23Empresa_Industria+%23Digitalitzacio\" target=\"_blank\" rel=\"noopener\">Digitalitzaci\u00f3<\/a><\/li>\n<li><a href=\"https:\/\/www.diigo.com\/user\/cde_uab\/?query=%23Diligencia_debida\" target=\"_blank\" rel=\"noopener\">Dilig\u00e8ncia deguda<\/a><\/li>\n<li><a href=\"https:\/\/www.diigo.com\/user\/cde_uab\/?query=%23Emprenedoria\" target=\"_blank\" rel=\"noopener\">Emprenedoria<\/a><\/li>\n<li><a href=\"https:\/\/www.diigo.com\/user\/cde_uab?query=%23Empresa_Industria+%23Estadistiques_Indicadors\" target=\"_blank\" rel=\"noopener\">Estad\u00edstiques<\/a><\/li>\n<li><a href=\"https:\/\/www.diigo.com\/user\/cde_uab\/?query=%23Empresa_Industria+%23Igualtat_genere\" target=\"_blank\" rel=\"noopener\">Igualtat de g\u00e8nere<\/a><\/li>\n<li><a href=\"https:\/\/www.diigo.com\/user\/cde_uab\/?query=%23Empresa_Industria+%23Globalitzacio\" target=\"_blank\" rel=\"noopener\">Internacionalitzaci\u00f3<\/a><\/li>\n<li><a href=\"https:\/\/www.diigo.com\/user\/cde_uab\/?query=%23Empresa_Industria+%23Coronavirus\" target=\"_blank\" rel=\"noopener\">Impacte de la Covid-19<\/a><\/li>\n<li><a href=\"https:\/\/www.diigo.com\/user\/cde_uab?query=%23Empresa_Industria+%23Brexit\" target=\"_blank\" rel=\"noopener\">Impacte del Brexit<\/a><\/li>\n<li><a href=\"https:\/\/www.diigo.com\/user\/cde_uab\/?query=%23Empresa_Industria+%23Investigacio_Innovacio\" target=\"_blank\" rel=\"noopener\">Innovaci\u00f3<\/a><\/li>\n<\/ul>\n<\/td>\n<td>\n<ul>\n<li><a href=\"https:\/\/www.diigo.com\/user\/cde_uab\/?query=%23Inversions\" target=\"_blank\" rel=\"noopener\">Inversions<\/a><\/li>\n<li><a href=\"https:\/\/www.diigo.com\/user\/cde_uab\/?query=%23Empresa_Industria+%23Dret_UE\" target=\"_blank\" rel=\"noopener\">Legislaci\u00f3<\/a><\/li>\n<li><a href=\"https:\/\/www.diigo.com\/user\/cde_uab?query=%23Empresa_Industria+%23Lobbies\" target=\"_blank\" rel=\"noopener\">Lobbies empresarials<\/a><\/li>\n<li><a href=\"https:\/\/www.diigo.com\/user\/cde_uab\/?query=%23Empresa_Industria+%23Medi_ambient\" target=\"_blank\" rel=\"noopener\">Medi ambient industrial<\/a><\/li>\n<li><a href=\"https:\/\/www.diigo.com\/user\/cde_uab?query=%23Multinacionals\" target=\"_blank\" rel=\"noopener\">Multinacionals<\/a><\/li>\n<li><a href=\"https:\/\/www.diigo.com\/user\/cde_uab?query=%23Propietat_intelectual_Patents\" target=\"_blank\" rel=\"noopener\">Patents i propietat intel\u00b7lectual<\/a><\/li>\n<li><a href=\"https:\/\/www.diigo.com\/user\/cde_uab\/?query=%23PIMEs\" target=\"_blank\" rel=\"noopener\">PIME<\/a><\/li>\n<li><a href=\"https:\/\/www.diigo.com\/user\/cde_uab\/?query=%23Plataformes_digitals\" target=\"_blank\" rel=\"noopener\">Plataformes digitals<\/a><\/li>\n<li><a href=\"https:\/\/www.diigo.com\/user\/cde_uab\/?query=%23Empresa_Industria+%23Premis\" target=\"_blank\" rel=\"noopener\">Premis<\/a><\/li>\n<li><a href=\"https:\/\/www.diigo.com\/user\/cde_uab\/?query=%23Materies_primeres\" target=\"_blank\" rel=\"noopener\">Primeres mat\u00e8ries<\/a><\/li>\n<li><a href=\"https:\/\/www.diigo.com\/user\/cde_uab\/?query=%23Empresa_Industria+%23Punts_informacio\" target=\"_blank\" rel=\"noopener\">Punts d&#8217;informaci\u00f3<\/a><\/li>\n<li><a href=\"https:\/\/www.diigo.com\/user\/cde_uab?query=%23Smart_regulation\" target=\"_blank\" rel=\"noopener\">Regulaci\u00f3 intel\u00b7ligent<\/a><\/li>\n<li><a href=\"https:\/\/www.diigo.com\/user\/cde_uab?query=%23RSC\" target=\"_blank\" rel=\"noopener\">Responsabilitat Social Corporativa<\/a><\/li>\n<li><a href=\"https:\/\/www.diigo.com\/user\/cde_uab?query=%23Secrets_comercials\" target=\"_blank\" rel=\"noopener\">Secrets comercials<\/a><\/li>\n<li><a href=\"https:\/\/www.diigo.com\/user\/cde_uab\/?query=%23Empresa_Industria+%23Sobirania\" target=\"_blank\" rel=\"noopener\">Sobirania industrial<\/a><\/li>\n<li><a href=\"https:\/\/www.diigo.com\/user\/cde_uab?query=%23Empresa_IndUstria+%23DescarbonitzaciO\" target=\"_blank\" rel=\"noopener\">Transici\u00f3 industrial<\/a><\/li>\n<li><a href=\"https:\/\/www.diigo.com\/user\/cde_uab\/?query=%23Empresa_Industria+%23VIdeos\" target=\"_blank\" rel=\"noopener\">V\u00eddeos<\/a><\/li>\n<\/ul>\n<\/td>\n<\/tr>\n<tr>\n<td colspan=\"2\"><strong><a href=\"https:\/\/www.diigo.com\/user\/cde_uab\/?query=%23Competencia\" target=\"_blank\" rel=\"noopener\">POL\u00cdTICA DE COMPET\u00c8NCIA<\/a><\/strong><\/td>\n<\/tr>\n<tr>\n<td>\n<ul>\n<li><a href=\"https:\/\/www.diigo.com\/user\/cde_uab\/?query=%23Abus_posicio_dominant\" target=\"_blank\" rel=\"noopener\">Ab\u00fas de posici\u00f3 dominant<\/a><\/li>\n<li><a href=\"https:\/\/www.diigo.com\/user\/cde_uab\/?query=%23Ajudes_publiques\" target=\"_blank\" rel=\"noopener\">Ajudes p\u00fabliques<\/a><\/li>\n<li><a href=\"https:\/\/www.diigo.com\/user\/cde_uab\/?query=%23Antitrust\" target=\"_blank\" rel=\"noopener\">Antitrust<\/a><\/li>\n<li><a href=\"https:\/\/www.diigo.com\/user\/cde_uab\/?query=%23Cartels\" target=\"_blank\" rel=\"noopener\">C\u00e0rtels<\/a><\/li>\n<\/ul>\n<\/td>\n<td>\n<ul>\n<li><a href=\"https:\/\/www.diigo.com\/user\/cde_uab\/?query=%23Competencia\" target=\"_blank\" rel=\"noopener\">Defens<\/a><a href=\"https:\/\/www.diigo.com\/user\/cde_uab\/?query=%23Competencia\" target=\"_blank\" rel=\"noopener\">a de la compet\u00e8ncia<\/a><\/li>\n<li><a href=\"https:\/\/www.diigo.com\/user\/cde_uab\/?query=%23Fusio_empreses\" target=\"_blank\" rel=\"noopener\">Fusi\u00f3 d&#8217;empreses<\/a><\/li>\n<li><a href=\"https:\/\/www.diigo.com\/user\/cde_uab\/?query=%23Defensa_comercial\" target=\"_blank\" rel=\"noopener\">Mesures de defensa comercial<\/a><\/li>\n<\/ul>\n<\/td>\n<\/tr>\n<tr>\n<td colspan=\"2\"><strong>SECTORS<\/strong><\/td>\n<\/tr>\n<tr>\n<td>\n<ul>\n<li><a href=\"https:\/\/www.diigo.com\/user\/cde_uab\/?query=%23Empresa_Industria+%23Transport_aeri\" target=\"_blank\" rel=\"noopener\">Aeron\u00e0utica<\/a><\/li>\n<li><a href=\"https:\/\/www.diigo.com\/user\/cde_uab\/?query=%23Sector_agroalimentari\" target=\"_blank\" rel=\"noopener\">Agroalimentari<\/a><\/li>\n<li><a href=\"https:\/\/www.diigo.com\/user\/cde_uab?query=%23Assegurances\" target=\"_blank\" rel=\"noopener\">Assegurances<\/a><\/li>\n<li><a href=\"https:\/\/www.diigo.com\/user\/cde_uab\/?query=%23Cinema_TV_Radio+%23Empresa_Industria\" target=\"_blank\" rel=\"noopener\">Audiovisual<\/a><\/li>\n<li><a href=\"https:\/\/www.diigo.com\/user\/cde_uab\/?query=%23Automobils\" target=\"_blank\" rel=\"noopener\">Automotriu<\/a><\/li>\n<li><a href=\"https:\/\/www.diigo.com\/user\/cde_uab?query=%23Construccio\" target=\"_blank\" rel=\"noopener\">Construcci\u00f3<\/a><\/li>\n<li><a href=\"https:\/\/www.diigo.com\/user\/cde_uab?query=%23Empresa_Industria+Politica_Exterior_Seguretat\" target=\"_blank\" rel=\"noopener\">Defensa<\/a><\/li>\n<\/ul>\n<\/td>\n<td>\n<ul>\n<li><a href=\"https:\/\/www.diigo.com\/user\/cde_uab\/?query=%23Energia+%23Empresa_Industria\" target=\"_blank\" rel=\"noopener\">En\u00e8rgetic<\/a><\/li>\n<li><a href=\"https:\/\/www.diigo.com\/user\/cde_uab\/?query=%23Empresa_Industria+%23Medicines\" target=\"_blank\" rel=\"noopener\">Farmac\u00e8utic<\/a><\/li>\n<li><a href=\"https:\/\/www.diigo.com\/user\/cde_uab\/?query=%23Habitatge\" target=\"_blank\" rel=\"noopener\">Immobiliari<\/a><\/li>\n<li><a href=\"https:\/\/www.diigo.com\/user\/cde_uab\/?query=%23Industria_textil\" target=\"_blank\" rel=\"noopener\">T\u00e8xtil<\/a><\/li>\n<li><a href=\"https:\/\/www.diigo.com\/user\/cde_uab?query=%23Plataformes_digitals\" target=\"_blank\" rel=\"noopener\">Plataformes digitals<\/a><\/li>\n<li><a href=\"https:\/\/www.diigo.com\/user\/cde_uab\/?query=%23Empresa_Industria+%23Telecomunicacions\" target=\"_blank\" rel=\"noopener\">Telecomunicacions<\/a><\/li>\n<li><a href=\"https:\/\/www.diigo.com\/user\/cde_uab?query=%23Sector_terciari\" target=\"_blank\" rel=\"noopener\">Terciari<\/a><\/li>\n<\/ul>\n<\/td>\n<\/tr>\n<tr>\n<td colspan=\"2\"><strong><a href=\"https:\/\/www.diigo.com\/user\/cde_uab\/?query=%23Proteccio_consumidors\" target=\"_blank\" rel=\"noopener\">PROTECCI\u00d3 DELS CONSUMIDORS<\/a><\/strong><\/td>\n<\/tr>\n<tr>\n<td>\n<ul>\n<li><a href=\"https:\/\/www.diigo.com\/user\/cde_uab\/?query=%23Certificats_Etiquetes\" target=\"_blank\" rel=\"noopener\">Certificats i etiquetes<\/a><\/li>\n<li><a href=\"https:\/\/www.diigo.com\/user\/cde_uab\/?query=%23Demandas_colectivas\" target=\"_blank\" rel=\"noopener\">Demandes col\u00b7lectives<\/a><\/li>\n<li><a href=\"https:\/\/www.diigo.com\/user\/cde_uab\/?query=%23Empresa_Industria+%23Punts_informacio\" target=\"_blank\" rel=\"noopener\">Punts d&#8217;informaci\u00f3<\/a><\/li>\n<\/ul>\n<\/td>\n<td><\/td>\n<\/tr>\n<\/tbody>\n<\/table>\n","protected":false},"excerpt":{"rendered":"<p>MERCAT INTERIOR\u00a0 Comer\u00e7 electr\u00f2nic EFTA Espai Econ\u00f2mic Europeu Estad\u00edstiques Fons europeus Hist\u00f2ria Identitat digital europea Impacte de la COVID-19 Impacte del\u00a0 Brexit Infraccions Integraci\u00f3 europea Inversions estrangeres Jurisprud\u00e8ncia Legislaci\u00f3 Mercat \u00fanic de capitals Mercat \u00fanic digital Mercat \u00fanic de serveis Normalitzaci\u00f3 \/ Estandarditzaci\u00f3 Observatoris Punts d&#8217;informaci\u00f3 Reconeixement mutu Serveis p\u00fablics Uni\u00f3 banc\u00e0ria Uni\u00f3 de l&#8217;energia [&hellip;]<\/p>\n","protected":false},"author":20,"featured_media":0,"parent":0,"menu_order":0,"comment_status":"closed","ping_status":"closed","template":"","meta":{"footnotes":""},"class_list":["post-44","page","type-page","status-publish","hentry"],"_links":{"self":[{"href":"https:\/\/webs.uab.cat\/fontsue\/wp-json\/wp\/v2\/pages\/44","targetHints":{"allow":["GET"]}}],"collection":[{"href":"https:\/\/webs.uab.cat\/fontsue\/wp-json\/wp\/v2\/pages"}],"about":[{"href":"https:\/\/webs.uab.cat\/fontsue\/wp-json\/wp\/v2\/types\/page"}],"author":[{"embeddable":true,"href":"https:\/\/webs.uab.cat\/fontsue\/wp-json\/wp\/v2\/users\/20"}],"replies":[{"embeddable":true,"href":"https:\/\/webs.uab.cat\/fontsue\/wp-json\/wp\/v2\/comments?post=44"}],"version-history":[{"count":71,"href":"https:\/\/webs.uab.cat\/fontsue\/wp-json\/wp\/v2\/pages\/44\/revisions"}],"predecessor-version":[{"id":1427,"href":"https:\/\/webs.uab.cat\/fontsue\/wp-json\/wp\/v2\/pages\/44\/revisions\/1427"}],"wp:attachment":[{"href":"https:\/\/webs.uab.cat\/fontsue\/wp-json\/wp\/v2\/media?parent=44"}],"curies":[{"name":"wp","href":"https:\/\/api.w.org\/{rel}","templated":true}]}}