{"id":52,"date":"2021-02-14T01:57:46","date_gmt":"2021-02-14T01:57:46","guid":{"rendered":"https:\/\/webs.uab.cat\/fontsue\/salut-publica\/"},"modified":"2023-09-28T08:00:53","modified_gmt":"2023-09-28T08:00:53","slug":"salut-publica","status":"publish","type":"page","link":"https:\/\/webs.uab.cat\/fontsue\/salut-publica\/","title":{"rendered":"SALUT P\u00daBLICA"},"content":{"rendered":"<table border=\"1\" cellspacing=\"1\" cellpadding=\"1\">\n<tbody>\n<tr>\n<td colspan=\"2\"><a href=\"https:\/\/www.diigo.com\/user\/cde_uab?query=%23Salut\" target=\"_blank\" rel=\"noopener\"><strong>SALUT<\/strong><\/a><\/td>\n<\/tr>\n<tr>\n<td>\n<ul>\n<li><a href=\"https:\/\/www.diigo.com\/user\/cde_uab\/?query=%23Salut+%23Lliure_circulaciO\" target=\"_blank\" rel=\"noopener\">Assist\u00e8ncia sanit\u00e0ria transfronterera<\/a><\/li>\n<li><a href=\"https:\/\/www.diigo.com\/user\/cde_uab?query=%23Big_data+%23Salut\" target=\"_blank\" rel=\"noopener\">Big data<\/a><\/li>\n<li><a href=\"https:\/\/www.diigo.com\/user\/cde_uab?query=%23ECDC\" target=\"_blank\" rel=\"noopener\">Control de les malalties<\/a><\/li>\n<li><a href=\"https:\/\/www.diigo.com\/user\/cde_uab\/?query=%23Salut+%23Despesa_publica\" target=\"_blank\" rel=\"noopener\">Despesa p\u00fablica<\/a><\/li>\n<li><a href=\"https:\/\/www.diigo.com\/user\/cde_uab\/?query=%23Drets_sexuals_reproductius\" target=\"_blank\" rel=\"noopener\">Drets sexuals i reproductius<\/a><\/li>\n<li><a href=\"https:\/\/www.diigo.com\/user\/cde_uab\/?query=%23Hospitals\" target=\"_blank\" rel=\"noopener\">Hospitals<\/a><\/li>\n<li><a href=\"https:\/\/www.diigo.com\/user\/cde_uab\/?query=%23Salut+%23Investigacio_Innovacio\" target=\"_blank\" rel=\"noopener\">Innovaci\u00f3<\/a><\/li>\n<li><a href=\"https:\/\/www.diigo.com\/user\/cde_uab?query=%23Medicines\" target=\"_blank\" rel=\"noopener\">Medicines<\/a><\/li>\n<\/ul>\n<\/td>\n<td>\n<ul>\n<li><a href=\"https:\/\/www.diigo.com\/user\/cde_uab?query=%23OMS\" target=\"_blank\" rel=\"noopener\">OMS<\/a><\/li>\n<li><a href=\"https:\/\/www.diigo.com\/user\/cde_uab?query=%23Salut+%23Proteccio_dades_Privacitat\" target=\"_blank\" rel=\"noopener\">Protecci\u00f3 de dades<\/a><\/li>\n<li><a href=\"https:\/\/www.diigo.com\/user\/cde_uab\/?query=%23Seguretat_alimentaria\" target=\"_blank\" rel=\"noopener\">Seguretat aliment\u00e0ria<\/a><\/li>\n<li><a href=\"https:\/\/www.diigo.com\/user\/cde_uab?query=%23Treball_Salut_Seguretat\" target=\"_blank\" rel=\"noopener\">Seguretat i salut laboral<\/a><\/li>\n<li><a href=\"https:\/\/www.diigo.com\/user\/cde_uab?query=%23Seguretat_social\" target=\"_blank\" rel=\"noopener\">Seguretat social<\/a><\/li>\n<li><a href=\"https:\/\/www.diigo.com\/user\/cde_uab?query=%23Digitalitzacio+%23Salut\" target=\"_blank\" rel=\"noopener\">Telemedicina<\/a><\/li>\n<li><a href=\"https:\/\/www.diigo.com\/user\/cde_uab\/?query=%23Vacunes\" target=\"_blank\" rel=\"noopener\">Vacunes<\/a><\/li>\n<\/ul>\n<\/td>\n<\/tr>\n<tr>\n<td colspan=\"2\"><strong>BRANQUES SANIT\u00c0RIES I MALALTIES<\/strong><\/td>\n<\/tr>\n<tr>\n<td>\n<ul>\n<li><a href=\"https:\/\/www.diigo.com\/user\/cde_uab\/?query=%23Epidemies\" target=\"_blank\" rel=\"noopener\">Epid\u00e8mies<\/a>\n<ul>\n<li><a href=\"https:\/\/www.diigo.com\/user\/cde_uab\/?query=%23Coronavirus+%23Salut\" target=\"_blank\" rel=\"noopener\">Covid-19<\/a><\/li>\n<li><a href=\"https:\/\/www.diigo.com\/user\/cde_uab\/?query=%23Verola\" target=\"_blank\" rel=\"noopener\">Verola del mico<\/a><\/li>\n<\/ul>\n<\/li>\n<li><a href=\"https:\/\/www.diigo.com\/user\/cde_uab\/?query=%23Genetica\" target=\"_blank\" rel=\"noopener\">Gen\u00e8tica<\/a><\/li>\n<li><a href=\"https:\/\/www.diigo.com\/user\/cde_uab\/?query=%23Igualtat_genere+%23Salut\" target=\"_blank\" rel=\"noopener\">Ginecologia<\/a><\/li>\n<\/ul>\n<\/td>\n<td>\n<ul>\n<li><a href=\"https:\/\/www.diigo.com\/user\/cde_uab\/?query=%23Malalties_minoritaries\" target=\"_blank\" rel=\"noopener\">Malalties minorit\u00e0ries<\/a><\/li>\n<li><a href=\"https:\/\/www.diigo.com\/user\/cde_uab\/?query=%23Cancer\" target=\"_blank\" rel=\"noopener\">Oncologia<\/a><\/li>\n<li><a href=\"https:\/\/www.diigo.com\/user\/cde_uab?query=%23Salut+%23Infants\" target=\"_blank\" rel=\"noopener\">Pediatria<\/a><\/li>\n<li><a href=\"https:\/\/www.diigo.com\/user\/cde_uab\/?query=%23Salut_mental\" target=\"_blank\" rel=\"noopener\">Psiquiatria<\/a><\/li>\n<li><a href=\"https:\/\/www.diigo.com\/user\/cde_uab\/?query=%23SIDA\" target=\"_blank\" rel=\"noopener\">SIDA<\/a><\/li>\n<\/ul>\n<\/td>\n<\/tr>\n<tr>\n<td><strong>QUALITAT DE VIDA<\/strong><\/td>\n<td><\/td>\n<\/tr>\n<tr>\n<td>\n<ul>\n<li>Addiccions\n<ul>\n<li><a href=\"https:\/\/www.diigo.com\/user\/cde_uab\/?query=%23Drogoaddiccio\" target=\"_blank\" rel=\"noopener\">Drogues<\/a><\/li>\n<li><a href=\"https:\/\/www.diigo.com\/user\/cde_uab?query=%23tabaquisme\" target=\"_blank\" rel=\"noopener\">Tabac<\/a><\/li>\n<\/ul>\n<\/li>\n<li><a href=\"https:\/\/www.diigo.com\/user\/cde_uab?query=%23Benestar\" target=\"_blank\" rel=\"noopener\">Benestar<\/a>\n<ul>\n<li><a href=\"https:\/\/www.diigo.com\/user\/cde_uab?query=%23Nutricio\" target=\"_blank\" rel=\"noopener\">Nutrici\u00f3<\/a><\/li>\n<li><a href=\"https:\/\/www.diigo.com\/user\/cde_uab\/?query=%23Esports\" target=\"_blank\" rel=\"noopener\">Esport<\/a><\/li>\n<\/ul>\n<\/li>\n<li><a href=\"https:\/\/www.diigo.com\/user\/cde_uab?query=+%23Medi_ambient+%23Salut\" target=\"_blank\" rel=\"noopener\">Medi ambient i salut<\/a>\n<ul>\n<li><a href=\"https:\/\/www.diigo.com\/user\/cde_uab\/?query=%23Contaminacio\" target=\"_blank\" rel=\"noopener\">Contaminaci\u00f3<\/a><\/li>\n<li><a href=\"https:\/\/www.diigo.com\/user\/cde_uab\/?query=%23OMG\" target=\"_blank\" rel=\"noopener\">OMG<\/a><\/li>\n<li><a href=\"https:\/\/www.diigo.com\/user\/cde_uab\/?query=%23Quimics\" target=\"_blank\" rel=\"noopener\">Productes qu\u00edmics<\/a><\/li>\n<li><a href=\"https:\/\/www.diigo.com\/user\/cde_uab\/?query=%23Antimicrobial_resistance\" target=\"_blank\" rel=\"noopener\">Resist\u00e8ncia als antimicrobians<\/a><\/li>\n<\/ul>\n<\/li>\n<\/ul>\n<\/td>\n<td>\n<ul>\n<li><a href=\"https:\/\/www.diigo.com\/user\/cde_uab?query=%23Discapacitat\" target=\"_blank\" rel=\"noopener\">Discapacitat<\/a>\n<ul>\n<li><a href=\"https:\/\/www.diigo.com\/user\/cde_uab\/?query=%23Accessiblitat\" target=\"_blank\" rel=\"noopener\">Accessibilitat<\/a><\/li>\n<\/ul>\n<\/li>\n<li>Esperan\u00e7a de vida\n<ul>\n<li><a href=\"https:\/\/www.diigo.com\/user\/cde_uab\/?query=%23Envelliment\" target=\"_blank\" rel=\"noopener\">Envelliment<\/a><\/li>\n<li><a href=\"https:\/\/www.diigo.com\/user\/cde_uab?query=%23Longevitat\" target=\"_blank\" rel=\"noopener\">Longevitat<\/a><\/li>\n<li><a href=\"https:\/\/www.diigo.com\/user\/cde_uab\/?query=%23Mortalitat\" target=\"_blank\" rel=\"noopener\">Mortalitat<\/a><\/li>\n<li><a href=\"https:\/\/www.diigo.com\/user\/cde_uab?query=%23Natalitat\" target=\"_blank\" rel=\"noopener\">Natalitat<\/a><\/li>\n<li><a href=\"https:\/\/www.diigo.com\/user\/cde_uab?query=%23Violencia\" target=\"_blank\" rel=\"noopener\">Viol\u00e8ncia<\/a><\/li>\n<\/ul>\n<\/li>\n<\/ul>\n<\/td>\n<\/tr>\n<\/tbody>\n<\/table>\n","protected":false},"excerpt":{"rendered":"<p>SALUT Assist\u00e8ncia sanit\u00e0ria transfronterera Big data Control de les malalties Despesa p\u00fablica Drets sexuals i reproductius Hospitals Innovaci\u00f3 Medicines OMS Protecci\u00f3 de dades Seguretat aliment\u00e0ria Seguretat i salut laboral Seguretat social Telemedicina Vacunes BRANQUES SANIT\u00c0RIES I MALALTIES Epid\u00e8mies Covid-19 Verola del mico Gen\u00e8tica Ginecologia Malalties minorit\u00e0ries Oncologia Pediatria Psiquiatria SIDA QUALITAT DE VIDA Addiccions Drogues [&hellip;]<\/p>\n","protected":false},"author":20,"featured_media":0,"parent":0,"menu_order":0,"comment_status":"closed","ping_status":"closed","template":"","meta":{"footnotes":""},"class_list":["post-52","page","type-page","status-publish","hentry"],"_links":{"self":[{"href":"https:\/\/webs.uab.cat\/fontsue\/wp-json\/wp\/v2\/pages\/52","targetHints":{"allow":["GET"]}}],"collection":[{"href":"https:\/\/webs.uab.cat\/fontsue\/wp-json\/wp\/v2\/pages"}],"about":[{"href":"https:\/\/webs.uab.cat\/fontsue\/wp-json\/wp\/v2\/types\/page"}],"author":[{"embeddable":true,"href":"https:\/\/webs.uab.cat\/fontsue\/wp-json\/wp\/v2\/users\/20"}],"replies":[{"embeddable":true,"href":"https:\/\/webs.uab.cat\/fontsue\/wp-json\/wp\/v2\/comments?post=52"}],"version-history":[{"count":44,"href":"https:\/\/webs.uab.cat\/fontsue\/wp-json\/wp\/v2\/pages\/52\/revisions"}],"predecessor-version":[{"id":1465,"href":"https:\/\/webs.uab.cat\/fontsue\/wp-json\/wp\/v2\/pages\/52\/revisions\/1465"}],"wp:attachment":[{"href":"https:\/\/webs.uab.cat\/fontsue\/wp-json\/wp\/v2\/media?parent=52"}],"curies":[{"name":"wp","href":"https:\/\/api.w.org\/{rel}","templated":true}]}}