{"id":222,"date":"2026-01-19T09:03:06","date_gmt":"2026-01-19T07:03:06","guid":{"rendered":"https:\/\/webs.uab.cat\/forti\/?page_id=222"},"modified":"2026-02-25T17:52:47","modified_gmt":"2026-02-25T15:52:47","slug":"miembros","status":"publish","type":"page","link":"https:\/\/webs.uab.cat\/forti\/miembros\/","title":{"rendered":"Miembros"},"content":{"rendered":"\n<h2 class=\"wp-block-heading\">Personal Docente e Investigador UAB <\/h2>\n\n\n\n<p><\/p>\n\n\n\n<div class=\"wp-block-media-text is-stacked-on-mobile is-vertically-aligned-top\" style=\"grid-template-columns:27% auto\"><figure class=\"wp-block-media-text__media\"><img loading=\"lazy\" decoding=\"async\" width=\"300\" height=\"386\" src=\"https:\/\/webs.uab.cat\/forti\/wp-content\/uploads\/sites\/324\/2026\/01\/Patricia-Rodriguez-1.png\" alt=\"Dra. Patricia Rodr\u00edguez-In\u00e9s (coordinadora\/IP)\" class=\"wp-image-170 size-full\" srcset=\"https:\/\/webs.uab.cat\/forti\/wp-content\/uploads\/sites\/324\/2026\/01\/Patricia-Rodriguez-1.png 300w, https:\/\/webs.uab.cat\/forti\/wp-content\/uploads\/sites\/324\/2026\/01\/Patricia-Rodriguez-1-233x300.png 233w\" sizes=\"auto, (max-width: 300px) 100vw, 300px\" \/><\/figure><div class=\"wp-block-media-text__content\">\n<p><strong>Dra. Patricia Rodr\u00edguez-In\u00e9s <\/strong><br>(Coordinadora\/IP)<\/p>\n<\/div><\/div>\n\n\n\n<div class=\"wp-block-media-text is-stacked-on-mobile is-vertically-aligned-top\" style=\"grid-template-columns:27% auto\"><figure class=\"wp-block-media-text__media\"><img loading=\"lazy\" decoding=\"async\" width=\"146\" height=\"183\" src=\"https:\/\/webs.uab.cat\/forti\/wp-content\/uploads\/sites\/324\/2026\/02\/Mari-Carme-1.webp\" alt=\"\" class=\"wp-image-242 size-full\" \/><\/figure><div class=\"wp-block-media-text__content\">\n<p><strong>Dra. Mari Carme Esp\u00edn Garc\u00eda<\/strong><\/p>\n<\/div><\/div>\n\n\n\n<div class=\"wp-block-media-text is-stacked-on-mobile is-vertically-aligned-top\" style=\"grid-template-columns:27% auto\"><figure class=\"wp-block-media-text__media\"><img loading=\"lazy\" decoding=\"async\" width=\"300\" height=\"386\" src=\"https:\/\/webs.uab.cat\/forti\/wp-content\/uploads\/sites\/324\/2026\/01\/Anabel-Galan.png\" alt=\"Dra. Anabel Gal\u00e1n-Ma\u00f1as\" class=\"wp-image-163 size-full\" srcset=\"https:\/\/webs.uab.cat\/forti\/wp-content\/uploads\/sites\/324\/2026\/01\/Anabel-Galan.png 300w, https:\/\/webs.uab.cat\/forti\/wp-content\/uploads\/sites\/324\/2026\/01\/Anabel-Galan-233x300.png 233w\" sizes=\"auto, (max-width: 300px) 100vw, 300px\" \/><\/figure><div class=\"wp-block-media-text__content\">\n<p><strong>Dra. Anabel Gal\u00e1n-Ma\u00f1as<\/strong><\/p>\n<\/div><\/div>\n\n\n\n<div class=\"wp-block-media-text is-stacked-on-mobile is-vertically-aligned-top\" style=\"grid-template-columns:27% auto\"><figure class=\"wp-block-media-text__media\"><img loading=\"lazy\" decoding=\"async\" width=\"300\" height=\"386\" src=\"https:\/\/webs.uab.cat\/forti\/wp-content\/uploads\/sites\/324\/2026\/01\/sonia-gonzalez.png\" alt=\"Dra. Sonia Gonz\u00e1lez Cruz\" class=\"wp-image-167 size-full\" srcset=\"https:\/\/webs.uab.cat\/forti\/wp-content\/uploads\/sites\/324\/2026\/01\/sonia-gonzalez.png 300w, https:\/\/webs.uab.cat\/forti\/wp-content\/uploads\/sites\/324\/2026\/01\/sonia-gonzalez-233x300.png 233w\" sizes=\"auto, (max-width: 300px) 100vw, 300px\" \/><\/figure><div class=\"wp-block-media-text__content\">\n<p><strong>Dra. Sonia Gonz\u00e1lez Cruz<\/strong><\/p>\n<\/div><\/div>\n\n\n\n<div class=\"wp-block-media-text is-stacked-on-mobile is-vertically-aligned-top\" style=\"grid-template-columns:27% auto\"><figure class=\"wp-block-media-text__media\"><img loading=\"lazy\" decoding=\"async\" width=\"300\" height=\"386\" src=\"https:\/\/webs.uab.cat\/forti\/wp-content\/uploads\/sites\/324\/2026\/01\/Inna-Koslova.png\" alt=\"Dra. Inna Koslova\" class=\"wp-image-162 size-full\" srcset=\"https:\/\/webs.uab.cat\/forti\/wp-content\/uploads\/sites\/324\/2026\/01\/Inna-Koslova.png 300w, https:\/\/webs.uab.cat\/forti\/wp-content\/uploads\/sites\/324\/2026\/01\/Inna-Koslova-233x300.png 233w\" sizes=\"auto, (max-width: 300px) 100vw, 300px\" \/><\/figure><div class=\"wp-block-media-text__content\">\n<p><strong>Dra. Inna Kozlova<\/strong><\/p>\n<\/div><\/div>\n\n\n\n<h2 class=\"wp-block-heading\">Personal Investigador en Formaci\u00f3n<\/h2>\n\n\n\n<p><\/p>\n\n\n\n<div class=\"wp-block-media-text is-stacked-on-mobile is-vertically-aligned-top\" style=\"grid-template-columns:27% auto\"><figure class=\"wp-block-media-text__media\"><img loading=\"lazy\" decoding=\"async\" width=\"300\" height=\"386\" src=\"https:\/\/webs.uab.cat\/forti\/wp-content\/uploads\/sites\/324\/2026\/01\/claudia-tena-arceo-1.jpg\" alt=\"Claudia Tena Arceo\" class=\"wp-image-226 size-full\" srcset=\"https:\/\/webs.uab.cat\/forti\/wp-content\/uploads\/sites\/324\/2026\/01\/claudia-tena-arceo-1.jpg 300w, https:\/\/webs.uab.cat\/forti\/wp-content\/uploads\/sites\/324\/2026\/01\/claudia-tena-arceo-1-233x300.jpg 233w\" sizes=\"auto, (max-width: 300px) 100vw, 300px\" \/><\/figure><div class=\"wp-block-media-text__content\">\n<p><strong>Claudia Tena Arceo<\/strong><br>(Beca predoctoral Fundaci\u00f3n Ram\u00f3n Areces)<\/p>\n<\/div><\/div>\n\n\n\n<h2 class=\"wp-block-heading\"><strong>Colaboradoras<\/strong><\/h2>\n\n\n\n<div class=\"wp-block-media-text is-stacked-on-mobile is-vertically-aligned-top\" style=\"grid-template-columns:27% auto\"><figure class=\"wp-block-media-text__media\"><img loading=\"lazy\" decoding=\"async\" width=\"300\" height=\"386\" src=\"https:\/\/webs.uab.cat\/forti\/wp-content\/uploads\/sites\/324\/2026\/01\/vittoria-ambrosini.png\" alt=\"Dra. Maria Vittoria Ambrosini (UNIBO y Editorial Difusi\u00f3n)\" class=\"wp-image-160 size-full\" srcset=\"https:\/\/webs.uab.cat\/forti\/wp-content\/uploads\/sites\/324\/2026\/01\/vittoria-ambrosini.png 300w, https:\/\/webs.uab.cat\/forti\/wp-content\/uploads\/sites\/324\/2026\/01\/vittoria-ambrosini-233x300.png 233w\" sizes=\"auto, (max-width: 300px) 100vw, 300px\" \/><\/figure><div class=\"wp-block-media-text__content\">\n<p><strong>Dra. Maria Vittoria Ambrosini <\/strong><br>(UNIBO y Editorial Difusi\u00f3n)<\/p>\n<\/div><\/div>\n\n\n\n<div class=\"wp-block-media-text is-stacked-on-mobile is-vertically-aligned-top\" style=\"grid-template-columns:27% auto\"><figure class=\"wp-block-media-text__media\"><img loading=\"lazy\" decoding=\"async\" width=\"300\" height=\"386\" src=\"https:\/\/webs.uab.cat\/forti\/wp-content\/uploads\/sites\/324\/2026\/01\/veronica-lopez.png\" alt=\"Dra. Ver\u00f2nica L\u00f3pez Garcia (cofundadora de Sounds&amp;Words)\" class=\"wp-image-165 size-full\" srcset=\"https:\/\/webs.uab.cat\/forti\/wp-content\/uploads\/sites\/324\/2026\/01\/veronica-lopez.png 300w, https:\/\/webs.uab.cat\/forti\/wp-content\/uploads\/sites\/324\/2026\/01\/veronica-lopez-233x300.png 233w\" sizes=\"auto, (max-width: 300px) 100vw, 300px\" \/><\/figure><div class=\"wp-block-media-text__content\">\n<p><strong>Dra. Ver\u00f2nica L\u00f3pez Garcia <\/strong><br>(Cofundadora de Sounds&amp;Words)<\/p>\n<\/div><\/div>\n\n\n\n<div class=\"wp-block-media-text is-stacked-on-mobile is-vertically-aligned-top\" style=\"grid-template-columns:27% auto\"><figure class=\"wp-block-media-text__media\"><img loading=\"lazy\" decoding=\"async\" width=\"300\" height=\"386\" src=\"https:\/\/webs.uab.cat\/forti\/wp-content\/uploads\/sites\/324\/2026\/01\/001-yifan-miao.png\" alt=\"Dra. Yifan Miao\" class=\"wp-image-159 size-full\" srcset=\"https:\/\/webs.uab.cat\/forti\/wp-content\/uploads\/sites\/324\/2026\/01\/001-yifan-miao.png 300w, https:\/\/webs.uab.cat\/forti\/wp-content\/uploads\/sites\/324\/2026\/01\/001-yifan-miao-233x300.png 233w\" sizes=\"auto, (max-width: 300px) 100vw, 300px\" \/><\/figure><div class=\"wp-block-media-text__content\">\n<p><strong>Dra. Yifan Miao<\/strong><\/p>\n<\/div><\/div>\n\n\n\n<div class=\"wp-block-media-text is-stacked-on-mobile is-vertically-aligned-top\" style=\"grid-template-columns:27% auto\"><figure class=\"wp-block-media-text__media\"><img loading=\"lazy\" decoding=\"async\" width=\"400\" height=\"400\" src=\"https:\/\/webs.uab.cat\/forti\/wp-content\/uploads\/sites\/324\/2026\/02\/foto-shabnam-jpeg.jpeg\" alt=\"\" class=\"wp-image-232 size-full\" srcset=\"https:\/\/webs.uab.cat\/forti\/wp-content\/uploads\/sites\/324\/2026\/02\/foto-shabnam-jpeg.jpeg 400w, https:\/\/webs.uab.cat\/forti\/wp-content\/uploads\/sites\/324\/2026\/02\/foto-shabnam-jpeg-300x300.jpeg 300w, https:\/\/webs.uab.cat\/forti\/wp-content\/uploads\/sites\/324\/2026\/02\/foto-shabnam-jpeg-150x150.jpeg 150w\" sizes=\"auto, (max-width: 400px) 100vw, 400px\" \/><\/figure><div class=\"wp-block-media-text__content\">\n<p><strong>Dra. Shabnam Naderi<\/strong><\/p>\n<\/div><\/div>\n\n\n\n<div class=\"wp-block-media-text is-stacked-on-mobile is-vertically-aligned-top\" style=\"grid-template-columns:27% auto\"><figure class=\"wp-block-media-text__media\"><img loading=\"lazy\" decoding=\"async\" width=\"300\" height=\"386\" src=\"https:\/\/webs.uab.cat\/forti\/wp-content\/uploads\/sites\/324\/2026\/01\/renata-vilaca.png\" alt=\"Dra. Renata Cristina Vila\u00e7a Cruz\" class=\"wp-image-164 size-full\" srcset=\"https:\/\/webs.uab.cat\/forti\/wp-content\/uploads\/sites\/324\/2026\/01\/renata-vilaca.png 300w, https:\/\/webs.uab.cat\/forti\/wp-content\/uploads\/sites\/324\/2026\/01\/renata-vilaca-233x300.png 233w\" sizes=\"auto, (max-width: 300px) 100vw, 300px\" \/><\/figure><div class=\"wp-block-media-text__content\">\n<p><strong>Dra. Renata Cristina Vila\u00e7a Cruz<\/strong><\/p>\n<\/div><\/div>\n\n\n\n<h2 class=\"wp-block-heading\"><strong>Doctorandos<\/strong><\/h2>\n\n\n\n<div class=\"wp-block-media-text is-stacked-on-mobile is-vertically-aligned-top\" style=\"grid-template-columns:27% auto\"><figure class=\"wp-block-media-text__media\"><img loading=\"lazy\" decoding=\"async\" width=\"300\" height=\"386\" src=\"https:\/\/webs.uab.cat\/forti\/wp-content\/uploads\/sites\/324\/2026\/01\/jose-ednilson-gomes.png\" alt=\"Jos\u00e9 Ednilson Gomes (UAB)\" class=\"wp-image-168 size-full\" srcset=\"https:\/\/webs.uab.cat\/forti\/wp-content\/uploads\/sites\/324\/2026\/01\/jose-ednilson-gomes.png 300w, https:\/\/webs.uab.cat\/forti\/wp-content\/uploads\/sites\/324\/2026\/01\/jose-ednilson-gomes-233x300.png 233w\" sizes=\"auto, (max-width: 300px) 100vw, 300px\" \/><\/figure><div class=\"wp-block-media-text__content\">\n<p><strong>Jos\u00e9 Ednilson Gomes <\/strong><br>(UAB)<\/p>\n<\/div><\/div>\n\n\n\n<div class=\"wp-block-media-text is-stacked-on-mobile is-vertically-aligned-top\" style=\"grid-template-columns:27% auto\"><figure class=\"wp-block-media-text__media\"><img loading=\"lazy\" decoding=\"async\" width=\"300\" height=\"386\" src=\"https:\/\/webs.uab.cat\/forti\/wp-content\/uploads\/sites\/324\/2026\/01\/shiguang-hong.png\" alt=\"Shiguang Hong (UAB)\" class=\"wp-image-166 size-full\" srcset=\"https:\/\/webs.uab.cat\/forti\/wp-content\/uploads\/sites\/324\/2026\/01\/shiguang-hong.png 300w, https:\/\/webs.uab.cat\/forti\/wp-content\/uploads\/sites\/324\/2026\/01\/shiguang-hong-233x300.png 233w\" sizes=\"auto, (max-width: 300px) 100vw, 300px\" \/><\/figure><div class=\"wp-block-media-text__content\">\n<p><strong>Shiguang Hong<\/strong> <br>(UAB)<\/p>\n<\/div><\/div>\n\n\n\n<div class=\"wp-block-media-text is-stacked-on-mobile is-vertically-aligned-top\" style=\"grid-template-columns:27% auto\"><figure class=\"wp-block-media-text__media\"><img loading=\"lazy\" decoding=\"async\" width=\"300\" height=\"386\" src=\"https:\/\/webs.uab.cat\/forti\/wp-content\/uploads\/sites\/324\/2026\/01\/fanyi-kong.png\" alt=\"Fanyi Kong (UAB)\" class=\"wp-image-169 size-full\" srcset=\"https:\/\/webs.uab.cat\/forti\/wp-content\/uploads\/sites\/324\/2026\/01\/fanyi-kong.png 300w, https:\/\/webs.uab.cat\/forti\/wp-content\/uploads\/sites\/324\/2026\/01\/fanyi-kong-233x300.png 233w\" sizes=\"auto, (max-width: 300px) 100vw, 300px\" \/><\/figure><div class=\"wp-block-media-text__content\">\n<p><strong>Fanyi Kong <\/strong><br>(UAB)<\/p>\n<\/div><\/div>\n\n\n\n<div style=\"height:9px\" aria-hidden=\"true\" class=\"wp-block-spacer\"><\/div>\n\n\n\n<h2 class=\"wp-block-heading\"><strong><strong>Antiguos miembros<\/strong><\/strong><\/h2>\n\n\n\n<p><strong>Aeshah Alzamil <\/strong>(2021-2025)<\/p>\n\n\n\n<p><strong>\u00c1ngel Castell\u00f3 Mar\u00edn <\/strong>(2021-2025)<\/p>\n\n\n\n<p><strong>Dra. Lupe Romero Ramos<\/strong> (2021-2025)<\/p>\n\n\n\n<p><strong>Dra. Sarah West <\/strong>(2021-2025)<\/p>\n","protected":false},"excerpt":{"rendered":"<p>Personal Docente e Investigador UAB Dra. Patricia Rodr\u00edguez-In\u00e9s (Coordinadora\/IP) Dra. Mari Carme Esp\u00edn Garc\u00eda Dra. Anabel Gal\u00e1n-Ma\u00f1as Dra. Sonia Gonz\u00e1lez Cruz Dra. Inna Kozlova Personal Investigador en Formaci\u00f3n Claudia Tena Arceo(Beca predoctoral Fundaci\u00f3n Ram\u00f3n Areces) Colaboradoras Dra. Maria Vittoria Ambrosini (UNIBO y Editorial Difusi\u00f3n) Dra. Ver\u00f2nica L\u00f3pez Garcia (Cofundadora de Sounds&amp;Words) Dra. Yifan Miao Dra. [&hellip;]<\/p>\n","protected":false},"author":103,"featured_media":0,"parent":0,"menu_order":0,"comment_status":"closed","ping_status":"closed","template":"","meta":{"footnotes":""},"class_list":["post-222","page","type-page","status-publish","hentry"],"_links":{"self":[{"href":"https:\/\/webs.uab.cat\/forti\/wp-json\/wp\/v2\/pages\/222","targetHints":{"allow":["GET"]}}],"collection":[{"href":"https:\/\/webs.uab.cat\/forti\/wp-json\/wp\/v2\/pages"}],"about":[{"href":"https:\/\/webs.uab.cat\/forti\/wp-json\/wp\/v2\/types\/page"}],"author":[{"embeddable":true,"href":"https:\/\/webs.uab.cat\/forti\/wp-json\/wp\/v2\/users\/103"}],"replies":[{"embeddable":true,"href":"https:\/\/webs.uab.cat\/forti\/wp-json\/wp\/v2\/comments?post=222"}],"version-history":[{"count":7,"href":"https:\/\/webs.uab.cat\/forti\/wp-json\/wp\/v2\/pages\/222\/revisions"}],"predecessor-version":[{"id":278,"href":"https:\/\/webs.uab.cat\/forti\/wp-json\/wp\/v2\/pages\/222\/revisions\/278"}],"wp:attachment":[{"href":"https:\/\/webs.uab.cat\/forti\/wp-json\/wp\/v2\/media?parent=222"}],"curies":[{"name":"wp","href":"https:\/\/api.w.org\/{rel}","templated":true}]}}