{"id":8,"date":"2025-07-04T14:34:27","date_gmt":"2025-07-04T12:34:27","guid":{"rendered":"https:\/\/webs.uab.cat\/forum-estudiantil\/?page_id=8"},"modified":"2025-11-12T10:58:10","modified_gmt":"2025-11-12T08:58:10","slug":"tema-1","status":"publish","type":"page","link":"https:\/\/webs.uab.cat\/forum-estudiantil\/tema-1\/","title":{"rendered":"Imagina&#8217;t la C\u00edvica"},"content":{"rendered":"\n<div class=\"wp-block-group alignfull is-content-justification-center\" style=\"margin-top:0;margin-bottom:0\"><div class=\"wp-block-group__inner-container is-layout-constrained wp-block-group-is-layout-constrained\">\n<div style=\"height:var(--wp--preset--spacing--20)\" aria-hidden=\"true\" class=\"wp-block-spacer\"><\/div>\n\n\n\n<div style=\"height:var(--wp--preset--spacing--20)\" aria-hidden=\"true\" class=\"wp-block-spacer\"><\/div>\n<\/div><\/div>\n\n\n\n<p><strong>Imagina&#8217;t la C\u00edvica <\/strong>\u00e9s un proc\u00e9s participatiu impulsat per la Universitat Aut\u00f2noma de Barcelona amb l&#8217;objectiu de recollir les veus, idees i propostes de la comunitat sobre el futur de la Pla\u00e7a C\u00edvica, un espai emblem\u00e0tic del campus de Bellaterra amb un alt potencial participatiu.<br><br>Aquest proc\u00e9s participatiu respon a la voluntat de <strong>promoure la participaci\u00f3 activa de la comunitat en la definici\u00f3 dels espais comuns del campus.<\/strong> Es tracta d&#8217;una iniciativa que busca afavorir la cohesi\u00f3, la creativitat i el sentit de pertinen\u00e7a a trav\u00e9s d&#8217;un exercici col\u00b7lectiu de reflexi\u00f3 i proposta.<\/p>\n\n\n\n<p>Com t\u2019imagines la Pla\u00e7a C\u00edvica? Deixa volar la imaginaci\u00f3 i pensa en tot all\u00f2 que t\u2019agradaria que hi fos a la pla\u00e7a m\u00e9s emblem\u00e0tica de la UAB.<\/p>\n\n\n\n<div class=\"wp-block-group alignfull is-content-justification-center\" style=\"margin-top:0;margin-bottom:0\"><div class=\"wp-block-group__inner-container is-layout-constrained wp-block-group-is-layout-constrained\">\n<div style=\"height:var(--wp--preset--spacing--20)\" aria-hidden=\"true\" class=\"wp-block-spacer\"><\/div>\n<\/div><\/div>\n\n\n\n<div class=\"wp-block-group alignfull is-content-justification-center\" style=\"margin-top:0;margin-bottom:0\"><div class=\"wp-block-group__inner-container is-layout-constrained wp-block-group-is-layout-constrained\">\n<div class=\"wp-block-group alignwide\"><div class=\"wp-block-group__inner-container is-layout-flow wp-block-group-is-layout-flow\">\n<hr class=\"wp-block-separator alignwide has-alpha-channel-opacity\" \/>\n\n\n\n<div class=\"wp-block-columns alignwide are-vertically-aligned-top is-layout-flex wp-container-core-columns-is-layout-ac3ebc3b wp-block-columns-is-layout-flex\">\n<div class=\"wp-block-column is-vertically-aligned-top is-content-justification-left is-layout-constrained wp-container-core-column-is-layout-02d07192 wp-block-column-is-layout-constrained\">\n<div class=\"wp-block-group is-nowrap is-layout-flex wp-container-core-group-is-layout-ad2f72ca wp-block-group-is-layout-flex\">\n<h2 class=\"wp-block-heading\">Activitat en l\u00ednia<\/h2>\n<\/div>\n<\/div>\n\n\n\n<div class=\"wp-block-column is-layout-flow wp-block-column-is-layout-flow\">\n<figure class=\"wp-block-image size-full is-resized\"><img loading=\"lazy\" decoding=\"async\" width=\"768\" height=\"768\" src=\"https:\/\/webs.uab.cat\/forum-estudiantil\/wp-content\/uploads\/sites\/674\/2025\/07\/Proces-en-linia-edited.png\" alt=\"\" class=\"wp-image-15\" style=\"width:76px;height:auto\" srcset=\"https:\/\/webs.uab.cat\/forum-estudiantil\/wp-content\/uploads\/sites\/674\/2025\/07\/Proces-en-linia-edited.png 768w, https:\/\/webs.uab.cat\/forum-estudiantil\/wp-content\/uploads\/sites\/674\/2025\/07\/Proces-en-linia-edited-300x300.png 300w, https:\/\/webs.uab.cat\/forum-estudiantil\/wp-content\/uploads\/sites\/674\/2025\/07\/Proces-en-linia-edited-150x150.png 150w\" sizes=\"auto, (max-width: 768px) 100vw, 768px\" \/><\/figure>\n<\/div>\n\n\n\n<div class=\"wp-block-column is-vertically-aligned-top is-layout-flow wp-block-column-is-layout-flow\" style=\"flex-basis:40%\">\n<p>Participa proposant les teves idees emplenant aquest formulari.<\/p>\n\n\n\n<div class=\"wp-block-buttons is-layout-flex wp-block-buttons-is-layout-flex\">\n<div class=\"wp-block-button\"><a class=\"wp-block-button__link wp-element-button\" href=\"https:\/\/eformularis.uab.cat\/group\/dinamitzacio_comunitaria\/forum-estudiantil-imagina-t-la-placa-civica\">Participa<\/a><\/div>\n<\/div>\n<\/div>\n<\/div>\n\n\n\n<hr class=\"wp-block-separator alignfull has-alpha-channel-opacity\" \/>\n\n\n\n<div class=\"wp-block-columns alignwide are-vertically-aligned-top is-layout-flex wp-container-core-columns-is-layout-ac3ebc3b wp-block-columns-is-layout-flex\">\n<div class=\"wp-block-column is-vertically-aligned-top is-content-justification-left is-layout-constrained wp-container-core-column-is-layout-02d07192 wp-block-column-is-layout-constrained\">\n<div class=\"wp-block-group is-nowrap is-layout-flex wp-container-core-group-is-layout-ad2f72ca wp-block-group-is-layout-flex\">\n<h2 class=\"wp-block-heading\">Activitat presencial<\/h2>\n<\/div>\n<\/div>\n\n\n\n<div class=\"wp-block-column is-layout-flow wp-block-column-is-layout-flow\">\n<figure class=\"wp-block-image size-full is-resized\"><img loading=\"lazy\" decoding=\"async\" width=\"768\" height=\"768\" src=\"https:\/\/webs.uab.cat\/forum-estudiantil\/wp-content\/uploads\/sites\/674\/2025\/07\/Proces-presencial-edited.png\" alt=\"\" class=\"wp-image-17\" style=\"width:76px;height:auto\" srcset=\"https:\/\/webs.uab.cat\/forum-estudiantil\/wp-content\/uploads\/sites\/674\/2025\/07\/Proces-presencial-edited.png 768w, https:\/\/webs.uab.cat\/forum-estudiantil\/wp-content\/uploads\/sites\/674\/2025\/07\/Proces-presencial-edited-300x300.png 300w, https:\/\/webs.uab.cat\/forum-estudiantil\/wp-content\/uploads\/sites\/674\/2025\/07\/Proces-presencial-edited-150x150.png 150w\" sizes=\"auto, (max-width: 768px) 100vw, 768px\" \/><\/figure>\n<\/div>\n\n\n\n<div class=\"wp-block-column is-vertically-aligned-top is-layout-flow wp-block-column-is-layout-flow\" style=\"flex-basis:40%\">\n<p><strong>11 i 12 de novembre al migdia<\/strong><br>&#8211; Facultat de Ci\u00e8ncies Pol\u00edtiques i de Sociologia.<\/p>\n\n\n\n<p><strong>12 i 13 de novembre al migdia<\/strong><br>&#8211; Escola d\u2019Enginyeria<br>&#8211; Facultat de Ci\u00e8ncies de l\u2019Educaci\u00f3<br>&#8211; Facultat de Filosofia i Lletres<br>&#8211; Facultat de Ci\u00e8ncies<br>&#8211; Facultat de Dret<br>&#8211; Facultat d\u2019Economia i Empresa<\/p>\n\n\n\n<p><strong>11 i 13 de novembre al migdia<\/strong><br>&#8211; Facultat de Psicologia i de Logop\u00e8dia<br>&#8211; Facultat de Ci\u00e8ncies de la Comunicaci\u00f3<br>&#8211; Facultat de Medicina<br>&#8211; Facultat de Bioci\u00e8ncies<br>&#8211; Facultat de Veterin\u00e0ria<br>&#8211; Facultat de Traducci\u00f3 i d\u2019Interpretaci\u00f3<\/p>\n<\/div>\n<\/div>\n\n\n\n<hr class=\"wp-block-separator alignfull has-alpha-channel-opacity\" \/>\n\n\n\n<div class=\"wp-block-columns alignwide are-vertically-aligned-top is-layout-flex wp-container-core-columns-is-layout-ac3ebc3b wp-block-columns-is-layout-flex\">\n<div class=\"wp-block-column is-vertically-aligned-top is-content-justification-left is-layout-constrained wp-container-core-column-is-layout-02d07192 wp-block-column-is-layout-constrained\">\n<div class=\"wp-block-group is-nowrap is-layout-flex wp-container-core-group-is-layout-ad2f72ca wp-block-group-is-layout-flex\">\n<h2 class=\"wp-block-heading\">Activitat presencial<\/h2>\n<\/div>\n<\/div>\n\n\n\n<div class=\"wp-block-column is-layout-flow wp-block-column-is-layout-flow\">\n<figure class=\"wp-block-image size-full is-resized\"><img loading=\"lazy\" decoding=\"async\" width=\"768\" height=\"768\" src=\"https:\/\/webs.uab.cat\/forum-estudiantil\/wp-content\/uploads\/sites\/674\/2025\/07\/Proces-presencial-edited.png\" alt=\"\" class=\"wp-image-17\" style=\"width:76px;height:auto\" srcset=\"https:\/\/webs.uab.cat\/forum-estudiantil\/wp-content\/uploads\/sites\/674\/2025\/07\/Proces-presencial-edited.png 768w, https:\/\/webs.uab.cat\/forum-estudiantil\/wp-content\/uploads\/sites\/674\/2025\/07\/Proces-presencial-edited-300x300.png 300w, https:\/\/webs.uab.cat\/forum-estudiantil\/wp-content\/uploads\/sites\/674\/2025\/07\/Proces-presencial-edited-150x150.png 150w\" sizes=\"auto, (max-width: 768px) 100vw, 768px\" \/><\/figure>\n<\/div>\n\n\n\n<div class=\"wp-block-column is-vertically-aligned-top is-layout-flow wp-block-column-is-layout-flow\" style=\"flex-basis:40%\">\n<p><strong>18, 19 i 20 de novembre de 13 a 15 h <\/strong><br>&#8211; Pla\u00e7a C\u00edvica<\/p>\n<\/div>\n<\/div>\n<\/div><\/div>\n\n\n\n<div style=\"height:var(--wp--preset--spacing--20)\" aria-hidden=\"true\" class=\"wp-block-spacer\"><\/div>\n\n\n\n<p><\/p>\n<\/div><\/div>\n","protected":false},"excerpt":{"rendered":"<p>Imagina&#8217;t la C\u00edvica \u00e9s un proc\u00e9s participatiu impulsat per la Universitat Aut\u00f2noma de Barcelona amb l&#8217;objectiu de recollir les veus, idees i propostes de la comunitat sobre el futur de la Pla\u00e7a C\u00edvica, un espai emblem\u00e0tic del campus de Bellaterra amb un alt potencial participatiu. Aquest proc\u00e9s participatiu respon a la voluntat de promoure la [&hellip;]<\/p>\n","protected":false},"author":36,"featured_media":0,"parent":0,"menu_order":0,"comment_status":"closed","ping_status":"closed","template":"","meta":{"footnotes":""},"class_list":["post-8","page","type-page","status-publish","hentry"],"_links":{"self":[{"href":"https:\/\/webs.uab.cat\/forum-estudiantil\/wp-json\/wp\/v2\/pages\/8","targetHints":{"allow":["GET"]}}],"collection":[{"href":"https:\/\/webs.uab.cat\/forum-estudiantil\/wp-json\/wp\/v2\/pages"}],"about":[{"href":"https:\/\/webs.uab.cat\/forum-estudiantil\/wp-json\/wp\/v2\/types\/page"}],"author":[{"embeddable":true,"href":"https:\/\/webs.uab.cat\/forum-estudiantil\/wp-json\/wp\/v2\/users\/36"}],"replies":[{"embeddable":true,"href":"https:\/\/webs.uab.cat\/forum-estudiantil\/wp-json\/wp\/v2\/comments?post=8"}],"version-history":[{"count":47,"href":"https:\/\/webs.uab.cat\/forum-estudiantil\/wp-json\/wp\/v2\/pages\/8\/revisions"}],"predecessor-version":[{"id":126,"href":"https:\/\/webs.uab.cat\/forum-estudiantil\/wp-json\/wp\/v2\/pages\/8\/revisions\/126"}],"wp:attachment":[{"href":"https:\/\/webs.uab.cat\/forum-estudiantil\/wp-json\/wp\/v2\/media?parent=8"}],"curies":[{"name":"wp","href":"https:\/\/api.w.org\/{rel}","templated":true}]}}

Imagina&#8217;t la Cívica

<div class="wp-block-group alignfull is-content-justification-center" style="margin-top:0;margin-bottom:0"><div class="wp-block-group__inner-container is-layout-constrained wp-block-group-is-layout-constrained">
<div style="height:var(--wp--preset--spacing--20)" aria-hidden="true" class="wp-block-spacer"></div>



<div style="height:var(--wp--preset--spacing--20)" aria-hidden="true" class="wp-block-spacer"></div>
</div></div>



<p><strong>Imagina&#8217;t la Cívica </strong>és un procés participatiu impulsat per la Universitat Autònoma de Barcelona amb l&#8217;objectiu de recollir les veus, idees i propostes de la comunitat sobre el futur de la Plaça Cívica, un espai emblemàtic del campus de Bellaterra amb un alt potencial participatiu.<br><br>Aquest procés participatiu respon a la voluntat de <strong>promoure la participació activa de la comunitat en la definició dels espais comuns del campus.</strong> Es tracta d&#8217;una iniciativa que busca afavorir la cohesió, la creativitat i el sentit de pertinença a través d&#8217;un exercici col·lectiu de reflexió i proposta.</p>



<p>Com t’imagines la Plaça Cívica? Deixa volar la imaginació i pensa en tot allò que t’agradaria que hi fos a la plaça més emblemàtica de la UAB.</p>



<div class="wp-block-group alignfull is-content-justification-center" style="margin-top:0;margin-bottom:0"><div class="wp-block-group__inner-container is-layout-constrained wp-block-group-is-layout-constrained">
<div style="height:var(--wp--preset--spacing--20)" aria-hidden="true" class="wp-block-spacer"></div>
</div></div>



<div class="wp-block-group alignfull is-content-justification-center" style="margin-top:0;margin-bottom:0"><div class="wp-block-group__inner-container is-layout-constrained wp-block-group-is-layout-constrained">
<div class="wp-block-group alignwide"><div class="wp-block-group__inner-container is-layout-flow wp-block-group-is-layout-flow">
<hr class="wp-block-separator alignwide has-alpha-channel-opacity" />



<div class="wp-block-columns alignwide are-vertically-aligned-top is-layout-flex wp-container-core-columns-is-layout-ac3ebc3b wp-block-columns-is-layout-flex">
<div class="wp-block-column is-vertically-aligned-top is-content-justification-left is-layout-constrained wp-container-core-column-is-layout-02d07192 wp-block-column-is-layout-constrained">
<div class="wp-block-group is-nowrap is-layout-flex wp-container-core-group-is-layout-ad2f72ca wp-block-group-is-layout-flex">
<h2 class="wp-block-heading">Activitat en línia</h2>
</div>
</div>



<div class="wp-block-column is-layout-flow wp-block-column-is-layout-flow">
<figure class="wp-block-image size-full is-resized"><img loading="lazy" decoding="async" width="768" height="768" src="https://webs.uab.cat/forum-estudiantil/wp-content/uploads/sites/674/2025/07/Proces-en-linia-edited.png" alt="" class="wp-image-15" style="width:76px;height:auto" srcset="https://webs.uab.cat/forum-estudiantil/wp-content/uploads/sites/674/2025/07/Proces-en-linia-edited.png 768w, https://webs.uab.cat/forum-estudiantil/wp-content/uploads/sites/674/2025/07/Proces-en-linia-edited-300x300.png 300w, https://webs.uab.cat/forum-estudiantil/wp-content/uploads/sites/674/2025/07/Proces-en-linia-edited-150x150.png 150w" sizes="auto, (max-width: 768px) 100vw, 768px" /></figure>
</div>



<div class="wp-block-column is-vertically-aligned-top is-layout-flow wp-block-column-is-layout-flow" style="flex-basis:40%">
<p>Participa proposant les teves idees emplenant aquest formulari.</p>



<div class="wp-block-buttons is-layout-flex wp-block-buttons-is-layout-flex">
<div class="wp-block-button"><a class="wp-block-button__link wp-element-button" href="https://eformularis.uab.cat/group/dinamitzacio_comunitaria/forum-estudiantil-imagina-t-la-placa-civica">Participa</a></div>
</div>
</div>
</div>



<hr class="wp-block-separator alignfull has-alpha-channel-opacity" />



<div class="wp-block-columns alignwide are-vertically-aligned-top is-layout-flex wp-container-core-columns-is-layout-ac3ebc3b wp-block-columns-is-layout-flex">
<div class="wp-block-column is-vertically-aligned-top is-content-justification-left is-layout-constrained wp-container-core-column-is-layout-02d07192 wp-block-column-is-layout-constrained">
<div class="wp-block-group is-nowrap is-layout-flex wp-container-core-group-is-layout-ad2f72ca wp-block-group-is-layout-flex">
<h2 class="wp-block-heading">Activitat presencial</h2>
</div>
</div>



<div class="wp-block-column is-layout-flow wp-block-column-is-layout-flow">
<figure class="wp-block-image size-full is-resized"><img loading="lazy" decoding="async" width="768" height="768" src="https://webs.uab.cat/forum-estudiantil/wp-content/uploads/sites/674/2025/07/Proces-presencial-edited.png" alt="" class="wp-image-17" style="width:76px;height:auto" srcset="https://webs.uab.cat/forum-estudiantil/wp-content/uploads/sites/674/2025/07/Proces-presencial-edited.png 768w, https://webs.uab.cat/forum-estudiantil/wp-content/uploads/sites/674/2025/07/Proces-presencial-edited-300x300.png 300w, https://webs.uab.cat/forum-estudiantil/wp-content/uploads/sites/674/2025/07/Proces-presencial-edited-150x150.png 150w" sizes="auto, (max-width: 768px) 100vw, 768px" /></figure>
</div>



<div class="wp-block-column is-vertically-aligned-top is-layout-flow wp-block-column-is-layout-flow" style="flex-basis:40%">
<p><strong>11 i 12 de novembre al migdia</strong><br>&#8211; Facultat de Ciències Polítiques i de Sociologia.</p>



<p><strong>12 i 13 de novembre al migdia</strong><br>&#8211; Escola d’Enginyeria<br>&#8211; Facultat de Ciències de l’Educació<br>&#8211; Facultat de Filosofia i Lletres<br>&#8211; Facultat de Ciències<br>&#8211; Facultat de Dret<br>&#8211; Facultat d’Economia i Empresa</p>



<p><strong>11 i 13 de novembre al migdia</strong><br>&#8211; Facultat de Psicologia i de Logopèdia<br>&#8211; Facultat de Ciències de la Comunicació<br>&#8211; Facultat de Medicina<br>&#8211; Facultat de Biociències<br>&#8211; Facultat de Veterinària<br>&#8211; Facultat de Traducció i d’Interpretació</p>
</div>
</div>



<hr class="wp-block-separator alignfull has-alpha-channel-opacity" />



<div class="wp-block-columns alignwide are-vertically-aligned-top is-layout-flex wp-container-core-columns-is-layout-ac3ebc3b wp-block-columns-is-layout-flex">
<div class="wp-block-column is-vertically-aligned-top is-content-justification-left is-layout-constrained wp-container-core-column-is-layout-02d07192 wp-block-column-is-layout-constrained">
<div class="wp-block-group is-nowrap is-layout-flex wp-container-core-group-is-layout-ad2f72ca wp-block-group-is-layout-flex">
<h2 class="wp-block-heading">Activitat presencial</h2>
</div>
</div>



<div class="wp-block-column is-layout-flow wp-block-column-is-layout-flow">
<figure class="wp-block-image size-full is-resized"><img loading="lazy" decoding="async" width="768" height="768" src="https://webs.uab.cat/forum-estudiantil/wp-content/uploads/sites/674/2025/07/Proces-presencial-edited.png" alt="" class="wp-image-17" style="width:76px;height:auto" srcset="https://webs.uab.cat/forum-estudiantil/wp-content/uploads/sites/674/2025/07/Proces-presencial-edited.png 768w, https://webs.uab.cat/forum-estudiantil/wp-content/uploads/sites/674/2025/07/Proces-presencial-edited-300x300.png 300w, https://webs.uab.cat/forum-estudiantil/wp-content/uploads/sites/674/2025/07/Proces-presencial-edited-150x150.png 150w" sizes="auto, (max-width: 768px) 100vw, 768px" /></figure>
</div>



<div class="wp-block-column is-vertically-aligned-top is-layout-flow wp-block-column-is-layout-flow" style="flex-basis:40%">
<p><strong>18, 19 i 20 de novembre de 13 a 15 h </strong><br>&#8211; Plaça Cívica</p>
</div>
</div>
</div></div>



<div style="height:var(--wp--preset--spacing--20)" aria-hidden="true" class="wp-block-spacer"></div>



<p></p>
</div></div>

<p>Imagina&#8217;t la Cívica és un procés participatiu impulsat per la Universitat Autònoma de Barcelona amb l&#8217;objectiu de recollir les veus, idees i propostes de la comunitat sobre el futur de la Plaça Cívica, un espai emblemàtic del campus de Bellaterra amb un alt potencial participatiu. Aquest procés participatiu respon a la voluntat de promoure la [&hellip;]</p>
