{"id":32,"date":"2023-02-28T19:21:01","date_gmt":"2023-02-28T17:21:01","guid":{"rendered":"https:\/\/webs.uab.cat\/g4roc\/?page_id=32"},"modified":"2024-03-11T20:31:50","modified_gmt":"2024-03-11T18:31:50","slug":"links","status":"publish","type":"page","link":"https:\/\/webs.uab.cat\/g4roc\/links\/","title":{"rendered":"Links"},"content":{"rendered":"\n<p><\/p>\n\n\n\n<p><a href=\"https:\/\/www.firstworldwarstudies.org\">The International Society of First World War Studies<\/a><\/p>\n\n\n\n<p><a href=\"https:\/\/war-net.org\/\">War-Net: The War and Representation Network<\/a><\/p>\n\n\n\n<p><a href=\"https:\/\/www.uab.cat\/web\/social-action\/refugee-program\/refugee-program-1345819588303.html\">Refugee Programme: FAS (Fundaci\u00f3 Aut\u00f2noma Solid\u00e0ria)<\/a><br><\/p>\n\n\n\n<p><\/p>\n\n\n\n<p><\/p>\n","protected":false},"excerpt":{"rendered":"<p>The International Society of First World War Studies War-Net: The War and Representation Network Refugee Programme: FAS (Fundaci\u00f3 Aut\u00f2noma Solid\u00e0ria)<\/p>\n","protected":false},"author":59,"featured_media":0,"parent":0,"menu_order":7,"comment_status":"closed","ping_status":"closed","template":"","meta":{"footnotes":""},"class_list":["post-32","page","type-page","status-publish","hentry"],"_links":{"self":[{"href":"https:\/\/webs.uab.cat\/g4roc\/wp-json\/wp\/v2\/pages\/32","targetHints":{"allow":["GET"]}}],"collection":[{"href":"https:\/\/webs.uab.cat\/g4roc\/wp-json\/wp\/v2\/pages"}],"about":[{"href":"https:\/\/webs.uab.cat\/g4roc\/wp-json\/wp\/v2\/types\/page"}],"author":[{"embeddable":true,"href":"https:\/\/webs.uab.cat\/g4roc\/wp-json\/wp\/v2\/users\/59"}],"replies":[{"embeddable":true,"href":"https:\/\/webs.uab.cat\/g4roc\/wp-json\/wp\/v2\/comments?post=32"}],"version-history":[{"count":5,"href":"https:\/\/webs.uab.cat\/g4roc\/wp-json\/wp\/v2\/pages\/32\/revisions"}],"predecessor-version":[{"id":269,"href":"https:\/\/webs.uab.cat\/g4roc\/wp-json\/wp\/v2\/pages\/32\/revisions\/269"}],"wp:attachment":[{"href":"https:\/\/webs.uab.cat\/g4roc\/wp-json\/wp\/v2\/media?parent=32"}],"curies":[{"name":"wp","href":"https:\/\/api.w.org\/{rel}","templated":true}]}}