{"id":623,"date":"2023-12-29T12:53:00","date_gmt":"2023-12-29T10:53:00","guid":{"rendered":"https:\/\/webs.uab.cat\/gabrmn\/pertenencia-a-ciber\/"},"modified":"2026-04-02T19:59:24","modified_gmt":"2026-04-02T17:59:24","slug":"pertenencia-a-ciber","status":"publish","type":"page","link":"https:\/\/webs.uab.cat\/gabrmn\/es\/pertenencia-a-ciber\/","title":{"rendered":"Pertenencia a CIBER"},"content":{"rendered":"\n<figure class=\"wp-block-image size-full\"><img loading=\"lazy\" decoding=\"async\" width=\"300\" height=\"40\" src=\"https:\/\/webs.uab.cat\/gabrmn\/wp-content\/uploads\/sites\/424\/2024\/01\/image-4.png\" alt=\"\" class=\"wp-image-553\" \/><\/figure>\n\n\n\n<p>Nuestro grupo de investigaci\u00f3n pertenece al Consorcio Centro de Investigaci\u00f3n Biom\u00e9dica en Red (<a href=\"https:\/\/www.ciberisciii.es\/quienes-somos\" target=\"_blank\" rel=\"noreferrer noopener\">CIBER<\/a>) Desde su creaci\u00f3n en 2007, m\u00e1s espec\u00edficamente al \u00e1rea de Bioingenier\u00eda, Biomateriales y Nanomedicina, con el c\u00f3digo <a href=\"https:\/\/www.ciber-bbn.es\/grupos\/grupo-de-investigacion?id=5401\" target=\"_blank\" rel=\"noreferrer noopener\">CB06-01-0010<\/a>, un grupo liderado por el Prof. Carles Ar\u00fas dese su creaci\u00f3n hasta noviembre de 2024, cuando la Dra. Ana Paula Candiota ha asumido el liderazgo. Este grupo ha contado con investigadores s\u00e9nior de contrataci\u00f3n estable como Margarida Juli\u00e0 (per\u00edodo 2007-2021) y Ana Paula Candiota (per\u00edodo 2007-2023), aparte de diferentes miembros relacionados a las \u00e1reas cl\u00ednicas, de investigaci\u00f3n b\u00e1sica y bioinform\u00e1tica. Desde noviembre de 2025, Ana Azaustre Garc\u00eda es predoctoral contratada CIBER del grupo. El grupo tambi\u00e9n dirige la Unidad 25 de la ICTS NANBIOSIS.<\/p>\n\n\n\n<h2 class=\"wp-block-heading\">Objectivos y \u00e1reas tem\u00e1ticas<\/h2>\n\n\n\n<p>El objectivo del <strong>CIBER<\/strong>, creado por iniciativa del <a rel=\"noreferrer noopener\" href=\"http:\/\/www.isciii.es\/\" target=\"_blank\">Instituto de Salud Carlos III (ISCIII)<\/a>, es impulsar la investigaci\u00f3n de excelencia en Biomedicina y Ciencias de la Salud. Para esta finalidad, se concentran esfuerzos y recursos interdisciplinares y multiinstitucionales con una dedicaci\u00f3n preferente de recursos alrededor de redes de conocimiento conformadas por centros y grupos de investigaci\u00f3n de instituciones p\u00fablicas y privadas. Un resumen de la iniciativa CIBER puede ser visto en el v\u00eddeo corporativo a continuaci\u00f3n.<\/p>\n\n\n\n<figure class=\"wp-block-embed is-type-video is-provider-youtube wp-block-embed-youtube wp-embed-aspect-16-9 wp-has-aspect-ratio\"><div class=\"wp-block-embed__wrapper\">\n<iframe loading=\"lazy\" title=\"V\u00eddeo corporativo. Subt\u00edtulos espa\u00f1ol.\" width=\"580\" height=\"326\" src=\"https:\/\/www.youtube.com\/embed\/5FjtrjOy2Wg?start=4&#038;feature=oembed\" frameborder=\"0\" allow=\"accelerometer; autoplay; clipboard-write; encrypted-media; gyroscope; picture-in-picture; web-share\" referrerpolicy=\"strict-origin-when-cross-origin\" allowfullscreen><\/iframe>\n<\/div><\/figure>\n\n\n\n<p>El origen de CIBER remonta a 2006 cuando se han creado siete consorcios (<a rel=\"noreferrer noopener\" href=\"http:\/\/www.ciber-bbn.es\/\" target=\"_blank\">CIBERBBN<\/a>, <a rel=\"noreferrer noopener\" href=\"http:\/\/www.ciberehd.org\/\" target=\"_blank\">CIBEREHD<\/a>, <a rel=\"noreferrer noopener\" href=\"http:\/\/www.ciberned.es\/\" target=\"_blank\">CIBERBNED<\/a>, <a rel=\"noreferrer noopener\" href=\"http:\/\/www.ciberer.es\/\" target=\"_blank\">CIBERER<\/a>, <a rel=\"noreferrer noopener\" href=\"http:\/\/www.ciberes.org\/\" target=\"_blank\">CIBERES<\/a>, <a rel=\"noreferrer noopener\" href=\"http:\/\/www.ciberesp.es\/\" target=\"_blank\">CIBERESP<\/a> y <a rel=\"noreferrer noopener\" href=\"http:\/\/www.ciberobn.es\/\" target=\"_blank\">CIBEROBN<\/a>). En 2007 se han creado otros dos consorcios, <a rel=\"noreferrer noopener\" href=\"http:\/\/www.cibersam.es\/\" target=\"_blank\">CIBERSAM<\/a> y <a rel=\"noreferrer noopener\" href=\"http:\/\/www.ciberdem.org\/\" target=\"_blank\">CIBERDEM<\/a>. En 2013, con efectos a 1 de enero de 2014, en el marco del Plan de reestructuraci\u00f3n y racionalizaci\u00f3n del Sector P\u00fablico, se ha aprobado la integraci\u00f3n de CIBER-BBN, CIBEREHD, CIBERER, CIBERES, CIBERESP, CIBEROBN, CIBERDEM y CIBERSAM en un \u00fanico Consorcio denominado Consorcio Centro de Investigaci\u00f3n Biom\u00e9dica en Red, <strong>CIBER<\/strong>. El 1 de enero de 2017, por la convocatoria de la Acci\u00f3n Estrat\u00e9gica en Salud 2013-2016, se incorporan nuevas \u00e1reas tem\u00e1ticas y nuevos grupos al Consorcio CIBER. Las nuevas \u00e1reas tem\u00e1ticas creadas son las siguientes: Fragilidad y Envejecimiento Saludable (<a rel=\"noreferrer noopener\" href=\"http:\/\/www.ciberfes.es\/\" target=\"_blank\">CIBERFES<\/a>), Enfermedades Cardiovasculares (<a rel=\"noreferrer noopener\" href=\"http:\/\/www.cibercv.es\/\" target=\"_blank\">CIBERCV<\/a>) y C\u00e1ncer (<a rel=\"noreferrer noopener\" href=\"http:\/\/www.ciberonc.es\/\" target=\"_blank\">CIBERONC<\/a>). Finalmente, en enero de 2022 finaliza el proceso de integraci\u00f3n de nuevas \u00e1reas con la creaci\u00f3n del CIBER de Enfermedades Infecciones (<a rel=\"noreferrer noopener\" href=\"https:\/\/www.ciberinfec.es\/\" target=\"_blank\">CIBERINFEC<\/a>) y la incorporaci\u00f3n del CIBER de Enfermedades Neurodegenerativas (<a rel=\"noreferrer noopener\" href=\"https:\/\/ciberned.es\/\" target=\"_blank\">CIBERNED<\/a>).<\/p>\n\n\n\n<h4 class=\"wp-block-heading\">Actualidad<\/h4>\n\n\n\n<p>Actualmente, el <strong>CIBER<\/strong> tiene una plantilla de<strong> 831 personas<\/strong> y <strong>5.654 investigadores e investigadoras <\/strong>adscritos, integradoss en <strong>518 grupos de investigaci\u00f3n<\/strong>, sin estar f\u00edsicament asociados, y ligados a <strong>104 instituciones consorciadas<\/strong> que pertenecen a Administraciones e Instituciones del sector p\u00fablico y privado de diferentes Comunidades Aut\u00f3nomas. <\/p>\n\n\n\n<p>El programa cient\u00edfico de CIBER se estructura alrededor de las siguientes \u00e1reas de investigaci\u00f3n:<\/p>\n\n\n\n<ul class=\"wp-block-list\">\n<li>Bioingenier\u00eda, Biomateriales y Nanomedicina (CIBER-BBN)<\/li>\n\n\n\n<li>Diabetes y Enfermedades Metab\u00f3licas (CIBERDEM)<\/li>\n\n\n\n<li>Fisiopatolog\u00eda de la Obesidad y Nutrici\u00f3n (CIBEROBN)<\/li>\n\n\n\n<li>Enfermedades Hep\u00e1ticas y Digestivas (CIBEREHD)<\/li>\n\n\n\n<li>Enfermedades Raras (CIBERER)<\/li>\n\n\n\n<li>Enfermedades Respiratorias (CIBERES)<\/li>\n\n\n\n<li>Epidemiolog\u00eda y Salud P\u00fablica (CIBERESP)<\/li>\n\n\n\n<li>Salud Mental (CIBERSAM)<\/li>\n\n\n\n<li>Fragilidad y Envejecimiento Saludable (CIBERFES)<\/li>\n\n\n\n<li>Enfermedades Cardiovasculares (CIBERCV)<\/li>\n\n\n\n<li>C\u00e1ncer (CIBERONC)<\/li>\n\n\n\n<li>Enfermedades Infecciosas (CIBERINFEC)<\/li>\n\n\n\n<li>Enfermedades Neurodegenerativas (CIBERNED)<\/li>\n<\/ul>\n\n\n\n<p><\/p>\n\n\n\n<h2 class=\"wp-block-heading\">Consulta las ofertas de trabajo vigentes en CIBER<\/h2>\n\n\n\n<p><a href=\"https:\/\/www.ciberisciii.es\/empleo\" target=\"_blank\" rel=\"noreferrer noopener\">Ofertas<\/a><\/p>\n","protected":false},"excerpt":{"rendered":"<p>Nuestro grupo de investigaci\u00f3n pertenece al Consorcio Centro de Investigaci\u00f3n Biom\u00e9dica en Red (CIBER) Desde su creaci\u00f3n en 2007, m\u00e1s espec\u00edficamente al \u00e1rea de Bioingenier\u00eda, Biomateriales y Nanomedicina, con el c\u00f3digo CB06-01-0010, un grupo liderado por el Prof. Carles Ar\u00fas dese su creaci\u00f3n hasta noviembre de 2024, cuando la Dra. Ana Paula Candiota ha asumido [&hellip;]<\/p>\n","protected":false},"author":2658,"featured_media":0,"parent":0,"menu_order":0,"comment_status":"closed","ping_status":"closed","template":"","meta":{"footnotes":""},"class_list":["post-623","page","type-page","status-publish","hentry"],"_links":{"self":[{"href":"https:\/\/webs.uab.cat\/gabrmn\/es\/wp-json\/wp\/v2\/pages\/623","targetHints":{"allow":["GET"]}}],"collection":[{"href":"https:\/\/webs.uab.cat\/gabrmn\/es\/wp-json\/wp\/v2\/pages"}],"about":[{"href":"https:\/\/webs.uab.cat\/gabrmn\/es\/wp-json\/wp\/v2\/types\/page"}],"author":[{"embeddable":true,"href":"https:\/\/webs.uab.cat\/gabrmn\/es\/wp-json\/wp\/v2\/users\/2658"}],"replies":[{"embeddable":true,"href":"https:\/\/webs.uab.cat\/gabrmn\/es\/wp-json\/wp\/v2\/comments?post=623"}],"version-history":[{"count":12,"href":"https:\/\/webs.uab.cat\/gabrmn\/es\/wp-json\/wp\/v2\/pages\/623\/revisions"}],"predecessor-version":[{"id":1129,"href":"https:\/\/webs.uab.cat\/gabrmn\/es\/wp-json\/wp\/v2\/pages\/623\/revisions\/1129"}],"wp:attachment":[{"href":"https:\/\/webs.uab.cat\/gabrmn\/es\/wp-json\/wp\/v2\/media?parent=623"}],"curies":[{"name":"wp","href":"https:\/\/api.w.org\/{rel}","templated":true}]}}

<figure class="wp-block-image size-full"><img loading="lazy" decoding="async" width="300" height="40" src="https://webs.uab.cat/gabrmn/wp-content/uploads/sites/424/2024/01/image-4.png" alt="" class="wp-image-553" /></figure>



<p>Nuestro grupo de investigación pertenece al Consorcio Centro de Investigación Biomédica en Red (<a href="https://www.ciberisciii.es/quienes-somos" target="_blank" rel="noreferrer noopener">CIBER</a>) Desde su creación en 2007, más específicamente al área de Bioingeniería, Biomateriales y Nanomedicina, con el código <a href="https://www.ciber-bbn.es/grupos/grupo-de-investigacion?id=5401" target="_blank" rel="noreferrer noopener">CB06-01-0010</a>, un grupo liderado por el Prof. Carles Arús dese su creación hasta noviembre de 2024, cuando la Dra. Ana Paula Candiota ha asumido el liderazgo. Este grupo ha contado con investigadores sénior de contratación estable como Margarida Julià (período 2007-2021) y Ana Paula Candiota (período 2007-2023), aparte de diferentes miembros relacionados a las áreas clínicas, de investigación básica y bioinformática. Desde noviembre de 2025, Ana Azaustre García es predoctoral contratada CIBER del grupo. El grupo también dirige la Unidad 25 de la ICTS NANBIOSIS.</p>



<h2 class="wp-block-heading">Objectivos y áreas temáticas</h2>



<p>El objectivo del <strong>CIBER</strong>, creado por iniciativa del <a rel="noreferrer noopener" href="http://www.isciii.es/" target="_blank">Instituto de Salud Carlos III (ISCIII)</a>, es impulsar la investigación de excelencia en Biomedicina y Ciencias de la Salud. Para esta finalidad, se concentran esfuerzos y recursos interdisciplinares y multiinstitucionales con una dedicación preferente de recursos alrededor de redes de conocimiento conformadas por centros y grupos de investigación de instituciones públicas y privadas. Un resumen de la iniciativa CIBER puede ser visto en el vídeo corporativo a continuación.</p>



<figure class="wp-block-embed is-type-video is-provider-youtube wp-block-embed-youtube wp-embed-aspect-16-9 wp-has-aspect-ratio"><div class="wp-block-embed__wrapper">
<iframe loading="lazy" title="Vídeo corporativo. Subtítulos español." width="580" height="326" src="https://www.youtube.com/embed/5FjtrjOy2Wg?start=4&#038;feature=oembed" frameborder="0" allow="accelerometer; autoplay; clipboard-write; encrypted-media; gyroscope; picture-in-picture; web-share" referrerpolicy="strict-origin-when-cross-origin" allowfullscreen></iframe>
</div></figure>



<p>El origen de CIBER remonta a 2006 cuando se han creado siete consorcios (<a rel="noreferrer noopener" href="http://www.ciber-bbn.es/" target="_blank">CIBERBBN</a>, <a rel="noreferrer noopener" href="http://www.ciberehd.org/" target="_blank">CIBEREHD</a>, <a rel="noreferrer noopener" href="http://www.ciberned.es/" target="_blank">CIBERBNED</a>, <a rel="noreferrer noopener" href="http://www.ciberer.es/" target="_blank">CIBERER</a>, <a rel="noreferrer noopener" href="http://www.ciberes.org/" target="_blank">CIBERES</a>, <a rel="noreferrer noopener" href="http://www.ciberesp.es/" target="_blank">CIBERESP</a> y <a rel="noreferrer noopener" href="http://www.ciberobn.es/" target="_blank">CIBEROBN</a>). En 2007 se han creado otros dos consorcios, <a rel="noreferrer noopener" href="http://www.cibersam.es/" target="_blank">CIBERSAM</a> y <a rel="noreferrer noopener" href="http://www.ciberdem.org/" target="_blank">CIBERDEM</a>. En 2013, con efectos a 1 de enero de 2014, en el marco del Plan de reestructuración y racionalización del Sector Público, se ha aprobado la integración de CIBER-BBN, CIBEREHD, CIBERER, CIBERES, CIBERESP, CIBEROBN, CIBERDEM y CIBERSAM en un único Consorcio denominado Consorcio Centro de Investigación Biomédica en Red, <strong>CIBER</strong>. El 1 de enero de 2017, por la convocatoria de la Acción Estratégica en Salud 2013-2016, se incorporan nuevas áreas temáticas y nuevos grupos al Consorcio CIBER. Las nuevas áreas temáticas creadas son las siguientes: Fragilidad y Envejecimiento Saludable (<a rel="noreferrer noopener" href="http://www.ciberfes.es/" target="_blank">CIBERFES</a>), Enfermedades Cardiovasculares (<a rel="noreferrer noopener" href="http://www.cibercv.es/" target="_blank">CIBERCV</a>) y Cáncer (<a rel="noreferrer noopener" href="http://www.ciberonc.es/" target="_blank">CIBERONC</a>). Finalmente, en enero de 2022 finaliza el proceso de integración de nuevas áreas con la creación del CIBER de Enfermedades Infecciones (<a rel="noreferrer noopener" href="https://www.ciberinfec.es/" target="_blank">CIBERINFEC</a>) y la incorporación del CIBER de Enfermedades Neurodegenerativas (<a rel="noreferrer noopener" href="https://ciberned.es/" target="_blank">CIBERNED</a>).</p>



<h4 class="wp-block-heading">Actualidad</h4>



<p>Actualmente, el <strong>CIBER</strong> tiene una plantilla de<strong> 831 personas</strong> y <strong>5.654 investigadores e investigadoras </strong>adscritos, integradoss en <strong>518 grupos de investigación</strong>, sin estar físicament asociados, y ligados a <strong>104 instituciones consorciadas</strong> que pertenecen a Administraciones e Instituciones del sector público y privado de diferentes Comunidades Autónomas. </p>



<p>El programa científico de CIBER se estructura alrededor de las siguientes áreas de investigación:</p>



<ul class="wp-block-list">
<li>Bioingeniería, Biomateriales y Nanomedicina (CIBER-BBN)</li>



<li>Diabetes y Enfermedades Metabólicas (CIBERDEM)</li>



<li>Fisiopatología de la Obesidad y Nutrición (CIBEROBN)</li>



<li>Enfermedades Hepáticas y Digestivas (CIBEREHD)</li>



<li>Enfermedades Raras (CIBERER)</li>



<li>Enfermedades Respiratorias (CIBERES)</li>



<li>Epidemiología y Salud Pública (CIBERESP)</li>



<li>Salud Mental (CIBERSAM)</li>



<li>Fragilidad y Envejecimiento Saludable (CIBERFES)</li>



<li>Enfermedades Cardiovasculares (CIBERCV)</li>



<li>Cáncer (CIBERONC)</li>



<li>Enfermedades Infecciosas (CIBERINFEC)</li>



<li>Enfermedades Neurodegenerativas (CIBERNED)</li>
</ul>



<p></p>



<h2 class="wp-block-heading">Consulta las ofertas de trabajo vigentes en CIBER</h2>



<p><a href="https://www.ciberisciii.es/empleo" target="_blank" rel="noreferrer noopener">Ofertas</a></p>

<p>Nuestro grupo de investigación pertenece al Consorcio Centro de Investigación Biomédica en Red (CIBER) Desde su creación en 2007, más específicamente al área de Bioingeniería, Biomateriales y Nanomedicina, con el código CB06-01-0010, un grupo liderado por el Prof. Carles Arús dese su creación hasta noviembre de 2024, cuando la Dra. Ana Paula Candiota ha asumido [&hellip;]</p>
