{"id":194,"date":"2023-12-30T19:16:42","date_gmt":"2023-12-30T17:16:42","guid":{"rendered":"https:\/\/webs.uab.cat\/gabrmn\/?page_id=194"},"modified":"2024-01-01T22:26:45","modified_gmt":"2024-01-01T20:26:45","slug":"2009-2","status":"publish","type":"page","link":"https:\/\/webs.uab.cat\/gabrmn\/2009-2\/","title":{"rendered":"2009"},"content":{"rendered":"\n<p>Garc\u00eda-G\u00f3mez JM, Luts J, Juli\u00e0-Sap\u00e9 M, Krooshof P, Tortajada S, Robledo JV, Melssen W, Fuster-Garc\u00eda E, Olier I, Postma G, Monle\u00f3n D, Moreno-Torres A, Pujol J, Candiota AP, Mart\u00ednez-Bisbal MC, Suykens J, Buydens L, Celda B, Van Huffel S, Ar\u00fas C, Robles M. Multiproject-multicenter evaluation of automatic brain tumor classification by magnetic resonance spectroscopy. MAGMA. 2009 Feb;22(1):5-18. <a href=\"https:\/\/link.springer.com\/article\/10.1007\/s10334-008-0146-y\" target=\"_blank\" rel=\"noreferrer noopener\">doi: 10.1007\/s10334-008-0146-y<\/a>. Epub 2008 Nov 7. PMID: 18989714; PMCID: PMC2797843.<\/p>\n\n\n\n<p>Maj\u00f3s C, Aguilera C, Cos M, Camins A, Candiota AP, Delgado-Go\u00f1i T, Samitier A, Casta\u00f1er S, S\u00e1nchez JJ, Mato D, Acebes JJ, Ar\u00fas C. In vivo proton magnetic resonance spectroscopy of intraventricular tumours of the brain. Eur Radiol. 2009 Aug;19(8):2049-59. <a href=\"https:\/\/link.springer.com\/article\/10.1007\/s00330-009-1357-y\" target=\"_blank\" rel=\"noreferrer noopener\">doi: 10.1007\/s00330-009-1357-y<\/a>. Epub 2009 Mar 11. PMID: 19277673.<\/p>\n\n\n\n<p>Castells X, Garc\u00eda-G\u00f3mez JM, Navarro A, Acebes JJ, Godino O, Boluda S, Barcel\u00f3 A, Robles M, Ari\u00f1o J, Ar\u00fas C. Automated brain tumor biopsy prediction using single-labeling cDNA microarrays-based gene expression profiling. Diagn Mol Pathol. 2009 Dec;18(4):206-18. <a href=\"https:\/\/journals.lww.com\/molecularpathology\/abstract\/2009\/12000\/automated_brain_tumor_biopsy_prediction_using.3.aspx\" target=\"_blank\" rel=\"noreferrer noopener\">doi: 10.1097\/PDM.0b013e31818f071b<\/a>. PMID: 19861896.<\/p>\n\n\n\n<p>Maj\u00f3s C, Aguilera C, Alonso J, Juli\u00e0-Sap\u00e9 M, Casta\u00f1er S, S\u00e1nchez JJ, Samitier A, Le\u00f3n A, Rovira A, Ar\u00fas C. Proton MR spectroscopy improves discrimination between tumor and pseudotumoral lesion in solid brain masses. AJNR Am J Neuroradiol. 2009 Mar;30(3):544-51. <a href=\"https:\/\/www.ajnr.org\/content\/30\/3\/544.long\" target=\"_blank\" rel=\"noreferrer noopener\">doi: 10.3174\/ajnr.A1392<\/a>. Epub 2008 Dec 18. PMID: 19095788; PMCID: PMC7051434.<\/p>\n","protected":false},"excerpt":{"rendered":"<p>Garc\u00eda-G\u00f3mez JM, Luts J, Juli\u00e0-Sap\u00e9 M, Krooshof P, Tortajada S, Robledo JV, Melssen W, Fuster-Garc\u00eda E, Olier I, Postma G, Monle\u00f3n D, Moreno-Torres A, Pujol J, Candiota AP, Mart\u00ednez-Bisbal MC, Suykens J, Buydens L, Celda B, Van Huffel S, Ar\u00fas C, Robles M. Multiproject-multicenter evaluation of automatic brain tumor classification by magnetic resonance spectroscopy. MAGMA. [&hellip;]<\/p>\n","protected":false},"author":2658,"featured_media":0,"parent":0,"menu_order":0,"comment_status":"closed","ping_status":"closed","template":"","meta":{"footnotes":""},"class_list":["post-194","page","type-page","status-publish","hentry"],"_links":{"self":[{"href":"https:\/\/webs.uab.cat\/gabrmn\/wp-json\/wp\/v2\/pages\/194","targetHints":{"allow":["GET"]}}],"collection":[{"href":"https:\/\/webs.uab.cat\/gabrmn\/wp-json\/wp\/v2\/pages"}],"about":[{"href":"https:\/\/webs.uab.cat\/gabrmn\/wp-json\/wp\/v2\/types\/page"}],"author":[{"embeddable":true,"href":"https:\/\/webs.uab.cat\/gabrmn\/wp-json\/wp\/v2\/users\/2658"}],"replies":[{"embeddable":true,"href":"https:\/\/webs.uab.cat\/gabrmn\/wp-json\/wp\/v2\/comments?post=194"}],"version-history":[{"count":2,"href":"https:\/\/webs.uab.cat\/gabrmn\/wp-json\/wp\/v2\/pages\/194\/revisions"}],"predecessor-version":[{"id":420,"href":"https:\/\/webs.uab.cat\/gabrmn\/wp-json\/wp\/v2\/pages\/194\/revisions\/420"}],"wp:attachment":[{"href":"https:\/\/webs.uab.cat\/gabrmn\/wp-json\/wp\/v2\/media?parent=194"}],"curies":[{"name":"wp","href":"https:\/\/api.w.org\/{rel}","templated":true}]}}