{"id":90,"date":"2023-12-29T12:53:00","date_gmt":"2023-12-29T10:53:00","guid":{"rendered":"https:\/\/webs.uab.cat\/gabrmn\/?page_id=90"},"modified":"2026-04-02T19:58:26","modified_gmt":"2026-04-02T17:58:26","slug":"pertenencia-a-ciber","status":"publish","type":"page","link":"https:\/\/webs.uab.cat\/gabrmn\/pertenencia-a-ciber\/","title":{"rendered":"Pertinen\u00e7a a CIBER"},"content":{"rendered":"\n<figure class=\"wp-block-image size-full\"><img loading=\"lazy\" decoding=\"async\" width=\"300\" height=\"40\" src=\"https:\/\/webs.uab.cat\/gabrmn\/wp-content\/uploads\/sites\/424\/2024\/01\/image-4.png\" alt=\"\" class=\"wp-image-454\" \/><\/figure>\n\n\n\n<p>El nostre grup de recerca pertany al Consorcio Centro de Investigaci\u00f3n Biom\u00e9dica en Red (<a href=\"https:\/\/www.ciberisciii.es\/quienes-somos\" target=\"_blank\" rel=\"noreferrer noopener\">CIBER<\/a>) des de la seva creaci\u00f3 en 2007, m\u00e9s espec\u00edficament a l&#8217;\u00e0rea de Bioingenier\u00eda, Biomateriales y Nanomedicina, amb el codi <a href=\"https:\/\/www.ciberisciii.es\/areas-tematicas\/grupo-de-investigacion?id=5401\" target=\"_blank\" rel=\"noreferrer noopener\">CB06-01-0010<\/a>, un grup liderat pel Prof. Carles Ar\u00fas des de la seva creaci\u00f3 fins novembre de 2024, quan la Dra. Ana Paula Candiota ha assumit el lideratge. Aquest grup ha comptat amb investigadors s\u00e9nior de contractaci\u00f3 estable com Margarida Juli\u00e0 (per\u00edode 2007-2021) i Ana Paula Candiota (per\u00edode 2007-2023), apart de diferents membres relacionats als estaments cl\u00ednics, recerca b\u00e0sica i bioinform\u00e0tica. Des de novembre de 2025, Ana Azaustre Garcia \u00e9s predoctoral contractada CIBER del grup. El grup dirigeix tamb\u00e9 la Unitat 25 de la ICTS NANBIOSIS.<\/p>\n\n\n\n<h2 class=\"wp-block-heading\">Objectius i \u00e0rees tem\u00e0tiques<\/h2>\n\n\n\n<p>L&#8217;objectiu del <strong>CIBER<\/strong>, creat per iniciativa del&nbsp;<a rel=\"noreferrer noopener\" href=\"http:\/\/www.isciii.es\/\" target=\"_blank\">Instituto de Salud Carlos III (ISCIII)<\/a>,&nbsp;\u00e9s impulsar la investigaci\u00f3 d&#8217;excel\u00b7l\u00e8ncia en Biomedicina i Ci\u00e8ncies de la Salut. Per a aquesta finalitat, es concentren esfor\u00e7os i recursos interdisciplinars i multiinstitucionals amb una dedicaci\u00f3 preferent de recursos al voltant de xarxes de coneixement conformades per centres i grups d&#8217;investigaci\u00f3 d&#8217;institucions p\u00fabliques i privades. Podreu veure un resum de la iniciativa CIBER en el v\u00eddeo corporatiu a continuaci\u00f3.<\/p>\n\n\n\n<figure class=\"wp-block-embed is-type-video is-provider-youtube wp-block-embed-youtube wp-embed-aspect-16-9 wp-has-aspect-ratio\"><div class=\"wp-block-embed__wrapper\">\n<iframe loading=\"lazy\" title=\"V\u00eddeo corporativo. Subt\u00edtulos espa\u00f1ol.\" width=\"580\" height=\"326\" src=\"https:\/\/www.youtube.com\/embed\/5FjtrjOy2Wg?start=4&#038;feature=oembed\" frameborder=\"0\" allow=\"accelerometer; autoplay; clipboard-write; encrypted-media; gyroscope; picture-in-picture; web-share\" referrerpolicy=\"strict-origin-when-cross-origin\" allowfullscreen><\/iframe>\n<\/div><\/figure>\n\n\n\n<p>L&#8217;origen del CIBER remonta a 2006 quan es van crear set consorcis  (<a rel=\"noreferrer noopener\" href=\"http:\/\/www.ciber-bbn.es\/\" target=\"_blank\">CIBERBBN<\/a>, &nbsp;<a rel=\"noreferrer noopener\" href=\"http:\/\/www.ciberehd.org\/\" target=\"_blank\">CIBEREHD<\/a>,&nbsp;<a rel=\"noreferrer noopener\" href=\"http:\/\/www.ciberned.es\/\" target=\"_blank\">CIBERBNED<\/a>, &nbsp;<a rel=\"noreferrer noopener\" href=\"http:\/\/www.ciberer.es\/\" target=\"_blank\">CIBERER<\/a>, &nbsp;<a rel=\"noreferrer noopener\" href=\"http:\/\/www.ciberes.org\/\" target=\"_blank\">CIBERES<\/a>,&nbsp;<a rel=\"noreferrer noopener\" href=\"http:\/\/www.ciberesp.es\/\" target=\"_blank\">CIBERESP<\/a>&nbsp;y&nbsp;<a rel=\"noreferrer noopener\" href=\"http:\/\/www.ciberobn.es\/\" target=\"_blank\">CIBEROBN<\/a>). En 2007 es van crear altres dos consorcis,&nbsp;<a rel=\"noreferrer noopener\" href=\"http:\/\/www.cibersam.es\/\" target=\"_blank\">CIBERSAM<\/a>&nbsp;y&nbsp;<a rel=\"noreferrer noopener\" href=\"http:\/\/www.ciberdem.org\/\" target=\"_blank\">CIBERDEM<\/a>. En 2013, amb efectes a 1 de gener de 2014, en el marc del Pla de reestructuraci\u00f3 i racionalitzaci\u00f3 del Sector P\u00fabic, es va aprovar la integraci\u00f3 de CIBER-BBN, CIBEREHD, CIBERER, CIBERES, CIBERESP, CIBEROBN, CIBERDEM y CIBERSAM en \u00fanico Consorcio denominado Consorcio Centro de Investigaci\u00f3n Biom\u00e9dica en Red,&nbsp;<strong>CIBER<\/strong>. El 1 de gener de 2017, per la convocat\u00f2ria de la Acci\u00f3n Estrat\u00e9gica en Salud 2013-2016, s&#8217;incorporen noves \u00e0rees tem\u00e0tiques i nous grups al Consorcio CIBER. Les noves \u00e0rees tem\u00e0tiques creadas son les seg\u00fcents: Fragilidad y Envejecimiento Saludable (<a rel=\"noreferrer noopener\" href=\"http:\/\/www.ciberfes.es\/\" target=\"_blank\">CIBERFES<\/a>), Enfermedades Cardiovasculares (<a rel=\"noreferrer noopener\" href=\"http:\/\/www.cibercv.es\/\" target=\"_blank\">CIBERCV<\/a>) i C\u00e1ncer (<a rel=\"noreferrer noopener\" href=\"http:\/\/www.ciberonc.es\/\" target=\"_blank\">CIBERONC<\/a>). Finalmente, en gener de 2022 finalitza el proc\u00e8s d&#8217;integraci\u00f3 de noves \u00e0rees amb la creaci\u00f3  del CIBER de Enfermedades Infecciones (<a rel=\"noreferrer noopener\" href=\"https:\/\/www.ciberinfec.es\/\" target=\"_blank\">CIBERINFEC<\/a>) y la incorporaci\u00f3n del CIBER de Enfermedades Neurodegenerativas (<a rel=\"noreferrer noopener\" href=\"https:\/\/ciberned.es\/\" target=\"_blank\">CIBERNED<\/a>).<\/p>\n\n\n\n<h4 class=\"wp-block-heading\">Actualitat<\/h4>\n\n\n\n<p>Actualment, el&nbsp;<strong>CIBER<\/strong>&nbsp;t\u00e9 una plantilla de<strong>&nbsp;831 persones<\/strong>&nbsp;i&nbsp;&nbsp;<strong>5.654 investigadors i investigadores <\/strong>adscrits, integrats en&nbsp;<strong>518 grups d&#8217;investigaci\u00f3<\/strong>, sense estar f\u00edsicament associats, i lligats a&nbsp;<strong>104 institucions consorciades<\/strong> que pertanyen a Administracions i Institucions del sector p\u00fablic i privat de diferents Comunitats Aut\u00f2nomes. <\/p>\n\n\n\n<p>El programa cient\u00edfic del CIBER s&#8217;orienta al voltant de les seg\u00fcents \u00e0rees d&#8217;investigaci\u00f3:<\/p>\n\n\n\n<ul class=\"wp-block-list\">\n<li>Bioingenier\u00eda, Biomateriales y Nanomedicina (CIBER-BBN)<\/li>\n\n\n\n<li>Diabetes y Enfermedades Metab\u00f3licas (CIBERDEM)<\/li>\n\n\n\n<li>Fisiopatolog\u00eda de la Obesidad y Nutrici\u00f3n &nbsp;(CIBEROBN)<\/li>\n\n\n\n<li>Enfermedades Hep\u00e1ticas y Digestivas (CIBEREHD)<\/li>\n\n\n\n<li>Enfermedades Raras (CIBERER)<\/li>\n\n\n\n<li>Enfermedades Respiratorias (CIBERES)<\/li>\n\n\n\n<li>Epidemiolog\u00eda y Salud P\u00fablica (CIBERESP)<\/li>\n\n\n\n<li>Salud Mental (CIBERSAM)<\/li>\n\n\n\n<li>Fragilidad y Envejecimiento Saludable (CIBERFES)<\/li>\n\n\n\n<li>Enfermedades Cardiovasculares (CIBERCV)<\/li>\n\n\n\n<li>C\u00e1ncer (CIBERONC)<\/li>\n\n\n\n<li>Enfermedades Infecciosas (CIBERINFEC)<\/li>\n\n\n\n<li>Enfermedades Neurodegenerativas (CIBERNED)<\/li>\n<\/ul>\n\n\n\n<p><\/p>\n\n\n\n<h2 class=\"wp-block-heading\">Consulta les ofertes de feina vigents a CIBER<\/h2>\n\n\n\n<p><a href=\"https:\/\/www.ciberisciii.es\/empleo\" target=\"_blank\" rel=\"noreferrer noopener\">Ofertes<\/a><\/p>\n","protected":false},"excerpt":{"rendered":"<p>El nostre grup de recerca pertany al Consorcio Centro de Investigaci\u00f3n Biom\u00e9dica en Red (CIBER) des de la seva creaci\u00f3 en 2007, m\u00e9s espec\u00edficament a l&#8217;\u00e0rea de Bioingenier\u00eda, Biomateriales y Nanomedicina, amb el codi CB06-01-0010, un grup liderat pel Prof. Carles Ar\u00fas des de la seva creaci\u00f3 fins novembre de 2024, quan la Dra. Ana [&hellip;]<\/p>\n","protected":false},"author":2658,"featured_media":0,"parent":0,"menu_order":0,"comment_status":"closed","ping_status":"closed","template":"","meta":{"footnotes":""},"class_list":["post-90","page","type-page","status-publish","hentry"],"_links":{"self":[{"href":"https:\/\/webs.uab.cat\/gabrmn\/wp-json\/wp\/v2\/pages\/90","targetHints":{"allow":["GET"]}}],"collection":[{"href":"https:\/\/webs.uab.cat\/gabrmn\/wp-json\/wp\/v2\/pages"}],"about":[{"href":"https:\/\/webs.uab.cat\/gabrmn\/wp-json\/wp\/v2\/types\/page"}],"author":[{"embeddable":true,"href":"https:\/\/webs.uab.cat\/gabrmn\/wp-json\/wp\/v2\/users\/2658"}],"replies":[{"embeddable":true,"href":"https:\/\/webs.uab.cat\/gabrmn\/wp-json\/wp\/v2\/comments?post=90"}],"version-history":[{"count":21,"href":"https:\/\/webs.uab.cat\/gabrmn\/wp-json\/wp\/v2\/pages\/90\/revisions"}],"predecessor-version":[{"id":1125,"href":"https:\/\/webs.uab.cat\/gabrmn\/wp-json\/wp\/v2\/pages\/90\/revisions\/1125"}],"wp:attachment":[{"href":"https:\/\/webs.uab.cat\/gabrmn\/wp-json\/wp\/v2\/media?parent=90"}],"curies":[{"name":"wp","href":"https:\/\/api.w.org\/{rel}","templated":true}]}}