{"id":149,"date":"2016-05-02T10:11:34","date_gmt":"2016-05-02T08:11:34","guid":{"rendered":"https:\/\/webs.uab.cat\/gedo\/grupos-de-trabajo\/"},"modified":"2024-04-16T16:34:06","modified_gmt":"2024-04-16T14:34:06","slug":"grupos-de-trabajo","status":"publish","type":"page","link":"https:\/\/webs.uab.cat\/gedo\/es\/grupos-de-trabajo\/","title":{"rendered":"Grupos de trabajo"},"content":{"rendered":"\n<p>El grupo EDO tiene abiertas distintas l\u00edneas de investigaci\u00f3n que se agrupan y aglutinan a trav\u00e9s de diferentes grupos de trabajo. Estos grupos son abiertos, lo cual implica que pueda haber miembros del equipo que formen parte de m\u00e1s de un grupo, o miembros que a lo largo del tiempo se han vinculado a diferentes grupos. De todas formas, el coordinador de los mismos permanece normalmente estable con el paso del tiempo.<\/p>\n\n\n\n<p>El foco de la actividad cient\u00edfica del grupo es, desde una perspectiva sist\u00e9mica y compleja, el an\u00e1lisis y el <strong>Desarrollo Organizacional<\/strong> de las instituciones formativas consideradas como los contextos en los que se producen cualquier tipo de proceso educativo y formativo.<\/p>\n\n\n\n<p>Incluye tres grandes l\u00edneas de trabajo:<\/p>\n\n\n\n<ol class=\"wp-block-list\">\n<li>El desarrollo de las instituciones centrado en la mejora global de las organizaciones<\/li>\n\n\n\n<li>El desarrollo de las personas y los equipos, en contextos organizativos<\/li>\n\n\n\n<li>El desarrollo comunitario y las relaciones de las organizaciones con su entorno.<\/li>\n<\/ol>\n\n\n\n<figure class=\"wp-block-image size-large\"><img loading=\"lazy\" decoding=\"async\" width=\"1024\" height=\"463\" src=\"https:\/\/webs.uab.cat\/gedo\/wp-content\/uploads\/sites\/278\/2023\/04\/Hombres_web-1024x463.png\" alt=\"\" class=\"wp-image-911\" srcset=\"https:\/\/webs.uab.cat\/gedo\/wp-content\/uploads\/sites\/278\/2023\/04\/Hombres_web-1024x463.png 1024w, https:\/\/webs.uab.cat\/gedo\/wp-content\/uploads\/sites\/278\/2023\/04\/Hombres_web-300x136.png 300w, https:\/\/webs.uab.cat\/gedo\/wp-content\/uploads\/sites\/278\/2023\/04\/Hombres_web-768x347.png 768w, https:\/\/webs.uab.cat\/gedo\/wp-content\/uploads\/sites\/278\/2023\/04\/Hombres_web-1200x542.png 1200w, https:\/\/webs.uab.cat\/gedo\/wp-content\/uploads\/sites\/278\/2023\/04\/Hombres_web.png 1489w\" sizes=\"auto, (max-width: 1024px) 100vw, 1024px\" \/><\/figure>\n\n\n\n<p>Estas l\u00edneas de trabajo se materializan en los 7 grupos de trabajo que se exponen a continuaci\u00f3n:<\/p>\n\n\n\n<p><strong>CEArt \u2013 Cambio educativo a trav\u00e9s de las artes<\/strong><br>Coord: Gemma Par\u00eds Romia<\/p>\n\n\n\n<p><strong>PEIE \u2013 Pr\u00e1ctica educativa Informada por la evidencia<\/strong><br>Coord: Georgeta Ion<\/p>\n\n\n\n<p><strong>E-DIOR \u2013 Entornos digitales a las organizaciones educativas<\/strong><br>Coord: Alejandra Bosco Paniagua<\/p>\n\n\n\n<p><strong>GEMOE \u2013 Gesti\u00f3n y mejora de las organizaciones educativas<\/strong><br>Coord: Carme Armengol Aspar\u00f3<\/p>\n\n\n\n<p><strong>OIE \u2013 Orientaci\u00f3n e inclusi\u00f3n educativas<\/strong><br>Coord: Patricia Olmos Rueda<\/p>\n\n\n\n<p><strong>DEPRO \u2013 Desarrollo Profesional a las Organizaciones<\/strong><br>Coord: Diego Castro Ceacero<\/p>\n\n\n\n<p><strong>OrSa&nbsp;\u2013<\/strong>&nbsp;<strong>Organizaciones Saludables<\/strong><br>Coord: Isabel del Arco Bravo<\/p>\n","protected":false},"excerpt":{"rendered":"<p>El grupo EDO tiene abiertas distintas l\u00edneas de investigaci\u00f3n que se agrupan y aglutinan a trav\u00e9s de diferentes grupos de trabajo. Estos grupos son abiertos, lo cual implica que pueda haber miembros del equipo que formen parte de m\u00e1s de un grupo, o miembros que a lo largo del tiempo se han vinculado a diferentes [&hellip;]<\/p>\n","protected":false},"author":20,"featured_media":0,"parent":0,"menu_order":0,"comment_status":"closed","ping_status":"closed","template":"","meta":{"footnotes":""},"class_list":["post-149","page","type-page","status-publish","hentry"],"_links":{"self":[{"href":"https:\/\/webs.uab.cat\/gedo\/es\/wp-json\/wp\/v2\/pages\/149","targetHints":{"allow":["GET"]}}],"collection":[{"href":"https:\/\/webs.uab.cat\/gedo\/es\/wp-json\/wp\/v2\/pages"}],"about":[{"href":"https:\/\/webs.uab.cat\/gedo\/es\/wp-json\/wp\/v2\/types\/page"}],"author":[{"embeddable":true,"href":"https:\/\/webs.uab.cat\/gedo\/es\/wp-json\/wp\/v2\/users\/20"}],"replies":[{"embeddable":true,"href":"https:\/\/webs.uab.cat\/gedo\/es\/wp-json\/wp\/v2\/comments?post=149"}],"version-history":[{"count":6,"href":"https:\/\/webs.uab.cat\/gedo\/es\/wp-json\/wp\/v2\/pages\/149\/revisions"}],"predecessor-version":[{"id":1332,"href":"https:\/\/webs.uab.cat\/gedo\/es\/wp-json\/wp\/v2\/pages\/149\/revisions\/1332"}],"wp:attachment":[{"href":"https:\/\/webs.uab.cat\/gedo\/es\/wp-json\/wp\/v2\/media?parent=149"}],"curies":[{"name":"wp","href":"https:\/\/api.w.org\/{rel}","templated":true}]}}

<p>El grupo EDO tiene abiertas distintas líneas de investigación que se agrupan y aglutinan a través de diferentes grupos de trabajo. Estos grupos son abiertos, lo cual implica que pueda haber miembros del equipo que formen parte de más de un grupo, o miembros que a lo largo del tiempo se han vinculado a diferentes grupos. De todas formas, el coordinador de los mismos permanece normalmente estable con el paso del tiempo.</p>



<p>El foco de la actividad científica del grupo es, desde una perspectiva sistémica y compleja, el análisis y el <strong>Desarrollo Organizacional</strong> de las instituciones formativas consideradas como los contextos en los que se producen cualquier tipo de proceso educativo y formativo.</p>



<p>Incluye tres grandes líneas de trabajo:</p>



<ol class="wp-block-list">
<li>El desarrollo de las instituciones centrado en la mejora global de las organizaciones</li>



<li>El desarrollo de las personas y los equipos, en contextos organizativos</li>



<li>El desarrollo comunitario y las relaciones de las organizaciones con su entorno.</li>
</ol>



<figure class="wp-block-image size-large"><img loading="lazy" decoding="async" width="1024" height="463" src="https://webs.uab.cat/gedo/wp-content/uploads/sites/278/2023/04/Hombres_web-1024x463.png" alt="" class="wp-image-911" srcset="https://webs.uab.cat/gedo/wp-content/uploads/sites/278/2023/04/Hombres_web-1024x463.png 1024w, https://webs.uab.cat/gedo/wp-content/uploads/sites/278/2023/04/Hombres_web-300x136.png 300w, https://webs.uab.cat/gedo/wp-content/uploads/sites/278/2023/04/Hombres_web-768x347.png 768w, https://webs.uab.cat/gedo/wp-content/uploads/sites/278/2023/04/Hombres_web-1200x542.png 1200w, https://webs.uab.cat/gedo/wp-content/uploads/sites/278/2023/04/Hombres_web.png 1489w" sizes="auto, (max-width: 1024px) 100vw, 1024px" /></figure>



<p>Estas líneas de trabajo se materializan en los 7 grupos de trabajo que se exponen a continuación:</p>



<p><strong>CEArt – Cambio educativo a través de las artes</strong><br>Coord: Gemma París Romia</p>



<p><strong>PEIE – Práctica educativa Informada por la evidencia</strong><br>Coord: Georgeta Ion</p>



<p><strong>E-DIOR – Entornos digitales a las organizaciones educativas</strong><br>Coord: Alejandra Bosco Paniagua</p>



<p><strong>GEMOE – Gestión y mejora de las organizaciones educativas</strong><br>Coord: Carme Armengol Asparó</p>



<p><strong>OIE – Orientación e inclusión educativas</strong><br>Coord: Patricia Olmos Rueda</p>



<p><strong>DEPRO – Desarrollo Profesional a las Organizaciones</strong><br>Coord: Diego Castro Ceacero</p>



<p><strong>OrSa&nbsp;–</strong>&nbsp;<strong>Organizaciones Saludables</strong><br>Coord: Isabel del Arco Bravo</p>

<p>El grupo EDO tiene abiertas distintas líneas de investigación que se agrupan y aglutinan a través de diferentes grupos de trabajo. Estos grupos son abiertos, lo cual implica que pueda haber miembros del equipo que formen parte de más de un grupo, o miembros que a lo largo del tiempo se han vinculado a diferentes [&hellip;]</p>
