{"id":106,"date":"2016-01-19T13:43:45","date_gmt":"2016-01-19T11:43:45","guid":{"rendered":"https:\/\/webs.uab.cat\/gedo\/inci\/"},"modified":"2023-06-16T14:59:53","modified_gmt":"2023-06-16T12:59:53","slug":"inci","status":"publish","type":"page","link":"https:\/\/webs.uab.cat\/gedo\/","title":{"rendered":""},"content":{"rendered":"\n<p><strong>EDO &#8211; EQUIP DE DESENVOLUPAMENT ORGANITZACIONAL<\/strong><br>(2021SGR-00795)<\/p>\n\n\n\n<figure class=\"wp-block-gallery has-nested-images columns-default is-cropped wp-block-gallery-1 is-layout-flex wp-block-gallery-is-layout-flex\">\n<figure class=\"wp-block-image size-large\"><img loading=\"lazy\" decoding=\"async\" width=\"1024\" height=\"462\" data-id=\"1262\" src=\"https:\/\/webs.uab.cat\/gedo\/wp-content\/uploads\/sites\/278\/2023\/06\/Columnes-1024x462.png\" alt=\"\" class=\"wp-image-1262\" srcset=\"https:\/\/webs.uab.cat\/gedo\/wp-content\/uploads\/sites\/278\/2023\/06\/Columnes-1024x462.png 1024w, https:\/\/webs.uab.cat\/gedo\/wp-content\/uploads\/sites\/278\/2023\/06\/Columnes-300x135.png 300w, https:\/\/webs.uab.cat\/gedo\/wp-content\/uploads\/sites\/278\/2023\/06\/Columnes-768x347.png 768w, https:\/\/webs.uab.cat\/gedo\/wp-content\/uploads\/sites\/278\/2023\/06\/Columnes-1200x542.png 1200w, https:\/\/webs.uab.cat\/gedo\/wp-content\/uploads\/sites\/278\/2023\/06\/Columnes.png 1462w\" sizes=\"auto, (max-width: 1024px) 100vw, 1024px\" \/><\/figure>\n<\/figure>\n\n\n<p>L\u2019Equip de Desenvolupament Organitzacional (EDO) \u00e9s la culminaci\u00f3 d\u2019un proc\u00e9s de m\u00e9s de dues d\u00e8cades en el qual s\u2019han organitzat grups de treball al voltant de les demandes formatives existents i temes de recerca que apareixen com a prioritat. L\u2019Equip EDO es constitueix com a espai de trobada, intercanvi i promoci\u00f3 d\u2019idees i recerques en el camp de les organitzacions.<\/p>\n<p><!-- \/wp:post-content --><!-- wp:paragraph --><\/p>\n<p>Org\u00e0nicament, EDO es vincula al Centre de Recerca i Estudis pel Desenvolupament Organitzatiu (CRiEDO), i coherentment amb el seu nom, el tema central de recerca versa sobre la naturalesa i desenvolupament de les organitzacions dedicades a l&#8217;educaci\u00f3 i la formaci\u00f3, essent temes d&#8217;inter\u00e8s per als seus membres els seg\u00fcents: la naturalesa i tipologia de les organitzacions formatives, els sistemes d&#8217;ordenaci\u00f3 i gesti\u00f3 institucional, les din\u00e0miques institucionals, els sistemes d\u2019avaluaci\u00f3 interna i externa, la gesti\u00f3 i transformaci\u00f3 de les organitzacions, el rol dels directius, les tecnologies digitals en educaci\u00f3, l&#8217;emprenedoria, la pr\u00e0ctica educativa informada en l&#8217;evid\u00e8ncia, la gesti\u00f3 del coneixement, i els processos de desenvolupament professional. Totes aquestes tem\u00e0tiques en refer\u00e8ncia a centres educatius no universitaris, universitaris i altres de tipus formatiu com poden ser els centres de formaci\u00f3 ocupacional, les organitzacions de salut, els centres d\u2019oci i altres serveis educatius.<\/p>\n<p><!-- \/wp:paragraph --><!-- wp:paragraph --><\/p>\n<p>Autoritzat com a grup ANE (Autoritzaci\u00f3 de Nom Espec\u00edfic) de la Universitat Aut\u00f2noma de Barcelona al 1999 i reconegut com a grup de recerca consolidat (Resoluci\u00f3 del Departament d\u2019Universitats, Recerca i Societat de la Informaci\u00f3) el 18 d\u2019octubre de 2005, reconeixement que va renovar-se en la convocatoria de l&#8217;any 2009 (SGR2009-397), 2014 (2014SGR-176), 2018 (2017SGR-00318). Des de 2021 &nbsp;mant\u00e9 el reconeixement com a grup consolidat (2021SGR-00795), sota la coordinaci\u00f3 de la Dra. Carme Armengol Aspar\u00f3.<\/p>\n<p>Des del 1981, moment en qu\u00e8 es va iniciar l&#8217;activitat de doc\u00e8ncia i investigaci\u00f3 vinculada a l&#8217;an\u00e0lisi i el desenvolupament de les organitzacions a la UAB, i fins al 2020, EDO va ser coordinat pel Dr. Joaqu\u00edn Gair\u00edn Sall\u00e1n.<\/p>\n<p><!-- \/wp:paragraph --><\/p>\n<p><!-- wp:paragraph --><\/p>\n<p><a href=\"http:\/\/accelera.uab.cat\/documents_edo\/pdf\/Memoria_EDO_2011_2021.pdf\">&#8220;Mem\u00f2ria d&#8217;Activitat del EDO. Per\u00edode 2011-2021&#8221;<\/a><\/p>\n<p><!-- \/wp:paragraph --><\/p>","protected":false},"excerpt":{"rendered":"<p>EDO &#8211; EQUIP DE DESENVOLUPAMENT ORGANITZACIONAL(2021SGR-00795) L\u2019Equip de Desenvolupament Organitzacional (EDO) \u00e9s la culminaci\u00f3 d\u2019un proc\u00e9s de m\u00e9s de dues d\u00e8cades en el qual s\u2019han organitzat grups de treball al voltant de les demandes formatives existents i temes de recerca que apareixen com a prioritat. L\u2019Equip EDO es constitueix com a espai de trobada, intercanvi [&hellip;]<\/p>\n","protected":false},"author":20,"featured_media":0,"parent":0,"menu_order":0,"comment_status":"closed","ping_status":"closed","template":"","meta":{"footnotes":""},"class_list":["post-106","page","type-page","status-publish","hentry"],"_links":{"self":[{"href":"https:\/\/webs.uab.cat\/gedo\/wp-json\/wp\/v2\/pages\/106","targetHints":{"allow":["GET"]}}],"collection":[{"href":"https:\/\/webs.uab.cat\/gedo\/wp-json\/wp\/v2\/pages"}],"about":[{"href":"https:\/\/webs.uab.cat\/gedo\/wp-json\/wp\/v2\/types\/page"}],"author":[{"embeddable":true,"href":"https:\/\/webs.uab.cat\/gedo\/wp-json\/wp\/v2\/users\/20"}],"replies":[{"embeddable":true,"href":"https:\/\/webs.uab.cat\/gedo\/wp-json\/wp\/v2\/comments?post=106"}],"version-history":[{"count":12,"href":"https:\/\/webs.uab.cat\/gedo\/wp-json\/wp\/v2\/pages\/106\/revisions"}],"predecessor-version":[{"id":1265,"href":"https:\/\/webs.uab.cat\/gedo\/wp-json\/wp\/v2\/pages\/106\/revisions\/1265"}],"wp:attachment":[{"href":"https:\/\/webs.uab.cat\/gedo\/wp-json\/wp\/v2\/media?parent=106"}],"curies":[{"name":"wp","href":"https:\/\/api.w.org\/{rel}","templated":true}]}}