{"id":190,"date":"2020-07-22T10:34:15","date_gmt":"2020-07-22T08:34:15","guid":{"rendered":"https:\/\/webs.uab.cat\/gedo\/grup-demos\/"},"modified":"2024-04-17T12:30:02","modified_gmt":"2024-04-17T10:30:02","slug":"gemoe","status":"publish","type":"page","link":"https:\/\/webs.uab.cat\/gedo\/gemoe\/","title":{"rendered":"GEMOE"},"content":{"rendered":"\n<p><strong>GESTI\u00d3 I MILLORA DE LES ORGANITZACIONS EDUCATIVES<\/strong> <br><strong>Coordinadora:\u00a0<\/strong>Carme Armengol Aspar\u00f3<\/p>\n\n\n\n<figure class=\"wp-block-image size-large\"><img loading=\"lazy\" decoding=\"async\" width=\"1024\" height=\"464\" src=\"https:\/\/webs.uab.cat\/gedo\/wp-content\/uploads\/sites\/278\/2023\/04\/multiples-web-1-1024x464.png\" alt=\"\" class=\"wp-image-951\" srcset=\"https:\/\/webs.uab.cat\/gedo\/wp-content\/uploads\/sites\/278\/2023\/04\/multiples-web-1-1024x464.png 1024w, https:\/\/webs.uab.cat\/gedo\/wp-content\/uploads\/sites\/278\/2023\/04\/multiples-web-1-300x136.png 300w, https:\/\/webs.uab.cat\/gedo\/wp-content\/uploads\/sites\/278\/2023\/04\/multiples-web-1-768x348.png 768w, https:\/\/webs.uab.cat\/gedo\/wp-content\/uploads\/sites\/278\/2023\/04\/multiples-web-1-1200x544.png 1200w, https:\/\/webs.uab.cat\/gedo\/wp-content\/uploads\/sites\/278\/2023\/04\/multiples-web-1.png 1475w\" sizes=\"auto, (max-width: 1024px) 100vw, 1024px\" \/><\/figure>\n\n\n\n<p>Les organitzacions formatives s\u00f3n estructures que adquireixen sentit quan es vinculen a les necessitats de les persones i de la societat. En aquesta l\u00ednia, s&#8217;aprofundeix, des de les perspectives de l&#8217;avaluaci\u00f3, la recerca i la innovaci\u00f3, tant en les formes de com s&#8217;ordena el seu funcionament com en els mecanismes que en possibiliten el desenvolupament i la millora permanent com a organitzaci\u00f3. Es tracta d\u2019aconseguir institucions m\u00e9s eficaces i eficients en entorns segurs, saludables, sostenibles i d\u2019acord amb els valors que els ODS es plantegen com a escenari desitjable.<\/p>\n\n\n\n<p>Concretament en aquesta l\u00ednia de recerca ens centrem a abordar les seg\u00fcents q\u00fcestions:<\/p>\n\n\n\n<ol class=\"wp-block-list\">\n<li>Planificaci\u00f3 i gesti\u00f3 de les organitzacions formatives<\/li>\n\n\n\n<li>Direcci\u00f3 i lideratge<\/li>\n\n\n\n<li>Avaluaci\u00f3, Qualitat i innovaci\u00f3<\/li>\n\n\n\n<li>Emprenedoria<\/li>\n<\/ol>\n","protected":false},"excerpt":{"rendered":"<p>GESTI\u00d3 I MILLORA DE LES ORGANITZACIONS EDUCATIVES Coordinadora:\u00a0Carme Armengol Aspar\u00f3 Les organitzacions formatives s\u00f3n estructures que adquireixen sentit quan es vinculen a les necessitats de les persones i de la societat. En aquesta l\u00ednia, s&#8217;aprofundeix, des de les perspectives de l&#8217;avaluaci\u00f3, la recerca i la innovaci\u00f3, tant en les formes de com s&#8217;ordena el seu [&hellip;]<\/p>\n","protected":false},"author":20,"featured_media":0,"parent":0,"menu_order":0,"comment_status":"closed","ping_status":"closed","template":"","meta":{"footnotes":""},"class_list":["post-190","page","type-page","status-publish","hentry"],"_links":{"self":[{"href":"https:\/\/webs.uab.cat\/gedo\/wp-json\/wp\/v2\/pages\/190","targetHints":{"allow":["GET"]}}],"collection":[{"href":"https:\/\/webs.uab.cat\/gedo\/wp-json\/wp\/v2\/pages"}],"about":[{"href":"https:\/\/webs.uab.cat\/gedo\/wp-json\/wp\/v2\/types\/page"}],"author":[{"embeddable":true,"href":"https:\/\/webs.uab.cat\/gedo\/wp-json\/wp\/v2\/users\/20"}],"replies":[{"embeddable":true,"href":"https:\/\/webs.uab.cat\/gedo\/wp-json\/wp\/v2\/comments?post=190"}],"version-history":[{"count":9,"href":"https:\/\/webs.uab.cat\/gedo\/wp-json\/wp\/v2\/pages\/190\/revisions"}],"predecessor-version":[{"id":1318,"href":"https:\/\/webs.uab.cat\/gedo\/wp-json\/wp\/v2\/pages\/190\/revisions\/1318"}],"wp:attachment":[{"href":"https:\/\/webs.uab.cat\/gedo\/wp-json\/wp\/v2\/media?parent=190"}],"curies":[{"name":"wp","href":"https:\/\/api.w.org\/{rel}","templated":true}]}}