{"id":201,"date":"2020-07-22T10:46:49","date_gmt":"2020-07-22T08:46:49","guid":{"rendered":"https:\/\/webs.uab.cat\/gedo\/grup-oes\/"},"modified":"2024-04-16T08:52:06","modified_gmt":"2024-04-16T06:52:06","slug":"orsa","status":"publish","type":"page","link":"https:\/\/webs.uab.cat\/gedo\/orsa\/","title":{"rendered":"OrSa"},"content":{"rendered":"\n<p><strong>ORGANITZACIONS SALUDABLES<br>Coordinaci\u00f3:\u00a0<\/strong>Isabel del Arco Bravo<\/p>\n\n\n\n<figure class=\"wp-block-image size-large\"><img loading=\"lazy\" decoding=\"async\" width=\"1024\" height=\"457\" src=\"https:\/\/webs.uab.cat\/gedo\/wp-content\/uploads\/sites\/278\/2023\/04\/apple-web-1024x457.png\" alt=\"\" class=\"wp-image-1029\" srcset=\"https:\/\/webs.uab.cat\/gedo\/wp-content\/uploads\/sites\/278\/2023\/04\/apple-web-1024x457.png 1024w, https:\/\/webs.uab.cat\/gedo\/wp-content\/uploads\/sites\/278\/2023\/04\/apple-web-300x134.png 300w, https:\/\/webs.uab.cat\/gedo\/wp-content\/uploads\/sites\/278\/2023\/04\/apple-web-768x342.png 768w, https:\/\/webs.uab.cat\/gedo\/wp-content\/uploads\/sites\/278\/2023\/04\/apple-web-1200x535.png 1200w, https:\/\/webs.uab.cat\/gedo\/wp-content\/uploads\/sites\/278\/2023\/04\/apple-web.png 1489w\" sizes=\"auto, (max-width: 1024px) 100vw, 1024px\" \/><\/figure>\n\n\n\n<p>Coordinat des de la UdL, i vinculat a la C\u00e0tedra Desenvolupament d&#8217;Organitzacions i Territoris Saludables (DOTS), t\u00e9 l&#8217;objectiu d&#8217;analitzar el desenvolupament de les organitzacions que intervenen en diferents camps relacionats amb la salut i l&#8217;educaci\u00f3 al territori, per actuar en processos formatius i aix\u00ed millorar-ne l&#8217;efici\u00e8ncia. Els seus \u00e0mbits dactuaci\u00f3 s\u00f3n:<\/p>\n\n\n\n<ul class=\"wp-block-list\">\n<li>Analitzar, amb una visi\u00f3 global i integradora, la promoci\u00f3 destils de vida saludables des de les organitzacions. <\/li>\n\n\n\n<li>Promoure actuacions educatiu-sanit\u00e0ries en poblacions vulnerables. <\/li>\n\n\n\n<li>Integrar la perspectiva de la salut en el disseny dorganitzacions eficients i innovadores.<\/li>\n<\/ul>\n","protected":false},"excerpt":{"rendered":"<p>ORGANITZACIONS SALUDABLESCoordinaci\u00f3:\u00a0Isabel del Arco Bravo Coordinat des de la UdL, i vinculat a la C\u00e0tedra Desenvolupament d&#8217;Organitzacions i Territoris Saludables (DOTS), t\u00e9 l&#8217;objectiu d&#8217;analitzar el desenvolupament de les organitzacions que intervenen en diferents camps relacionats amb la salut i l&#8217;educaci\u00f3 al territori, per actuar en processos formatius i aix\u00ed millorar-ne l&#8217;efici\u00e8ncia. Els seus \u00e0mbits dactuaci\u00f3 [&hellip;]<\/p>\n","protected":false},"author":20,"featured_media":0,"parent":0,"menu_order":0,"comment_status":"closed","ping_status":"closed","template":"","meta":{"footnotes":""},"class_list":["post-201","page","type-page","status-publish","hentry"],"_links":{"self":[{"href":"https:\/\/webs.uab.cat\/gedo\/wp-json\/wp\/v2\/pages\/201","targetHints":{"allow":["GET"]}}],"collection":[{"href":"https:\/\/webs.uab.cat\/gedo\/wp-json\/wp\/v2\/pages"}],"about":[{"href":"https:\/\/webs.uab.cat\/gedo\/wp-json\/wp\/v2\/types\/page"}],"author":[{"embeddable":true,"href":"https:\/\/webs.uab.cat\/gedo\/wp-json\/wp\/v2\/users\/20"}],"replies":[{"embeddable":true,"href":"https:\/\/webs.uab.cat\/gedo\/wp-json\/wp\/v2\/comments?post=201"}],"version-history":[{"count":3,"href":"https:\/\/webs.uab.cat\/gedo\/wp-json\/wp\/v2\/pages\/201\/revisions"}],"predecessor-version":[{"id":1314,"href":"https:\/\/webs.uab.cat\/gedo\/wp-json\/wp\/v2\/pages\/201\/revisions\/1314"}],"wp:attachment":[{"href":"https:\/\/webs.uab.cat\/gedo\/wp-json\/wp\/v2\/media?parent=201"}],"curies":[{"name":"wp","href":"https:\/\/api.w.org\/{rel}","templated":true}]}}