{"id":121,"date":"2023-02-17T11:25:41","date_gmt":"2023-02-17T09:25:41","guid":{"rendered":"https:\/\/webs.uab.cat\/gelea2lt\/lineas-de-investigacion\/"},"modified":"2023-04-28T22:24:36","modified_gmt":"2023-04-28T20:24:36","slug":"lineas-de-investigacion","status":"publish","type":"page","link":"https:\/\/webs.uab.cat\/gelea2lt\/es\/lineas-de-investigacion\/","title":{"rendered":"L\u00edneas de investigaci\u00f3n"},"content":{"rendered":"\n<p>Las l\u00edneas de investigaci\u00f3n de GELEA2LT giran en torno a:<\/p>\n\n\n\n<ul class=\"wp-block-list\"><li>La literacidad digital en la ense\u00f1anza y adquisici\u00f3n de las segundas lenguas y su traducci\u00f3n.<\/li><li>El impacto de la tecnolog\u00eda sobre la adquisici\u00f3n de lenguas y el aprendizaje, ense\u00f1anza y pr\u00e1ctica profesional de la traducci\u00f3n y la mediaci\u00f3n.<\/li><li>El uso digital de las lenguas y la identificaci\u00f3n de las comunidades socioculturales de car\u00e1cter interling\u00fc\u00edstico a trav\u00e9s de las TIC.<\/li><li>La perspectiva de g\u00e9nero y sesgo generacional, as\u00ed como su identificaci\u00f3n con tecnolog\u00edas concretas.<\/li><\/ul>\n","protected":false},"excerpt":{"rendered":"<p>Las l\u00edneas de investigaci\u00f3n de GELEA2LT giran en torno a: La literacidad digital en la ense\u00f1anza y adquisici\u00f3n de las segundas lenguas y su traducci\u00f3n. El impacto de la tecnolog\u00eda sobre la adquisici\u00f3n de lenguas y el aprendizaje, ense\u00f1anza y pr\u00e1ctica profesional de la traducci\u00f3n y la mediaci\u00f3n. El uso digital de las lenguas y [&hellip;]<\/p>\n","protected":false},"author":103,"featured_media":0,"parent":0,"menu_order":0,"comment_status":"closed","ping_status":"closed","template":"","meta":{"footnotes":""},"class_list":["post-121","page","type-page","status-publish","hentry"],"_links":{"self":[{"href":"https:\/\/webs.uab.cat\/gelea2lt\/es\/wp-json\/wp\/v2\/pages\/121","targetHints":{"allow":["GET"]}}],"collection":[{"href":"https:\/\/webs.uab.cat\/gelea2lt\/es\/wp-json\/wp\/v2\/pages"}],"about":[{"href":"https:\/\/webs.uab.cat\/gelea2lt\/es\/wp-json\/wp\/v2\/types\/page"}],"author":[{"embeddable":true,"href":"https:\/\/webs.uab.cat\/gelea2lt\/es\/wp-json\/wp\/v2\/users\/103"}],"replies":[{"embeddable":true,"href":"https:\/\/webs.uab.cat\/gelea2lt\/es\/wp-json\/wp\/v2\/comments?post=121"}],"version-history":[{"count":2,"href":"https:\/\/webs.uab.cat\/gelea2lt\/es\/wp-json\/wp\/v2\/pages\/121\/revisions"}],"predecessor-version":[{"id":383,"href":"https:\/\/webs.uab.cat\/gelea2lt\/es\/wp-json\/wp\/v2\/pages\/121\/revisions\/383"}],"wp:attachment":[{"href":"https:\/\/webs.uab.cat\/gelea2lt\/es\/wp-json\/wp\/v2\/media?parent=121"}],"curies":[{"name":"wp","href":"https:\/\/api.w.org\/{rel}","templated":true}]}}

Líneas de investigación

<p>Las líneas de investigación de GELEA2LT giran en torno a:</p>



<ul class="wp-block-list"><li>La literacidad digital en la enseñanza y adquisición de las segundas lenguas y su traducción.</li><li>El impacto de la tecnología sobre la adquisición de lenguas y el aprendizaje, enseñanza y práctica profesional de la traducción y la mediación.</li><li>El uso digital de las lenguas y la identificación de las comunidades socioculturales de carácter interlingüístico a través de las TIC.</li><li>La perspectiva de género y sesgo generacional, así como su identificación con tecnologías concretas.</li></ul>

<p>Las líneas de investigación de GELEA2LT giran en torno a: La literacidad digital en la enseñanza y adquisición de las segundas lenguas y su traducción. El impacto de la tecnología sobre la adquisición de lenguas y el aprendizaje, enseñanza y práctica profesional de la traducción y la mediación. El uso digital de las lenguas y [&hellip;]</p>
