{"id":143,"date":"2023-02-17T11:45:52","date_gmt":"2023-02-17T09:45:52","guid":{"rendered":"https:\/\/webs.uab.cat\/gelea2lt\/advanced-research-seminar\/"},"modified":"2025-12-04T22:44:01","modified_gmt":"2025-12-04T20:44:01","slug":"advanced-research-seminar","status":"publish","type":"page","link":"https:\/\/webs.uab.cat\/gelea2lt\/es\/advanced-research-seminar\/","title":{"rendered":"Presentaci\u00f3n"},"content":{"rendered":"\n<p>GELEA2LT (Grupo de Estudio de la Literacidad en la Ense\u00f1anza y el Aprendizaje de Segundas Lenguas y Traducci\u00f3n) fue reconocido por la Generalitat de Catalunya como grupo de investigaci\u00f3n consolidado en la convocatoria de 2021 (SGR722). <\/p>\n\n\n\n<p>En la confluencia de la adquisici\u00f3n de segundas lenguas, traducci\u00f3n e interpretaci\u00f3n, la alfabetizaci\u00f3n implica identificar, elegir y hacer un uso cr\u00edtico-estrat\u00e9gico de los recursos tecnol\u00f3gicos y generar los m\u00e1s adecuados para cada combinaci\u00f3n ling\u00fc\u00edstica y situaci\u00f3n formativa y\/o profesional, teniendo en cuenta el medio o canal digital en el que la comunicaci\u00f3n tiene lugar. Desde la perspectiva de la mediaci\u00f3n y la traducci\u00f3n, la alfabetizaci\u00f3n se concreta en saber elegir, aplicar y generar los recursos tecnol\u00f3gicos, ling\u00fc\u00edsticos y culturales de acuerdo con las condiciones de comunicaci\u00f3n. Los desaf\u00edos cient\u00edficos de GELEA2LT giran alrededor de:<\/p>\n\n\n\n<ol class=\"wp-block-list\">\n<li>Fomentar la investigaci\u00f3n y el an\u00e1lisis cr\u00edtico de la literacidad digital en la ense\u00f1anza y el aprendizaje de segundas lenguas y traducci\u00f3n, incorporando la perspectiva generacional, intercultural y de g\u00e9nero.<\/li>\n\n\n\n<li>Identificar las pr\u00e1cticas y agentes de referencia en el uso y la investigaci\u00f3n sobre tecnolog\u00edas en el contexto de la traducci\u00f3n, mediaci\u00f3n y comunicaci\u00f3n.<\/li>\n\n\n\n<li>Incrementar la proyecci\u00f3n y visibilidad del grupo estableciendo colaboraciones cient\u00edficas con otros acad\u00e9micos y grupos similares a nivel internacional.<\/li>\n\n\n\n<li>Impulsar actividades y canales de transferencia y divulgaci\u00f3n de la investigaci\u00f3n del grupo tanto en el \u00e1mbito acad\u00e9mico como en la sociedad, incluyendo los \u00f3rganos responsables de las pol\u00edticas en este \u00e1mbito.<\/li>\n\n\n\n<li>Contribuir a consolidar el estatus del catal\u00e1n como lengua digital desarrollando recursos en los que sea una de las lenguas de trabajo.<\/li>\n<\/ol>\n","protected":false},"excerpt":{"rendered":"<p>GELEA2LT (Grupo de Estudio de la Literacidad en la Ense\u00f1anza y el Aprendizaje de Segundas Lenguas y Traducci\u00f3n) fue reconocido por la Generalitat de Catalunya como grupo de investigaci\u00f3n consolidado en la convocatoria de 2021 (SGR722). En la confluencia de la adquisici\u00f3n de segundas lenguas, traducci\u00f3n e interpretaci\u00f3n, la alfabetizaci\u00f3n implica identificar, elegir y hacer [&hellip;]<\/p>\n","protected":false},"author":103,"featured_media":0,"parent":0,"menu_order":0,"comment_status":"closed","ping_status":"closed","template":"","meta":{"footnotes":""},"class_list":["post-143","page","type-page","status-publish","hentry"],"_links":{"self":[{"href":"https:\/\/webs.uab.cat\/gelea2lt\/es\/wp-json\/wp\/v2\/pages\/143","targetHints":{"allow":["GET"]}}],"collection":[{"href":"https:\/\/webs.uab.cat\/gelea2lt\/es\/wp-json\/wp\/v2\/pages"}],"about":[{"href":"https:\/\/webs.uab.cat\/gelea2lt\/es\/wp-json\/wp\/v2\/types\/page"}],"author":[{"embeddable":true,"href":"https:\/\/webs.uab.cat\/gelea2lt\/es\/wp-json\/wp\/v2\/users\/103"}],"replies":[{"embeddable":true,"href":"https:\/\/webs.uab.cat\/gelea2lt\/es\/wp-json\/wp\/v2\/comments?post=143"}],"version-history":[{"count":3,"href":"https:\/\/webs.uab.cat\/gelea2lt\/es\/wp-json\/wp\/v2\/pages\/143\/revisions"}],"predecessor-version":[{"id":754,"href":"https:\/\/webs.uab.cat\/gelea2lt\/es\/wp-json\/wp\/v2\/pages\/143\/revisions\/754"}],"wp:attachment":[{"href":"https:\/\/webs.uab.cat\/gelea2lt\/es\/wp-json\/wp\/v2\/media?parent=143"}],"curies":[{"name":"wp","href":"https:\/\/api.w.org\/{rel}","templated":true}]}}

Presentación

<p>GELEA2LT (Grupo de Estudio de la Literacidad en la Enseñanza y el Aprendizaje de Segundas Lenguas y Traducción) fue reconocido por la Generalitat de Catalunya como grupo de investigación consolidado en la convocatoria de 2021 (SGR722). </p>



<p>En la confluencia de la adquisición de segundas lenguas, traducción e interpretación, la alfabetización implica identificar, elegir y hacer un uso crítico-estratégico de los recursos tecnológicos y generar los más adecuados para cada combinación lingüística y situación formativa y/o profesional, teniendo en cuenta el medio o canal digital en el que la comunicación tiene lugar. Desde la perspectiva de la mediación y la traducción, la alfabetización se concreta en saber elegir, aplicar y generar los recursos tecnológicos, lingüísticos y culturales de acuerdo con las condiciones de comunicación. Los desafíos científicos de GELEA2LT giran alrededor de:</p>



<ol class="wp-block-list">
<li>Fomentar la investigación y el análisis crítico de la literacidad digital en la enseñanza y el aprendizaje de segundas lenguas y traducción, incorporando la perspectiva generacional, intercultural y de género.</li>



<li>Identificar las prácticas y agentes de referencia en el uso y la investigación sobre tecnologías en el contexto de la traducción, mediación y comunicación.</li>



<li>Incrementar la proyección y visibilidad del grupo estableciendo colaboraciones científicas con otros académicos y grupos similares a nivel internacional.</li>



<li>Impulsar actividades y canales de transferencia y divulgación de la investigación del grupo tanto en el ámbito académico como en la sociedad, incluyendo los órganos responsables de las políticas en este ámbito.</li>



<li>Contribuir a consolidar el estatus del catalán como lengua digital desarrollando recursos en los que sea una de las lenguas de trabajo.</li>
</ol>

<p>GELEA2LT (Grupo de Estudio de la Literacidad en la Enseñanza y el Aprendizaje de Segundas Lenguas y Traducción) fue reconocido por la Generalitat de Catalunya como grupo de investigación consolidado en la convocatoria de 2021 (SGR722). En la confluencia de la adquisición de segundas lenguas, traducción e interpretación, la alfabetización implica identificar, elegir y hacer [&hellip;]</p>
