{"id":142,"date":"2023-04-27T15:36:09","date_gmt":"2023-04-27T13:36:09","guid":{"rendered":"https:\/\/webs.uab.cat\/genera\/?page_id=142"},"modified":"2024-07-29T13:21:02","modified_gmt":"2024-07-29T11:21:02","slug":"que-es-el-proyecto-genera","status":"publish","type":"page","link":"https:\/\/webs.uab.cat\/genera\/proyecto\/que-es-el-proyecto-genera\/","title":{"rendered":"SOBRE EL PROYECTO"},"content":{"rendered":"\n<h2 class=\"wp-block-heading has-verd-tropic-color has-text-color has-link-color has-normal-font-size wp-elements-6123052b2b28057832cc879031bf579e\">\u00bfQU\u00c9 ES EL EL PROYECTO GENERA?<\/h2>\n\n\n\n<p class=\"has-small-font-size\">El estudio sobre los usos sociales del tiempo se ha consolidado como un campo de conocimiento espec\u00edfico dentro de las ciencias sociales con numerosas publicaciones que muestran la riqueza desde la que se ha abordado su exploraci\u00f3n. Una de las l\u00edneas de investigaci\u00f3n que incluye dicho campo parte de su potencial heur\u00edstico para analizar las desigualdades entre mujeres y hombres. La revisi\u00f3n de la literatura especializada y la investigaci\u00f3n emp\u00edrica realizada durante las \u00faltimas d\u00e9cadas permite identificar dos debates. En primer lugar, la discusi\u00f3n que plantea hasta qu\u00e9 punto se da una tendencia a la convergencia de g\u00e9nero en los usos del tiempo. En segundo lugar, el debate centrado en analizar como los factores contextuales condicionan los usos del tiempo de trabajo dom\u00e9stico y de cuidados.<\/p>\n\n\n\n<p class=\"has-small-font-size\">Los estudios anteriores realizados por el equipo investigador apuntan a la tendencia de la convergencia de g\u00e9nero con limitaciones socioculturales que plantean cierta revoluci\u00f3n estancada y algunos retrocesos. Por un lado, disminuyen las diferencias entre el tiempo que mujeres y hombres dedican al trabajo dom\u00e9stico y de cuidados. Por el otro lado, persiste la desigualdad tanto en la cantidad de tiempo dedicado a dichas tareas, como en la segregaci\u00f3n de estas seg\u00fan su contenido y dimensi\u00f3n temporal. En paralelo, los an\u00e1lisis sobre el impacto social de los contextos de crisis, como la COVID-19, apuntan a la intensificaci\u00f3n del trabajo no remunerado de las mujeres, especialmente de cuidados, reforzando los roles tradicionales de g\u00e9nero.<\/p>\n\n\n\n<p class=\"has-small-font-size\">Partiendo del conjunto de resultados previos, el proyecto GENERA propone ampliar el conocimiento sobre la heterogeneidad en las tendencias de cambio y continuidad, as\u00ed como la naturaleza de las transformaciones para profundizar en aspectos no abordados en torno a los avances, estancamientos y retrocesos que se esconden tras las contradicciones o resistencias en los usos del tiempo. La<strong>&nbsp;novedad&nbsp;<\/strong>reside en relacionar los factores estructurales y contextuales para abordar la complejidad social captando las resistencias y contradicciones que se esconden tras los datos estad\u00edsticos. La mayor\u00eda de las investigaciones fijan la atenci\u00f3n en la brecha de g\u00e9nero, menos atenci\u00f3n ha recibido la percepci\u00f3n subjetiva de los usos del tiempo, el inter\u00e9s por las tendencias de cambio junto a las de resistencia o continuidad y el impacto de estas.<\/p>\n\n\n\n<p class=\"has-small-font-size\">En concreto, se formulan cuatro interrogantes de partida:<\/p>\n\n\n\n<ul class=\"wp-block-list\">\n<li class=\"has-small-font-size\">\u00bfQu\u00e9 factores, estructurales y contextuales, favorecen la convergencia de g\u00e9nero en los usos del tiempo?<\/li>\n\n\n\n<li class=\"has-small-font-size\">\u00bfCu\u00e1l es la naturaleza, temporal o substancial, de las tendencias de cambio?<\/li>\n\n\n\n<li class=\"has-small-font-size\">\u00bfQu\u00e9 factores, estructurales y contextuales, explican las continuidades y las resistencias al cambio?<\/li>\n\n\n\n<li class=\"has-small-font-size\">\u00bfCu\u00e1l es la consecuencia de las resistencias: estancamiento o retroceso?<\/li>\n<\/ul>\n","protected":false},"excerpt":{"rendered":"<p>\u00bfQU\u00c9 ES EL EL PROYECTO GENERA? El estudio sobre los usos sociales del tiempo se ha consolidado como un campo de conocimiento espec\u00edfico dentro de las ciencias sociales con numerosas publicaciones que muestran la riqueza desde la que se ha abordado su exploraci\u00f3n. Una de las l\u00edneas de investigaci\u00f3n que incluye dicho campo parte de [&hellip;]<\/p>\n","protected":false},"author":2648,"featured_media":0,"parent":2,"menu_order":1,"comment_status":"closed","ping_status":"closed","template":"","meta":{"footnotes":""},"class_list":["post-142","page","type-page","status-publish","hentry"],"_links":{"self":[{"href":"https:\/\/webs.uab.cat\/genera\/wp-json\/wp\/v2\/pages\/142","targetHints":{"allow":["GET"]}}],"collection":[{"href":"https:\/\/webs.uab.cat\/genera\/wp-json\/wp\/v2\/pages"}],"about":[{"href":"https:\/\/webs.uab.cat\/genera\/wp-json\/wp\/v2\/types\/page"}],"author":[{"embeddable":true,"href":"https:\/\/webs.uab.cat\/genera\/wp-json\/wp\/v2\/users\/2648"}],"replies":[{"embeddable":true,"href":"https:\/\/webs.uab.cat\/genera\/wp-json\/wp\/v2\/comments?post=142"}],"version-history":[{"count":5,"href":"https:\/\/webs.uab.cat\/genera\/wp-json\/wp\/v2\/pages\/142\/revisions"}],"predecessor-version":[{"id":555,"href":"https:\/\/webs.uab.cat\/genera\/wp-json\/wp\/v2\/pages\/142\/revisions\/555"}],"up":[{"embeddable":true,"href":"https:\/\/webs.uab.cat\/genera\/wp-json\/wp\/v2\/pages\/2"}],"wp:attachment":[{"href":"https:\/\/webs.uab.cat\/genera\/wp-json\/wp\/v2\/media?parent=142"}],"curies":[{"name":"wp","href":"https:\/\/api.w.org\/{rel}","templated":true}]}}