{"id":10,"date":"2015-05-05T10:01:12","date_gmt":"2015-05-05T10:01:12","guid":{"rendered":"http:\/\/geografia.uab.cat\/genere1\/?page_id=10"},"modified":"2024-10-02T12:11:42","modified_gmt":"2024-10-02T10:11:42","slug":"presentacio","status":"publish","type":"page","link":"https:\/\/webs.uab.cat\/geografia-genere\/","title":{"rendered":"Inici"},"content":{"rendered":"\n<h2 class=\"wp-block-heading has-verd-tropic-color has-text-color has-link-color wp-elements-140eaa0af00d2d096de0f64ca92a837d\">\u00daltimes not\u00edcies<\/h2>\n\n\n\n<div class=\"wp-block-group\"><div class=\"wp-block-group__inner-container is-layout-constrained wp-block-group-is-layout-constrained\"><ul class=\"wp-block-latest-posts__list has-dates aligncenter wp-block-latest-posts has-background has-gris-pubilla-background-color has-small-font-size\"><li><a class=\"wp-block-latest-posts__post-title\" href=\"https:\/\/webs.uab.cat\/geografia-genere\/2026\/05\/13\/seminari-sobre-joventut-lbt-i-arrelament-al-mon-rural-catala\/\">Seminari sobre joventut LBT i arrelament al m\u00f3n rural catal\u00e0<\/a><time datetime=\"2026-05-13T12:14:34+02:00\" class=\"wp-block-latest-posts__post-date\">13 de maig de 2026<\/time><\/li>\n<li><a class=\"wp-block-latest-posts__post-title\" href=\"https:\/\/webs.uab.cat\/geografia-genere\/2026\/03\/13\/maria-prats-membre-del-grup-de-recerca-en-geografia-i-genere-reconeguda-en-lacte-del-8m\/\">Maria Prats, membre del Grup de Recerca en Geografia i G\u00e8nere, reconeguda en l\u2019acte del 8M<\/a><time datetime=\"2026-03-13T08:14:41+02:00\" class=\"wp-block-latest-posts__post-date\">13 de mar\u00e7 de 2026<\/time><\/li>\n<li><a class=\"wp-block-latest-posts__post-title\" href=\"https:\/\/webs.uab.cat\/geografia-genere\/2026\/03\/13\/mujeres-territorio-y-arte-popular-seminari-sobre-lart-de-les-puntaires\/\">\u201cMujeres, territorio y arte popular\u201d: seminari sobre l\u2019art de les puntaires<\/a><time datetime=\"2026-03-13T08:07:24+02:00\" class=\"wp-block-latest-posts__post-date\">13 de mar\u00e7 de 2026<\/time><\/li>\n<li><a class=\"wp-block-latest-posts__post-title\" href=\"https:\/\/webs.uab.cat\/geografia-genere\/2026\/01\/27\/seminari-sobre-cures-i-pandemia\/\">Seminari sobre cures i pand\u00e8mia<\/a><time datetime=\"2026-01-27T09:00:57+02:00\" class=\"wp-block-latest-posts__post-date\">27 de gener de 2026<\/time><\/li>\n<\/ul><\/div><\/div>\n\n\n\n<h2 class=\"wp-block-heading has-verd-tropic-color has-text-color has-link-color wp-elements-c79f7bb331493af32f1b21a42659800a\">Presentaci\u00f3<\/h2>\n\n\n\n<p>El <strong>Grup de Recerca de Geografia i G\u00e8nere <\/strong>\u00e9s un grup d\u2019estudis consolidat sobre l\u2019an\u00e0lisi de g\u00e8nere en la disciplina geogr\u00e0fica. Fundat l\u2019any 1987 per la Dra. Maria Dolors Garcia Ramon, \u00e9s pioner en la introducci\u00f3 de l\u2019enfocament de g\u00e8nere a la geografia catalana i espanyola. L\u2019objectiu principal del Grup \u00e9s consolidar la perspectiva feminista en geografia i aconseguir la transversalitat de g\u00e8nere en la disciplina, pel que fa als objectius, teories i m\u00e8todes de recerca.<\/p>\n\n\n\n<p>Des dels seus inicis, amb la finalitat de fer visible la import\u00e0ncia de l\u2019espai i del temps en la vida de les dones, el Grup ha treballat en diversos camps de la geografia, en particular la geografia urbana, rural i la hist\u00f2ria del pensament geogr\u00e0fic, seguint els interessos de les investigadores i investigadors i el context social de cada moment. En tots els temes i en les seves recerques, el grup ha utilitzat \u00e0mpliament una metodologia qualitativa i cr\u00edtica.<\/p>\n\n\n\n<p>L\u2019enfocament de g\u00e8nere ha perm\u00e8s prestar molta m\u00e9s atenci\u00f3 a la diversitat, no nom\u00e9s de g\u00e8nere, sin\u00f3 tamb\u00e9 de classe, edat, etnicitat, sexualitat o capacitat, entre altres; treballar la intersecci\u00f3 d\u2019identitats; fer-ho a partir de la subjectivitat, reflexivitat i posicionalitat en la recerca; utilitzar totes les escales espacials d\u2019an\u00e0lisi, des de la global a la del cos; i obrir-se a aspectes de la vida com les emocions, que estan molt relacionades amb les experi\u00e8ncies i amb la configuraci\u00f3 dels llocs. Aquestes idees s\u00f3n avui presents en moltes \u00e0rees de la geografia humana i no nom\u00e9s en aquelles en les que el g\u00e8nere \u00e9s central.<\/p>\n\n\n\n<p>El Grup desenvolupa des de fa anys una l\u00ednia de treball consolidada en la geografia anglosaxona, les Geografies de la Inf\u00e0ncia, la Joventut i les Fam\u00edlies, abra\u00e7ant diversos aspectes de la vida quotidiana d\u2019aquests col\u00b7lectius com l\u2019\u00fas i l\u2019apropiaci\u00f3 de l\u2019espai p\u00fablic, la pertinen\u00e7a al lloc, la cerca d\u2019autonomia, l\u2019impacte de la crisi, el teixit associatiu i el coneixement de l\u2019entorn, el jovent, la intersecci\u00f3 d\u2019identitats i el lloc, el jovent i les geografies de la sexualitat. Tamb\u00e9 desenvolupa recerques sobre migracions, espais p\u00fablics i participaci\u00f3 en la vida ciutadana, i l\u2019\u00fas de l\u2019espai, relacions socials i expectatives vitals en les persones migrants qualificades. En el marc dels estudis postcolonials, es treballa sobre el paper de les dones viatgeres en el proc\u00e9s colonitzador (s. XIX i XX). I en l\u2019\u00e0mbit dels estudis rurals, el grup realitza investigacions sobre la vida quotidiana i les experi\u00e8ncies laborals de dones i homes professionals al m\u00f3n rural actual, i la construcci\u00f3 de les noves feminitats i masculinitats en els entorns rurals.<\/p>\n\n\n\n<p>El Grup avui desenvolupa i acull recerques diverses de Geografia i G\u00e8nere i de Geografia Social i Cultural que tenen en com\u00fa la idea de coneixement com a quelcom constru\u00eft socialment, culturalment i pol\u00edticament, i interrelacionat amb les estructures de poder. I continua amb l\u2019objectiu d\u2019avan\u00e7ar en les practiques de recerca no sexistes i inclusives.<\/p>\n","protected":false},"excerpt":{"rendered":"<p>\u00daltimes not\u00edcies Presentaci\u00f3 El Grup de Recerca de Geografia i G\u00e8nere \u00e9s un grup d\u2019estudis consolidat sobre l\u2019an\u00e0lisi de g\u00e8nere en la disciplina geogr\u00e0fica. Fundat l\u2019any 1987 per la Dra. Maria Dolors Garcia Ramon, \u00e9s pioner en la introducci\u00f3 de l\u2019enfocament de g\u00e8nere a la geografia catalana i espanyola. L\u2019objectiu principal del Grup \u00e9s consolidar [&hellip;]<\/p>\n","protected":false},"author":2826,"featured_media":0,"parent":0,"menu_order":0,"comment_status":"closed","ping_status":"closed","template":"","meta":{"footnotes":""},"class_list":["post-10","page","type-page","status-publish","hentry"],"_links":{"self":[{"href":"https:\/\/webs.uab.cat\/geografia-genere\/wp-json\/wp\/v2\/pages\/10","targetHints":{"allow":["GET"]}}],"collection":[{"href":"https:\/\/webs.uab.cat\/geografia-genere\/wp-json\/wp\/v2\/pages"}],"about":[{"href":"https:\/\/webs.uab.cat\/geografia-genere\/wp-json\/wp\/v2\/types\/page"}],"author":[{"embeddable":true,"href":"https:\/\/webs.uab.cat\/geografia-genere\/wp-json\/wp\/v2\/users\/2826"}],"replies":[{"embeddable":true,"href":"https:\/\/webs.uab.cat\/geografia-genere\/wp-json\/wp\/v2\/comments?post=10"}],"version-history":[{"count":2,"href":"https:\/\/webs.uab.cat\/geografia-genere\/wp-json\/wp\/v2\/pages\/10\/revisions"}],"predecessor-version":[{"id":1251,"href":"https:\/\/webs.uab.cat\/geografia-genere\/wp-json\/wp\/v2\/pages\/10\/revisions\/1251"}],"wp:attachment":[{"href":"https:\/\/webs.uab.cat\/geografia-genere\/wp-json\/wp\/v2\/media?parent=10"}],"curies":[{"name":"wp","href":"https:\/\/api.w.org\/{rel}","templated":true}]}}