{"id":38,"date":"2015-05-07T13:25:22","date_gmt":"2015-05-07T13:25:22","guid":{"rendered":"http:\/\/geografia.uab.cat\/genere1\/?page_id=38"},"modified":"2026-02-26T14:00:42","modified_gmt":"2026-02-26T12:00:42","slug":"membres-del-grup","status":"publish","type":"page","link":"https:\/\/webs.uab.cat\/geografia-genere\/membres-del-grup\/","title":{"rendered":"Membres i col.laboradors\/es externs\/es del SGR"},"content":{"rendered":"\n<h2 class=\"wp-block-heading alignwide has-verd-tropic-color has-text-color has-link-color wp-elements-9505aab4636e6b01f38f4c1d0c284f2d\">Membres<\/h2>\n\n\n\n<div class=\"wp-block-columns alignwide is-layout-flex wp-container-core-columns-is-layout-9d6595d7 wp-block-columns-is-layout-flex\">\n<div class=\"wp-block-column has-gris-pubilla-background-color has-background is-layout-flow wp-block-column-is-layout-flow\">\n<p class=\"has-text-align-center has-large-font-size\"><strong>Mireia Baylina Ferr\u00e9<\/strong><\/p>\n\n\n<div class=\"wp-block-image\">\n<figure class=\"aligncenter size-full is-resized\"><img loading=\"lazy\" decoding=\"async\" width=\"1785\" height=\"2467\" src=\"https:\/\/webs.uab.cat\/geografia-genere\/wp-content\/uploads\/sites\/528\/2026\/02\/Mireia-Baylina.jpeg\" alt=\"\" class=\"wp-image-2627\" style=\"object-fit:cover;width:250px;height:250px\" srcset=\"https:\/\/webs.uab.cat\/geografia-genere\/wp-content\/uploads\/sites\/528\/2026\/02\/Mireia-Baylina.jpeg 1785w, https:\/\/webs.uab.cat\/geografia-genere\/wp-content\/uploads\/sites\/528\/2026\/02\/Mireia-Baylina-217x300.jpeg 217w, https:\/\/webs.uab.cat\/geografia-genere\/wp-content\/uploads\/sites\/528\/2026\/02\/Mireia-Baylina-741x1024.jpeg 741w, https:\/\/webs.uab.cat\/geografia-genere\/wp-content\/uploads\/sites\/528\/2026\/02\/Mireia-Baylina-768x1061.jpeg 768w, https:\/\/webs.uab.cat\/geografia-genere\/wp-content\/uploads\/sites\/528\/2026\/02\/Mireia-Baylina-1111x1536.jpeg 1111w, https:\/\/webs.uab.cat\/geografia-genere\/wp-content\/uploads\/sites\/528\/2026\/02\/Mireia-Baylina-1482x2048.jpeg 1482w, https:\/\/webs.uab.cat\/geografia-genere\/wp-content\/uploads\/sites\/528\/2026\/02\/Mireia-Baylina-1200x1658.jpeg 1200w\" sizes=\"auto, (max-width: 1785px) 100vw, 1785px\" \/><\/figure>\n<\/div>\n\n\n<p class=\"has-text-align-center\">Departament de Geografia<br>Universitat Aut\u00f2noma de Barcelona<br>mireia.baylina@uab.cat<\/p>\n\n\n\n<div class=\"wp-block-buttons alignwide is-content-justification-center is-layout-flex wp-container-core-buttons-is-layout-16018d1d wp-block-buttons-is-layout-flex\">\n<div class=\"wp-block-button\"><a class=\"wp-block-button__link wp-element-button\" href=\"https:\/\/portalrecerca.uab.cat\/ca\/persons\/mireia-baylina-ferre-3\">Perfil de recerca<\/a><\/div>\n\n\n\n<div class=\"wp-block-button\"><a class=\"wp-block-button__link wp-element-button\" href=\"https:\/\/ddd.uab.cat\/search?f=author&amp;p=Baylina%20Ferr%C3%A9%2C%20Mireia&amp;sc=1&amp;ln=ca\">ACC\u00c9S AL DDD<\/a><\/div>\n<\/div>\n<\/div>\n\n\n\n<div class=\"wp-block-column has-gris-pubilla-background-color has-background is-layout-flow wp-block-column-is-layout-flow\">\n<p class=\"has-text-align-center has-large-font-size\"><strong>Maria Dolors Garcia-Ramon<\/strong><\/p>\n\n\n\n\n\n<p class=\"has-text-align-center\">Departament de Geografia<br>Universitat Aut\u00f2noma de Barcelona<br>mariadolors.garcia.ramon@uab.cat<\/p>\n\n\n\n<div class=\"wp-block-buttons alignwide is-content-justification-center is-layout-flex wp-container-core-buttons-is-layout-16018d1d wp-block-buttons-is-layout-flex\">\n<div class=\"wp-block-button\"><a class=\"wp-block-button__link wp-element-button\" href=\"https:\/\/portalrecerca.uab.cat\/ca\/persons\/maria-dolors-garcia-ramon-10\">Perfil de recerca<\/a><\/div>\n\n\n\n<div class=\"wp-block-button\"><a class=\"wp-block-button__link wp-element-button\" href=\"https:\/\/ddd.uab.cat\/search?f=author&amp;p=Garcia%20Ramon%2C%20Maria%20Dolors&amp;sc=1&amp;ln=ca\">ACC\u00c9S AL DDD<\/a><\/div>\n<\/div>\n<\/div>\n\n\n\n<div class=\"wp-block-column has-gris-pubilla-background-color has-background is-layout-flow wp-block-column-is-layout-flow\">\n<p class=\"has-text-align-center has-large-font-size\"><strong>Margot Mecca<\/strong><\/p>\n\n\n\n\n\n<p class=\"has-text-align-center\">Departament de Comunicaci\u00f3<br>Universitat Pompeu Fabra<br>margot.mecca@upf.edu<\/p>\n\n\n\n<div class=\"wp-block-buttons alignwide is-content-justification-center is-layout-flex wp-container-core-buttons-is-layout-16018d1d wp-block-buttons-is-layout-flex\">\n<div class=\"wp-block-button\"><a class=\"wp-block-button__link wp-element-button\">Perfil de recerca<\/a><\/div>\n\n\n\n<div class=\"wp-block-button\"><a class=\"wp-block-button__link wp-element-button\" href=\"https:\/\/ddd.uab.cat\/search?f=author&amp;p=Mecca%2C%20Margot&amp;sc=1&amp;ln=ca\">ACC\u00c9S AL DDD<\/a><\/div>\n<\/div>\n<\/div>\n<\/div>\n\n\n\n<div class=\"wp-block-columns alignwide is-layout-flex wp-container-core-columns-is-layout-9d6595d7 wp-block-columns-is-layout-flex\">\n<div class=\"wp-block-column has-gris-pubilla-background-color has-background is-layout-flow wp-block-column-is-layout-flow\">\n<p class=\"has-text-align-center has-large-font-size\"><strong>Anna Ortiz Guitart<\/strong><\/p>\n\n\n<div class=\"wp-block-image\">\n<figure class=\"aligncenter size-full is-resized\"><img loading=\"lazy\" decoding=\"async\" width=\"420\" height=\"483\" src=\"https:\/\/webs.uab.cat\/geografia-genere\/wp-content\/uploads\/sites\/528\/2024\/09\/baixa-1.png\" alt=\"\" class=\"wp-image-1165\" style=\"object-fit:cover;width:250px;height:250px\" srcset=\"https:\/\/webs.uab.cat\/geografia-genere\/wp-content\/uploads\/sites\/528\/2024\/09\/baixa-1.png 420w, https:\/\/webs.uab.cat\/geografia-genere\/wp-content\/uploads\/sites\/528\/2024\/09\/baixa-1-261x300.png 261w\" sizes=\"auto, (max-width: 420px) 100vw, 420px\" \/><\/figure>\n<\/div>\n\n\n<p class=\"has-text-align-center\">Departament de Geografia<br>Universitat Aut\u00f2noma de Barcelona<br>anna.ortiz@uab.cat<\/p>\n\n\n\n<div class=\"wp-block-buttons alignwide is-content-justification-center is-layout-flex wp-container-core-buttons-is-layout-16018d1d wp-block-buttons-is-layout-flex\">\n<div class=\"wp-block-button\"><a class=\"wp-block-button__link wp-element-button\" href=\"https:\/\/portalrecerca.uab.cat\/ca\/persons\/anna-ortiz-guitart-8\">Perfil de recerca<\/a><\/div>\n\n\n\n<div class=\"wp-block-button\"><a class=\"wp-block-button__link wp-element-button\" href=\"https:\/\/ddd.uab.cat\/search?f=author&amp;p=Ortiz%20Guitart%2C%20Anna&amp;sc=1&amp;ln=ca\">ACC\u00c9S AL DDD<\/a><\/div>\n<\/div>\n<\/div>\n\n\n\n<div class=\"wp-block-column has-gris-pubilla-background-color has-background is-layout-flow wp-block-column-is-layout-flow\">\n<p class=\"has-text-align-center has-large-font-size\"><strong>Maria Prats Ferret<\/strong><\/p>\n\n\n\n\n\n<p class=\"has-text-align-center\">Departament de Geografia<br>Universitat Aut\u00f2noma de Barcelona<br>maria.prats@uab.cat<\/p>\n\n\n\n<div class=\"wp-block-buttons alignwide is-content-justification-center is-layout-flex wp-container-core-buttons-is-layout-16018d1d wp-block-buttons-is-layout-flex\">\n<div class=\"wp-block-button\"><a class=\"wp-block-button__link wp-element-button\" href=\"https:\/\/portalrecerca.uab.cat\/ca\/persons\/maria-prats-ferret-7\">Perfil de recerca<\/a><\/div>\n\n\n\n<div class=\"wp-block-button\"><a class=\"wp-block-button__link wp-element-button\" href=\"https:\/\/ddd.uab.cat\/search?f=author&amp;p=Prats%20Ferret%2C%20Mar%C3%ADa&amp;sc=1&amp;ln=ca\">ACC\u00c9S AL DDD<\/a><\/div>\n<\/div>\n<\/div>\n\n\n\n<div class=\"wp-block-column has-gris-pubilla-background-color has-background is-layout-flow wp-block-column-is-layout-flow\">\n<p class=\"has-text-align-center has-large-font-size\"><strong>Isabel Salama\u00f1a Serra<\/strong><\/p>\n\n\n\n\n\n<p class=\"has-text-align-center\">Departament de Geografia<br>Universitat de Girona<br>isabel.salamana@udg.edu<\/p>\n\n\n\n<div class=\"wp-block-buttons alignwide is-content-justification-center is-layout-flex wp-container-core-buttons-is-layout-16018d1d wp-block-buttons-is-layout-flex\">\n<div class=\"wp-block-button\"><a class=\"wp-block-button__link wp-element-button\" href=\"https:\/\/www.udg.edu\/ca\/directori\/pagina-personal?ID=2000453\">Perfil de recerca<\/a><\/div>\n\n\n\n<div class=\"wp-block-button\"><a class=\"wp-block-button__link wp-element-button\" href=\"https:\/\/ddd.uab.cat\/search?f=author&amp;p=Salama%C3%B1a%20i%20Serra%2C%20Isabel&amp;sc=1&amp;ln=ca\">ACC\u00c9S AL DDD<\/a><\/div>\n<\/div>\n<\/div>\n<\/div>\n\n\n\n<div class=\"wp-block-columns alignwide is-layout-flex wp-container-core-columns-is-layout-9d6595d7 wp-block-columns-is-layout-flex\">\n<div class=\"wp-block-column has-gris-pubilla-background-color has-background is-layout-flow wp-block-column-is-layout-flow\">\n<p class=\"has-text-align-center has-large-font-size\"><strong>Laura Soler Rodr\u00edguez<\/strong><\/p>\n\n\n\n\n\n<p class=\"has-text-align-center\">Departament de Geografia<br>Universitat Aut\u00f2noma de Barcelona<br>laura.soler@uab.cat<\/p>\n\n\n\n<div class=\"wp-block-buttons alignwide is-content-justification-center is-layout-flex wp-container-core-buttons-is-layout-16018d1d wp-block-buttons-is-layout-flex\">\n<div class=\"wp-block-button\"><a class=\"wp-block-button__link wp-element-button\" href=\"https:\/\/portalrecerca.uab.cat\/ca\/persons\/laura-soler-rodriguez\">Perfil de recerca<\/a><\/div>\n\n\n\n<div class=\"wp-block-button\"><a class=\"wp-block-button__link wp-element-button\" href=\"https:\/\/ddd.uab.cat\/search?f=author&amp;p=Soler%20Rodr%C3%ADguez%2C%20Laura&amp;sc=1&amp;ln=ca\">ACC\u00c9S AL DDD<\/a><\/div>\n<\/div>\n<\/div>\n\n\n\n<div class=\"wp-block-column is-layout-flow wp-block-column-is-layout-flow\"><\/div>\n\n\n\n<div class=\"wp-block-column is-layout-flow wp-block-column-is-layout-flow\"><\/div>\n<\/div>\n\n\n\n<h2 class=\"wp-block-heading alignwide has-verd-tropic-color has-text-color has-link-color wp-elements-00f795e70f48a38a805a0a0a27c8bb65\">Col\u00b7laboradors\/es externs\/es<\/h2>\n\n\n\n<div class=\"wp-block-columns alignwide is-layout-flex wp-container-core-columns-is-layout-9d6595d7 wp-block-columns-is-layout-flex\">\n<div class=\"wp-block-column has-gris-pubilla-background-color has-background is-layout-flow wp-block-column-is-layout-flow\">\n<p class=\"has-text-align-center has-large-font-size\"><strong>Alejandro Armas Garc\u00eda<\/strong><\/p>\n\n\n\n<p class=\"has-text-align-center\">Departament de Geografia i Hist\u00f2ria<br>Universidad de la Laguna<br>aarmas@ull.es<\/p>\n<\/div>\n\n\n\n<div class=\"wp-block-column has-gris-pubilla-background-color has-background is-layout-flow wp-block-column-is-layout-flow\">\n<p class=\"has-text-align-center has-large-font-size\"><strong>Lourdes Beneria Farr\u00e9<\/strong><\/p>\n\n\n\n<p class=\"has-text-align-center\">City and Regional Planning<br>Cornell University<br>lb21@cornell.edu<\/p>\n<\/div>\n\n\n\n<div class=\"wp-block-column has-gris-pubilla-background-color has-background is-layout-flow wp-block-column-is-layout-flow\">\n<p class=\"has-text-align-center has-large-font-size\"><strong>Nina Gunnerud Berg <\/strong><\/p>\n\n\n\n<p class=\"has-text-align-center\">Departament de Geografia<br>Norwegian U. of Science and Technology<br>nina.gunnerud.berg@ntnu.no<\/p>\n<\/div>\n<\/div>\n\n\n\n<div class=\"wp-block-columns alignwide is-layout-flex wp-container-core-columns-is-layout-9d6595d7 wp-block-columns-is-layout-flex\">\n<div class=\"wp-block-column has-gris-pubilla-background-color has-background is-layout-flow wp-block-column-is-layout-flow\">\n<p class=\"has-text-align-center has-large-font-size\"><strong>Cindi Katz<\/strong><\/p>\n\n\n\n<p class=\"has-text-align-center\">Earth and Environmental Sciences<br>City University of New York<br>ckatz@gc.cuny.edu<\/p>\n<\/div>\n\n\n\n<div class=\"wp-block-column has-gris-pubilla-background-color has-background is-layout-flow wp-block-column-is-layout-flow\">\n<p class=\"has-text-align-center has-large-font-size\"><strong>Crist\u00f3bal Mendoza<\/strong><\/p>\n\n\n\n<p class=\"has-text-align-center\">Departament de Geografia<br>Universidad de Las Palmas de Gran Canaria<br>cristobal.mendoza@ulpgc.es<\/p>\n<\/div>\n\n\n\n<div class=\"wp-block-column has-gris-pubilla-background-color has-background is-layout-flow wp-block-column-is-layout-flow\">\n<p class=\"has-text-align-center has-large-font-size\"><strong>Margarida Queir\u00f3s do Vale<\/strong><\/p>\n\n\n\n<p class=\"has-text-align-center\">I. de Geografia e Ordenamento&nbsp;do&nbsp;Territ\u00f3rio&nbsp;<br>Universidade de Lisboa<br>margaridav@edu.ulisboa.pt<\/p>\n<\/div>\n<\/div>\n\n\n\n<div class=\"wp-block-columns alignwide is-layout-flex wp-container-core-columns-is-layout-9d6595d7 wp-block-columns-is-layout-flex\">\n<div class=\"wp-block-column has-gris-pubilla-background-color has-background is-layout-flow wp-block-column-is-layout-flow\">\n<p class=\"has-text-align-center has-large-font-size\"><strong>Dina Vaiou<\/strong><\/p>\n\n\n\n<p class=\"has-text-align-center\">Urban and Regional Planning<br>National Technical University of Athens<br>divaiou@central.ntua.gr<\/p>\n<\/div>\n\n\n\n<div class=\"wp-block-column is-layout-flow wp-block-column-is-layout-flow\"><\/div>\n\n\n\n<div class=\"wp-block-column is-layout-flow wp-block-column-is-layout-flow\"><\/div>\n<\/div>\n","protected":false},"excerpt":{"rendered":"<p>Membres Mireia Baylina Ferr\u00e9 Departament de GeografiaUniversitat Aut\u00f2noma de Barcelonamireia.baylina@uab.cat Maria Dolors Garcia-Ramon Departament de GeografiaUniversitat Aut\u00f2noma de Barcelonamariadolors.garcia.ramon@uab.cat Margot Mecca Departament de Comunicaci\u00f3Universitat Pompeu Fabramargot.mecca@upf.edu Anna Ortiz Guitart Departament de GeografiaUniversitat Aut\u00f2noma de Barcelonaanna.ortiz@uab.cat Maria Prats Ferret Departament de GeografiaUniversitat Aut\u00f2noma de Barcelonamaria.prats@uab.cat Isabel Salama\u00f1a Serra Departament de GeografiaUniversitat de Gironaisabel.salamana@udg.edu Laura Soler Rodr\u00edguez [&hellip;]<\/p>\n","protected":false},"author":2826,"featured_media":0,"parent":0,"menu_order":0,"comment_status":"closed","ping_status":"closed","template":"","meta":{"footnotes":""},"class_list":["post-38","page","type-page","status-publish","hentry"],"_links":{"self":[{"href":"https:\/\/webs.uab.cat\/geografia-genere\/wp-json\/wp\/v2\/pages\/38","targetHints":{"allow":["GET"]}}],"collection":[{"href":"https:\/\/webs.uab.cat\/geografia-genere\/wp-json\/wp\/v2\/pages"}],"about":[{"href":"https:\/\/webs.uab.cat\/geografia-genere\/wp-json\/wp\/v2\/types\/page"}],"author":[{"embeddable":true,"href":"https:\/\/webs.uab.cat\/geografia-genere\/wp-json\/wp\/v2\/users\/2826"}],"replies":[{"embeddable":true,"href":"https:\/\/webs.uab.cat\/geografia-genere\/wp-json\/wp\/v2\/comments?post=38"}],"version-history":[{"count":5,"href":"https:\/\/webs.uab.cat\/geografia-genere\/wp-json\/wp\/v2\/pages\/38\/revisions"}],"predecessor-version":[{"id":2630,"href":"https:\/\/webs.uab.cat\/geografia-genere\/wp-json\/wp\/v2\/pages\/38\/revisions\/2630"}],"wp:attachment":[{"href":"https:\/\/webs.uab.cat\/geografia-genere\/wp-json\/wp\/v2\/media?parent=38"}],"curies":[{"name":"wp","href":"https:\/\/api.w.org\/{rel}","templated":true}]}}