{"id":2,"date":"2023-12-15T11:51:58","date_gmt":"2023-12-15T09:51:58","guid":{"rendered":"https:\/\/webs.uab.cat\/geografiaaplicada\/?page_id=2"},"modified":"2024-03-04T14:21:29","modified_gmt":"2024-03-04T12:21:29","slug":"pagina-exemple","status":"publish","type":"page","link":"https:\/\/webs.uab.cat\/geografiaaplicada\/","title":{"rendered":"Inici"},"content":{"rendered":"\n<p>El grup Geografia Aplicada (GA) \u00e9s un grup amb una llarga traject\u00f2ria, que des de l&#8217;any 1994 treballa conjuntament amb l\u2019objectiu d\u2019estudiar la relaci\u00f3 entre els processos de canvi global i l\u2019espai geogr\u00e0fic a diferents escales territorials. El grup treballa en quatre l\u00ednies de recerca que tracten les megatend\u00e8ncies fonamentals del proc\u00e9s de canvi global:\u00a0\u00a0\u00a0<\/p>\n\n\n\n<ol class=\"wp-block-list\" start=\"1\">\n<li>Din\u00e0miques urbanes en zones d&#8217;alta i mitjana densitat amb l\u2019objectiu d\u2019interpretar l&#8217;organitzaci\u00f3 urbana i el desenvolupament sostenible per entendre com les poblacions utilitzen i adapten els sistemes estructurals per millorar la vida urbana. Temes tractats: Temes tractats: qualitat de vida i serveis, mobilitat activa, espais p\u00fablics i salut i vulnerabilitat.\u00a0<\/li>\n\n\n\n<li>Energia, espai i societat amb l\u2019objectiu d\u2019analitzar la relaci\u00f3 entre la transici\u00f3 energ\u00e8tica, la desigualtat urbana i les pol\u00edtiques p\u00fabliques. Temes tractats: segregaci\u00f3 residencial, transici\u00f3 energ\u00e8tica, desigualtats socials i pol\u00edtiques urbanes.\u00a0<\/li>\n\n\n\n<li>Din\u00e0miques ambientals en paisatges naturals influ\u00efdes per factors naturals i humans amb l\u2019objectiu d\u2019analitzar la influ\u00e8ncia humana en la biodiversitat i el canvi clim\u00e0tic. Temes tractats: paisatge hum\u00e0, biodiversitat, geodiversitat, canvi d&#8217;\u00fas del s\u00f2l i coberta del s\u00f2l, canvi clim\u00e0tic i incendis forestals.\u00a0<\/li>\n\n\n\n<li>Qualitat ambiental amb l\u2019objectiu d\u2019analitzar els processos que permeten entendre millor la degradaci\u00f3 del s\u00f2l, la import\u00e0ncia de la infraestructura verda i els riscos per a la salut. Temes tractats: degradaci\u00f3 del s\u00f2l, infraestructures verdes i riscos per a la salut.\u00a0<\/li>\n<\/ol>\n\n\n\n<p>Aquestes din\u00e0miques s\u2019estudien en tres tipus de contextos geogr\u00e0fics: zones d&#8217;alta densitat (paisatges urbans), zones de densitat mitjana i baixa (paisatges rurals, de pobles i ciutats mitjanes) i zones de densitat extremadament baixa (paisatges mar\u00edtims, muntanyencs, des\u00e8rtics i operatius). Aix\u00ed mateix, sense pretendre ser exhaustius, les investigacions del grup tenen en compte la relaci\u00f3 entre les diferents escales, des de la local fins a la planet\u00e0ria. D&#8217;acord amb el seu nom, el grup avalua els efectes dels processos en curs segons criteris de qualitat de vida, equitat social i sostenibilitat ambiental i indica les implicacions de les pol\u00edtiques que es poden aplicar amb l&#8217;objectiu d&#8217;estudiar la relaci\u00f3 entre processos de canvi global i l&#8217;espai geogr\u00e0fic.&nbsp;<\/p>\n\n\n\n<figure class=\"wp-block-image size-large\"><img loading=\"lazy\" decoding=\"async\" width=\"1024\" height=\"731\" src=\"https:\/\/webs.uab.cat\/geografiaaplicada\/wp-content\/uploads\/sites\/530\/2024\/03\/ESQUEMAGA-1-1024x731.jpg\" alt=\"\" class=\"wp-image-9\" srcset=\"https:\/\/webs.uab.cat\/geografiaaplicada\/wp-content\/uploads\/sites\/530\/2024\/03\/ESQUEMAGA-1-1024x731.jpg 1024w, https:\/\/webs.uab.cat\/geografiaaplicada\/wp-content\/uploads\/sites\/530\/2024\/03\/ESQUEMAGA-1-300x214.jpg 300w, https:\/\/webs.uab.cat\/geografiaaplicada\/wp-content\/uploads\/sites\/530\/2024\/03\/ESQUEMAGA-1-768x548.jpg 768w, https:\/\/webs.uab.cat\/geografiaaplicada\/wp-content\/uploads\/sites\/530\/2024\/03\/ESQUEMAGA-1-1536x1097.jpg 1536w, https:\/\/webs.uab.cat\/geografiaaplicada\/wp-content\/uploads\/sites\/530\/2024\/03\/ESQUEMAGA-1-2048x1462.jpg 2048w, https:\/\/webs.uab.cat\/geografiaaplicada\/wp-content\/uploads\/sites\/530\/2024\/03\/ESQUEMAGA-1-1200x857.jpg 1200w, https:\/\/webs.uab.cat\/geografiaaplicada\/wp-content\/uploads\/sites\/530\/2024\/03\/ESQUEMAGA-1-1980x1414.jpg 1980w\" sizes=\"auto, (max-width: 1024px) 100vw, 1024px\" \/><\/figure>\n","protected":false},"excerpt":{"rendered":"<p>El grup Geografia Aplicada (GA) \u00e9s un grup amb una llarga traject\u00f2ria, que des de l&#8217;any 1994 treballa conjuntament amb l\u2019objectiu d\u2019estudiar la relaci\u00f3 entre els processos de canvi global i l\u2019espai geogr\u00e0fic a diferents escales territorials. El grup treballa en quatre l\u00ednies de recerca que tracten les megatend\u00e8ncies fonamentals del proc\u00e9s de canvi global:\u00a0\u00a0\u00a0 [&hellip;]<\/p>\n","protected":false},"author":2819,"featured_media":0,"parent":0,"menu_order":0,"comment_status":"closed","ping_status":"open","template":"","meta":{"footnotes":""},"class_list":["post-2","page","type-page","status-publish","hentry"],"_links":{"self":[{"href":"https:\/\/webs.uab.cat\/geografiaaplicada\/wp-json\/wp\/v2\/pages\/2","targetHints":{"allow":["GET"]}}],"collection":[{"href":"https:\/\/webs.uab.cat\/geografiaaplicada\/wp-json\/wp\/v2\/pages"}],"about":[{"href":"https:\/\/webs.uab.cat\/geografiaaplicada\/wp-json\/wp\/v2\/types\/page"}],"author":[{"embeddable":true,"href":"https:\/\/webs.uab.cat\/geografiaaplicada\/wp-json\/wp\/v2\/users\/2819"}],"replies":[{"embeddable":true,"href":"https:\/\/webs.uab.cat\/geografiaaplicada\/wp-json\/wp\/v2\/comments?post=2"}],"version-history":[{"count":4,"href":"https:\/\/webs.uab.cat\/geografiaaplicada\/wp-json\/wp\/v2\/pages\/2\/revisions"}],"predecessor-version":[{"id":10,"href":"https:\/\/webs.uab.cat\/geografiaaplicada\/wp-json\/wp\/v2\/pages\/2\/revisions\/10"}],"wp:attachment":[{"href":"https:\/\/webs.uab.cat\/geografiaaplicada\/wp-json\/wp\/v2\/media?parent=2"}],"curies":[{"name":"wp","href":"https:\/\/api.w.org\/{rel}","templated":true}]}}

<p>El grup Geografia Aplicada (GA) és un grup amb una llarga trajectòria, que des de l&#8217;any 1994 treballa conjuntament amb l’objectiu d’estudiar la relació entre els processos de canvi global i l’espai geogràfic a diferents escales territorials. El grup treballa en quatre línies de recerca que tracten les megatendències fonamentals del procés de canvi global:   </p>



<ol class="wp-block-list" start="1">
<li>Dinàmiques urbanes en zones d&#8217;alta i mitjana densitat amb l’objectiu d’interpretar l&#8217;organització urbana i el desenvolupament sostenible per entendre com les poblacions utilitzen i adapten els sistemes estructurals per millorar la vida urbana. Temes tractats: Temes tractats: qualitat de vida i serveis, mobilitat activa, espais públics i salut i vulnerabilitat. </li>



<li>Energia, espai i societat amb l’objectiu d’analitzar la relació entre la transició energètica, la desigualtat urbana i les polítiques públiques. Temes tractats: segregació residencial, transició energètica, desigualtats socials i polítiques urbanes. </li>



<li>Dinàmiques ambientals en paisatges naturals influïdes per factors naturals i humans amb l’objectiu d’analitzar la influència humana en la biodiversitat i el canvi climàtic. Temes tractats: paisatge humà, biodiversitat, geodiversitat, canvi d&#8217;ús del sòl i coberta del sòl, canvi climàtic i incendis forestals. </li>



<li>Qualitat ambiental amb l’objectiu d’analitzar els processos que permeten entendre millor la degradació del sòl, la importància de la infraestructura verda i els riscos per a la salut. Temes tractats: degradació del sòl, infraestructures verdes i riscos per a la salut. </li>
</ol>



<p>Aquestes dinàmiques s’estudien en tres tipus de contextos geogràfics: zones d&#8217;alta densitat (paisatges urbans), zones de densitat mitjana i baixa (paisatges rurals, de pobles i ciutats mitjanes) i zones de densitat extremadament baixa (paisatges marítims, muntanyencs, desèrtics i operatius). Així mateix, sense pretendre ser exhaustius, les investigacions del grup tenen en compte la relació entre les diferents escales, des de la local fins a la planetària. D&#8217;acord amb el seu nom, el grup avalua els efectes dels processos en curs segons criteris de qualitat de vida, equitat social i sostenibilitat ambiental i indica les implicacions de les polítiques que es poden aplicar amb l&#8217;objectiu d&#8217;estudiar la relació entre processos de canvi global i l&#8217;espai geogràfic.&nbsp;</p>



<figure class="wp-block-image size-large"><img loading="lazy" decoding="async" width="1024" height="731" src="https://webs.uab.cat/geografiaaplicada/wp-content/uploads/sites/530/2024/03/ESQUEMAGA-1-1024x731.jpg" alt="" class="wp-image-9" srcset="https://webs.uab.cat/geografiaaplicada/wp-content/uploads/sites/530/2024/03/ESQUEMAGA-1-1024x731.jpg 1024w, https://webs.uab.cat/geografiaaplicada/wp-content/uploads/sites/530/2024/03/ESQUEMAGA-1-300x214.jpg 300w, https://webs.uab.cat/geografiaaplicada/wp-content/uploads/sites/530/2024/03/ESQUEMAGA-1-768x548.jpg 768w, https://webs.uab.cat/geografiaaplicada/wp-content/uploads/sites/530/2024/03/ESQUEMAGA-1-1536x1097.jpg 1536w, https://webs.uab.cat/geografiaaplicada/wp-content/uploads/sites/530/2024/03/ESQUEMAGA-1-2048x1462.jpg 2048w, https://webs.uab.cat/geografiaaplicada/wp-content/uploads/sites/530/2024/03/ESQUEMAGA-1-1200x857.jpg 1200w, https://webs.uab.cat/geografiaaplicada/wp-content/uploads/sites/530/2024/03/ESQUEMAGA-1-1980x1414.jpg 1980w" sizes="auto, (max-width: 1024px) 100vw, 1024px" /></figure>

<p>El grup Geografia Aplicada (GA) és un grup amb una llarga trajectòria, que des de l&#8217;any 1994 treballa conjuntament amb l’objectiu d’estudiar la relació entre els processos de canvi global i l’espai geogràfic a diferents escales territorials. El grup treballa en quatre línies de recerca que tracten les megatendències fonamentals del procés de canvi global:    [&hellip;]</p>
