{"id":1876,"date":"2017-10-10T09:44:19","date_gmt":"2017-10-10T07:44:19","guid":{"rendered":"https:\/\/webs.uab.cat\/gepe\/professors-i-investigadors\/"},"modified":"2023-03-03T12:03:18","modified_gmt":"2023-03-03T10:03:18","slug":"professors-i-investigadors","status":"publish","type":"page","link":"https:\/\/webs.uab.cat\/gepe\/professors-i-investigadors\/","title":{"rendered":"Grup d&#8217;investigaci\u00f3"},"content":{"rendered":"\n<figure class=\"wp-block-gallery has-nested-images columns-default is-cropped wp-block-gallery-1 is-layout-flex wp-block-gallery-is-layout-flex\">\n<figure class=\"wp-block-image size-large\"><img loading=\"lazy\" decoding=\"async\" width=\"1024\" height=\"683\" data-id=\"2307\" src=\"https:\/\/webs.uab.cat\/gepe\/wp-content\/uploads\/sites\/239\/2023\/03\/250522CAR-2-1024x683.jpg\" alt=\"\" class=\"wp-image-2307\" srcset=\"https:\/\/webs.uab.cat\/gepe\/wp-content\/uploads\/sites\/239\/2023\/03\/250522CAR-2-1024x683.jpg 1024w, https:\/\/webs.uab.cat\/gepe\/wp-content\/uploads\/sites\/239\/2023\/03\/250522CAR-2-300x200.jpg 300w, https:\/\/webs.uab.cat\/gepe\/wp-content\/uploads\/sites\/239\/2023\/03\/250522CAR-2-768x512.jpg 768w, https:\/\/webs.uab.cat\/gepe\/wp-content\/uploads\/sites\/239\/2023\/03\/250522CAR-2-1200x800.jpg 1200w, https:\/\/webs.uab.cat\/gepe\/wp-content\/uploads\/sites\/239\/2023\/03\/250522CAR-2.jpg 1440w\" sizes=\"auto, (max-width: 1024px) 100vw, 1024px\" \/><figcaption>GEPE-GRECSE<\/figcaption><\/figure>\n<\/figure>\n\n\n\n<figure class=\"wp-block-table\"><table><tbody><tr><td><img loading=\"lazy\" decoding=\"async\" width=\"1440\" height=\"960\" class=\"wp-image-2280\" style=\"width: 150px\" src=\"https:\/\/webs.uab.cat\/gepe\/wp-content\/uploads\/sites\/239\/2023\/03\/250522CAR-6.jpg\" alt=\"\" srcset=\"https:\/\/webs.uab.cat\/gepe\/wp-content\/uploads\/sites\/239\/2023\/03\/250522CAR-6.jpg 1440w, https:\/\/webs.uab.cat\/gepe\/wp-content\/uploads\/sites\/239\/2023\/03\/250522CAR-6-300x200.jpg 300w, https:\/\/webs.uab.cat\/gepe\/wp-content\/uploads\/sites\/239\/2023\/03\/250522CAR-6-1024x683.jpg 1024w, https:\/\/webs.uab.cat\/gepe\/wp-content\/uploads\/sites\/239\/2023\/03\/250522CAR-6-768x512.jpg 768w, https:\/\/webs.uab.cat\/gepe\/wp-content\/uploads\/sites\/239\/2023\/03\/250522CAR-6-1200x800.jpg 1200w\" sizes=\"auto, (max-width: 1440px) 100vw, 1440px\" \/><\/td><td><strong>MIQUEL TORREGROSSA<\/strong>: Coordinador del GEPE. Doctor en Psicologia. Professor Catedr\u00e0tic i investigador s\u00e8nior.<\/td><\/tr><tr><td><img loading=\"lazy\" decoding=\"async\" width=\"1440\" height=\"960\" class=\"wp-image-2283\" style=\"width: 150px\" src=\"https:\/\/webs.uab.cat\/gepe\/wp-content\/uploads\/sites\/239\/2023\/03\/250522CAR-44.jpg\" alt=\"\" srcset=\"https:\/\/webs.uab.cat\/gepe\/wp-content\/uploads\/sites\/239\/2023\/03\/250522CAR-44.jpg 1440w, https:\/\/webs.uab.cat\/gepe\/wp-content\/uploads\/sites\/239\/2023\/03\/250522CAR-44-300x200.jpg 300w, https:\/\/webs.uab.cat\/gepe\/wp-content\/uploads\/sites\/239\/2023\/03\/250522CAR-44-1024x683.jpg 1024w, https:\/\/webs.uab.cat\/gepe\/wp-content\/uploads\/sites\/239\/2023\/03\/250522CAR-44-768x512.jpg 768w, https:\/\/webs.uab.cat\/gepe\/wp-content\/uploads\/sites\/239\/2023\/03\/250522CAR-44-1200x800.jpg 1200w\" sizes=\"auto, (max-width: 1440px) 100vw, 1440px\" \/><\/td><td><strong>ANNA JORDANA<\/strong>: Coordinadora del GEPE. Doctora en Psicologia. Professora Associada i investigadora s\u00e8nior.<\/td><\/tr><tr><td><img loading=\"lazy\" decoding=\"async\" width=\"1440\" height=\"960\" class=\"wp-image-2286\" style=\"width: 150px\" src=\"https:\/\/webs.uab.cat\/gepe\/wp-content\/uploads\/sites\/239\/2023\/03\/250522CAR-36.jpg\" alt=\"\" srcset=\"https:\/\/webs.uab.cat\/gepe\/wp-content\/uploads\/sites\/239\/2023\/03\/250522CAR-36.jpg 1440w, https:\/\/webs.uab.cat\/gepe\/wp-content\/uploads\/sites\/239\/2023\/03\/250522CAR-36-300x200.jpg 300w, https:\/\/webs.uab.cat\/gepe\/wp-content\/uploads\/sites\/239\/2023\/03\/250522CAR-36-1024x683.jpg 1024w, https:\/\/webs.uab.cat\/gepe\/wp-content\/uploads\/sites\/239\/2023\/03\/250522CAR-36-768x512.jpg 768w, https:\/\/webs.uab.cat\/gepe\/wp-content\/uploads\/sites\/239\/2023\/03\/250522CAR-36-1200x800.jpg 1200w\" sizes=\"auto, (max-width: 1440px) 100vw, 1440px\" \/><\/td><td><strong>YAGO RAMIS: <\/strong>Coordinador del GRECSE. Doctor en Psicologia. Professor Agregat i investigador s\u00e8nior.<\/td><\/tr><tr><td><img loading=\"lazy\" decoding=\"async\" width=\"1440\" height=\"960\" class=\"wp-image-2253\" style=\"width: 150px\" src=\"https:\/\/webs.uab.cat\/gepe\/wp-content\/uploads\/sites\/239\/2023\/03\/250522CAR-12.jpg\" alt=\"\" srcset=\"https:\/\/webs.uab.cat\/gepe\/wp-content\/uploads\/sites\/239\/2023\/03\/250522CAR-12.jpg 1440w, https:\/\/webs.uab.cat\/gepe\/wp-content\/uploads\/sites\/239\/2023\/03\/250522CAR-12-300x200.jpg 300w, https:\/\/webs.uab.cat\/gepe\/wp-content\/uploads\/sites\/239\/2023\/03\/250522CAR-12-1024x683.jpg 1024w, https:\/\/webs.uab.cat\/gepe\/wp-content\/uploads\/sites\/239\/2023\/03\/250522CAR-12-768x512.jpg 768w, https:\/\/webs.uab.cat\/gepe\/wp-content\/uploads\/sites\/239\/2023\/03\/250522CAR-12-1200x800.jpg 1200w\" sizes=\"auto, (max-width: 1440px) 100vw, 1440px\" \/><\/td><td><strong>MARTA BORRUECO:<\/strong> Doctora en Psicologia. Professora Associada i investigadora s\u00e8nior.<\/td><\/tr><tr><td><img loading=\"lazy\" decoding=\"async\" width=\"200\" height=\"200\" class=\"wp-image-2289\" style=\"width: 150px\" src=\"https:\/\/webs.uab.cat\/gepe\/wp-content\/uploads\/sites\/239\/2023\/03\/ViladrichCarme.png\" alt=\"\" srcset=\"https:\/\/webs.uab.cat\/gepe\/wp-content\/uploads\/sites\/239\/2023\/03\/ViladrichCarme.png 200w, https:\/\/webs.uab.cat\/gepe\/wp-content\/uploads\/sites\/239\/2023\/03\/ViladrichCarme-150x150.png 150w\" sizes=\"auto, (max-width: 200px) 100vw, 200px\" \/><\/td><td><strong>CARME VILADRICH: <\/strong>Doctora en Psicologia. Professora Catedr\u00e0tica i investigadora s\u00e8nior.<\/td><\/tr><tr><td><img loading=\"lazy\" decoding=\"async\" width=\"225\" height=\"225\" class=\"wp-image-2292\" style=\"width: 150px\" src=\"https:\/\/webs.uab.cat\/gepe\/wp-content\/uploads\/sites\/239\/2023\/03\/pallares.jpeg\" alt=\"\" srcset=\"https:\/\/webs.uab.cat\/gepe\/wp-content\/uploads\/sites\/239\/2023\/03\/pallares.jpeg 225w, https:\/\/webs.uab.cat\/gepe\/wp-content\/uploads\/sites\/239\/2023\/03\/pallares-150x150.jpeg 150w\" sizes=\"auto, (max-width: 225px) 100vw, 225px\" \/><\/td><td><strong>SUSANA PALLAR\u00c8S<\/strong>: Doctora en Psicologia. Professora Titular i investigadora s\u00e8nior.<\/td><\/tr><tr><td><img loading=\"lazy\" decoding=\"async\" width=\"200\" height=\"200\" class=\"wp-image-2301\" style=\"width: 150px\" src=\"https:\/\/webs.uab.cat\/gepe\/wp-content\/uploads\/sites\/239\/2023\/03\/s200_juan-mu_oz-justicia.jpg\" alt=\"\" srcset=\"https:\/\/webs.uab.cat\/gepe\/wp-content\/uploads\/sites\/239\/2023\/03\/s200_juan-mu_oz-justicia.jpg 200w, https:\/\/webs.uab.cat\/gepe\/wp-content\/uploads\/sites\/239\/2023\/03\/s200_juan-mu_oz-justicia-150x150.jpg 150w\" sizes=\"auto, (max-width: 200px) 100vw, 200px\" \/><\/td><td><strong>JUAN M. MU\u00d1OZ:<\/strong> Doctor en Psicologia. Professor Titular i investigador s\u00e8nior.<\/td><\/tr><tr><td><img loading=\"lazy\" decoding=\"async\" width=\"1440\" height=\"960\" class=\"wp-image-2295\" style=\"width: 150px\" src=\"https:\/\/webs.uab.cat\/gepe\/wp-content\/uploads\/sites\/239\/2023\/03\/250522CAR-40.jpg\" alt=\"\" srcset=\"https:\/\/webs.uab.cat\/gepe\/wp-content\/uploads\/sites\/239\/2023\/03\/250522CAR-40.jpg 1440w, https:\/\/webs.uab.cat\/gepe\/wp-content\/uploads\/sites\/239\/2023\/03\/250522CAR-40-300x200.jpg 300w, https:\/\/webs.uab.cat\/gepe\/wp-content\/uploads\/sites\/239\/2023\/03\/250522CAR-40-1024x683.jpg 1024w, https:\/\/webs.uab.cat\/gepe\/wp-content\/uploads\/sites\/239\/2023\/03\/250522CAR-40-768x512.jpg 768w, https:\/\/webs.uab.cat\/gepe\/wp-content\/uploads\/sites\/239\/2023\/03\/250522CAR-40-1200x800.jpg 1200w\" sizes=\"auto, (max-width: 1440px) 100vw, 1440px\" \/><\/td><td><strong>JOS\u00c9 T. MEJ\u00cdAS: <\/strong>Doctorand en Psicologia. Becari d&#8217;investigaci\u00f3.<\/td><\/tr><tr><td><img loading=\"lazy\" decoding=\"async\" width=\"1440\" height=\"960\" class=\"wp-image-2298\" style=\"width: 150px\" src=\"https:\/\/webs.uab.cat\/gepe\/wp-content\/uploads\/sites\/239\/2023\/03\/250522CAR-16.jpg\" alt=\"\" srcset=\"https:\/\/webs.uab.cat\/gepe\/wp-content\/uploads\/sites\/239\/2023\/03\/250522CAR-16.jpg 1440w, https:\/\/webs.uab.cat\/gepe\/wp-content\/uploads\/sites\/239\/2023\/03\/250522CAR-16-300x200.jpg 300w, https:\/\/webs.uab.cat\/gepe\/wp-content\/uploads\/sites\/239\/2023\/03\/250522CAR-16-1024x683.jpg 1024w, https:\/\/webs.uab.cat\/gepe\/wp-content\/uploads\/sites\/239\/2023\/03\/250522CAR-16-768x512.jpg 768w, https:\/\/webs.uab.cat\/gepe\/wp-content\/uploads\/sites\/239\/2023\/03\/250522CAR-16-1200x800.jpg 1200w\" sizes=\"auto, (max-width: 1440px) 100vw, 1440px\" \/><\/td><td><strong>MARINA GARCIA: <\/strong>Doctoranda en Psicologia. Bec\u00e0ria d&#8217;investigaci\u00f3.<\/td><\/tr><tr><td><img loading=\"lazy\" decoding=\"async\" width=\"1440\" height=\"960\" class=\"wp-image-2304\" style=\"width: 150px\" src=\"https:\/\/webs.uab.cat\/gepe\/wp-content\/uploads\/sites\/239\/2023\/03\/250522CAR-32.jpg\" alt=\"\" srcset=\"https:\/\/webs.uab.cat\/gepe\/wp-content\/uploads\/sites\/239\/2023\/03\/250522CAR-32.jpg 1440w, https:\/\/webs.uab.cat\/gepe\/wp-content\/uploads\/sites\/239\/2023\/03\/250522CAR-32-300x200.jpg 300w, https:\/\/webs.uab.cat\/gepe\/wp-content\/uploads\/sites\/239\/2023\/03\/250522CAR-32-1024x683.jpg 1024w, https:\/\/webs.uab.cat\/gepe\/wp-content\/uploads\/sites\/239\/2023\/03\/250522CAR-32-768x512.jpg 768w, https:\/\/webs.uab.cat\/gepe\/wp-content\/uploads\/sites\/239\/2023\/03\/250522CAR-32-1200x800.jpg 1200w\" sizes=\"auto, (max-width: 1440px) 100vw, 1440px\" \/><\/td><td><strong>MAXIMILIANO DEVOTO: <\/strong>Doctorand en Psicologia. Becari d&#8217;investigaci\u00f3.<\/td><\/tr><tr><td><img loading=\"lazy\" decoding=\"async\" width=\"1440\" height=\"960\" class=\"wp-image-2262\" style=\"width: 150px\" src=\"https:\/\/webs.uab.cat\/gepe\/wp-content\/uploads\/sites\/239\/2023\/03\/250522CAR-20.jpg\" alt=\"\" srcset=\"https:\/\/webs.uab.cat\/gepe\/wp-content\/uploads\/sites\/239\/2023\/03\/250522CAR-20.jpg 1440w, https:\/\/webs.uab.cat\/gepe\/wp-content\/uploads\/sites\/239\/2023\/03\/250522CAR-20-300x200.jpg 300w, https:\/\/webs.uab.cat\/gepe\/wp-content\/uploads\/sites\/239\/2023\/03\/250522CAR-20-1024x683.jpg 1024w, https:\/\/webs.uab.cat\/gepe\/wp-content\/uploads\/sites\/239\/2023\/03\/250522CAR-20-768x512.jpg 768w, https:\/\/webs.uab.cat\/gepe\/wp-content\/uploads\/sites\/239\/2023\/03\/250522CAR-20-1200x800.jpg 1200w\" sizes=\"auto, (max-width: 1440px) 100vw, 1440px\" \/><\/td><td><strong>ROC\u00cdO ZAMORA: <\/strong>Doctoranda en Psicologia. Bec\u00e0ria d&#8217;investigaci\u00f3.<\/td><\/tr><tr><td><img loading=\"lazy\" decoding=\"async\" width=\"1440\" height=\"960\" class=\"wp-image-2265\" style=\"width: 150px\" src=\"https:\/\/webs.uab.cat\/gepe\/wp-content\/uploads\/sites\/239\/2023\/03\/250522CAR-24.jpg\" alt=\"\" srcset=\"https:\/\/webs.uab.cat\/gepe\/wp-content\/uploads\/sites\/239\/2023\/03\/250522CAR-24.jpg 1440w, https:\/\/webs.uab.cat\/gepe\/wp-content\/uploads\/sites\/239\/2023\/03\/250522CAR-24-300x200.jpg 300w, https:\/\/webs.uab.cat\/gepe\/wp-content\/uploads\/sites\/239\/2023\/03\/250522CAR-24-1024x683.jpg 1024w, https:\/\/webs.uab.cat\/gepe\/wp-content\/uploads\/sites\/239\/2023\/03\/250522CAR-24-768x512.jpg 768w, https:\/\/webs.uab.cat\/gepe\/wp-content\/uploads\/sites\/239\/2023\/03\/250522CAR-24-1200x800.jpg 1200w\" sizes=\"auto, (max-width: 1440px) 100vw, 1440px\" \/><\/td><td><strong>L\u00cdDIA ORDEIX: <\/strong>Doctoranda en Psicologia. Bec\u00e0ria d&#8217;investigaci\u00f3.<\/td><\/tr><\/tbody><\/table><\/figure>\n","protected":false},"excerpt":{"rendered":"<p>MIQUEL TORREGROSSA: Coordinador del GEPE. Doctor en Psicologia. Professor Catedr\u00e0tic i investigador s\u00e8nior. ANNA JORDANA: Coordinadora del GEPE. Doctora en Psicologia. Professora Associada i investigadora s\u00e8nior. YAGO RAMIS: Coordinador del GRECSE. Doctor en Psicologia. Professor Agregat i investigador s\u00e8nior. MARTA BORRUECO: Doctora en Psicologia. Professora Associada i investigadora s\u00e8nior. CARME VILADRICH: Doctora en Psicologia. Professora [&hellip;]<\/p>\n","protected":false},"author":44,"featured_media":0,"parent":0,"menu_order":0,"comment_status":"closed","ping_status":"closed","template":"","meta":{"footnotes":""},"class_list":["post-1876","page","type-page","status-publish","hentry"],"_links":{"self":[{"href":"https:\/\/webs.uab.cat\/gepe\/wp-json\/wp\/v2\/pages\/1876","targetHints":{"allow":["GET"]}}],"collection":[{"href":"https:\/\/webs.uab.cat\/gepe\/wp-json\/wp\/v2\/pages"}],"about":[{"href":"https:\/\/webs.uab.cat\/gepe\/wp-json\/wp\/v2\/types\/page"}],"author":[{"embeddable":true,"href":"https:\/\/webs.uab.cat\/gepe\/wp-json\/wp\/v2\/users\/44"}],"replies":[{"embeddable":true,"href":"https:\/\/webs.uab.cat\/gepe\/wp-json\/wp\/v2\/comments?post=1876"}],"version-history":[{"count":1,"href":"https:\/\/webs.uab.cat\/gepe\/wp-json\/wp\/v2\/pages\/1876\/revisions"}],"predecessor-version":[{"id":2310,"href":"https:\/\/webs.uab.cat\/gepe\/wp-json\/wp\/v2\/pages\/1876\/revisions\/2310"}],"wp:attachment":[{"href":"https:\/\/webs.uab.cat\/gepe\/wp-json\/wp\/v2\/media?parent=1876"}],"curies":[{"name":"wp","href":"https:\/\/api.w.org\/{rel}","templated":true}]}}