{"id":1877,"date":"2017-10-10T09:45:03","date_gmt":"2017-10-10T07:45:03","guid":{"rendered":"https:\/\/webs.uab.cat\/gepe\/col%c2%b7laboradors\/"},"modified":"2023-03-03T13:06:21","modified_gmt":"2023-03-03T11:06:21","slug":"col%c2%b7laboradors","status":"publish","type":"page","link":"https:\/\/webs.uab.cat\/gepe\/col%c2%b7laboradors\/","title":{"rendered":"Col\u00b7laboracions"},"content":{"rendered":"\n<h2 class=\"wp-block-heading\">Investigadors i investigadores<\/h2>\n\n\n\n<figure class=\"wp-block-table\"><table><tbody><tr><td><img loading=\"lazy\" decoding=\"async\" width=\"1296\" height=\"736\" class=\"wp-image-2312\" style=\"width: 150px\" src=\"https:\/\/webs.uab.cat\/gepe\/wp-content\/uploads\/sites\/239\/2023\/03\/CAR_logoteca-012.jpg\" alt=\"\" srcset=\"https:\/\/webs.uab.cat\/gepe\/wp-content\/uploads\/sites\/239\/2023\/03\/CAR_logoteca-012.jpg 1296w, https:\/\/webs.uab.cat\/gepe\/wp-content\/uploads\/sites\/239\/2023\/03\/CAR_logoteca-012-300x170.jpg 300w, https:\/\/webs.uab.cat\/gepe\/wp-content\/uploads\/sites\/239\/2023\/03\/CAR_logoteca-012-1024x582.jpg 1024w, https:\/\/webs.uab.cat\/gepe\/wp-content\/uploads\/sites\/239\/2023\/03\/CAR_logoteca-012-768x436.jpg 768w, https:\/\/webs.uab.cat\/gepe\/wp-content\/uploads\/sites\/239\/2023\/03\/CAR_logoteca-012-1200x681.jpg 1200w\" sizes=\"auto, (max-width: 1296px) 100vw, 1296px\" \/><\/td><td><strong>SUSANA REG\u00dcELA<\/strong><br><strong>XAVIER BALIUS<\/strong><br><strong>JOAN VIVES<\/strong><\/td><\/tr><tr><td><img loading=\"lazy\" decoding=\"async\" width=\"2760\" height=\"881\" class=\"wp-image-2324\" style=\"width: 150px\" src=\"https:\/\/webs.uab.cat\/gepe\/wp-content\/uploads\/sites\/239\/2023\/03\/338686_logo-uib-horizontal_transparent.png\" alt=\"\" srcset=\"https:\/\/webs.uab.cat\/gepe\/wp-content\/uploads\/sites\/239\/2023\/03\/338686_logo-uib-horizontal_transparent.png 2760w, https:\/\/webs.uab.cat\/gepe\/wp-content\/uploads\/sites\/239\/2023\/03\/338686_logo-uib-horizontal_transparent-300x96.png 300w, https:\/\/webs.uab.cat\/gepe\/wp-content\/uploads\/sites\/239\/2023\/03\/338686_logo-uib-horizontal_transparent-1024x327.png 1024w, https:\/\/webs.uab.cat\/gepe\/wp-content\/uploads\/sites\/239\/2023\/03\/338686_logo-uib-horizontal_transparent-768x245.png 768w, https:\/\/webs.uab.cat\/gepe\/wp-content\/uploads\/sites\/239\/2023\/03\/338686_logo-uib-horizontal_transparent-1536x490.png 1536w, https:\/\/webs.uab.cat\/gepe\/wp-content\/uploads\/sites\/239\/2023\/03\/338686_logo-uib-horizontal_transparent-2048x654.png 2048w, https:\/\/webs.uab.cat\/gepe\/wp-content\/uploads\/sites\/239\/2023\/03\/338686_logo-uib-horizontal_transparent-1200x383.png 1200w, https:\/\/webs.uab.cat\/gepe\/wp-content\/uploads\/sites\/239\/2023\/03\/338686_logo-uib-horizontal_transparent-1980x632.png 1980w\" sizes=\"auto, (max-width: 2760px) 100vw, 2760px\" \/><\/td><td><strong>JOAN PONS <\/strong><\/td><\/tr><tr><td><img loading=\"lazy\" decoding=\"async\" width=\"850\" height=\"601\" class=\"wp-image-2321\" style=\"width: 200px\" src=\"https:\/\/webs.uab.cat\/gepe\/wp-content\/uploads\/sites\/239\/2023\/03\/AS_898649139732483@1591266059734_xl.jpg\" alt=\"\" srcset=\"https:\/\/webs.uab.cat\/gepe\/wp-content\/uploads\/sites\/239\/2023\/03\/AS_898649139732483@1591266059734_xl.jpg 850w, https:\/\/webs.uab.cat\/gepe\/wp-content\/uploads\/sites\/239\/2023\/03\/AS_898649139732483@1591266059734_xl-300x212.jpg 300w, https:\/\/webs.uab.cat\/gepe\/wp-content\/uploads\/sites\/239\/2023\/03\/AS_898649139732483@1591266059734_xl-768x543.jpg 768w\" sizes=\"auto, (max-width: 850px) 100vw, 850px\" \/><\/td><td><strong>PAUL WYLLEMAN<\/strong><br><strong>KOEN DE BRANDT<\/strong><br><strong>JOLAN KEGELAERS<\/strong><\/td><\/tr><tr><td><img loading=\"lazy\" decoding=\"async\" width=\"1043\" height=\"730\" class=\"wp-image-2327\" style=\"width: 150px\" src=\"https:\/\/webs.uab.cat\/gepe\/wp-content\/uploads\/sites\/239\/2023\/03\/logo_ucam_blanco_c.png\" alt=\"\" srcset=\"https:\/\/webs.uab.cat\/gepe\/wp-content\/uploads\/sites\/239\/2023\/03\/logo_ucam_blanco_c.png 1043w, https:\/\/webs.uab.cat\/gepe\/wp-content\/uploads\/sites\/239\/2023\/03\/logo_ucam_blanco_c-300x210.png 300w, https:\/\/webs.uab.cat\/gepe\/wp-content\/uploads\/sites\/239\/2023\/03\/logo_ucam_blanco_c-1024x717.png 1024w, https:\/\/webs.uab.cat\/gepe\/wp-content\/uploads\/sites\/239\/2023\/03\/logo_ucam_blanco_c-768x538.png 768w\" sizes=\"auto, (max-width: 1043px) 100vw, 1043px\" \/><\/td><td><strong>ELENA CONDE<\/strong><\/td><\/tr><tr><td><img loading=\"lazy\" decoding=\"async\" width=\"1845\" height=\"615\" class=\"wp-image-2330\" style=\"width: 150px\" src=\"https:\/\/webs.uab.cat\/gepe\/wp-content\/uploads\/sites\/239\/2023\/03\/2325.png\" alt=\"\" srcset=\"https:\/\/webs.uab.cat\/gepe\/wp-content\/uploads\/sites\/239\/2023\/03\/2325.png 1845w, https:\/\/webs.uab.cat\/gepe\/wp-content\/uploads\/sites\/239\/2023\/03\/2325-300x100.png 300w, https:\/\/webs.uab.cat\/gepe\/wp-content\/uploads\/sites\/239\/2023\/03\/2325-1024x341.png 1024w, https:\/\/webs.uab.cat\/gepe\/wp-content\/uploads\/sites\/239\/2023\/03\/2325-768x256.png 768w, https:\/\/webs.uab.cat\/gepe\/wp-content\/uploads\/sites\/239\/2023\/03\/2325-1536x512.png 1536w, https:\/\/webs.uab.cat\/gepe\/wp-content\/uploads\/sites\/239\/2023\/03\/2325-1200x400.png 1200w\" sizes=\"auto, (max-width: 1845px) 100vw, 1845px\" \/><\/td><td><strong>JOS\u00c9 MAR\u00cdA L\u00d3PEZ-CHAMORRO<\/strong><\/td><\/tr><tr><td><img loading=\"lazy\" decoding=\"async\" width=\"444\" height=\"160\" class=\"wp-image-2336\" style=\"width: 150px\" src=\"https:\/\/webs.uab.cat\/gepe\/wp-content\/uploads\/sites\/239\/2023\/03\/03_Verona_Logo-1.png\" alt=\"\" srcset=\"https:\/\/webs.uab.cat\/gepe\/wp-content\/uploads\/sites\/239\/2023\/03\/03_Verona_Logo-1.png 444w, https:\/\/webs.uab.cat\/gepe\/wp-content\/uploads\/sites\/239\/2023\/03\/03_Verona_Logo-1-300x108.png 300w\" sizes=\"auto, (max-width: 444px) 100vw, 444px\" \/><\/td><td><strong>FRANCESCA VITALI<\/strong><\/td><\/tr><tr><td><img loading=\"lazy\" decoding=\"async\" width=\"945\" height=\"258\" class=\"wp-image-2339\" style=\"width: 150px\" src=\"https:\/\/webs.uab.cat\/gepe\/wp-content\/uploads\/sites\/239\/2023\/03\/912766_logo-UV-con-escudo-2-lineas.jpg\" alt=\"\" srcset=\"https:\/\/webs.uab.cat\/gepe\/wp-content\/uploads\/sites\/239\/2023\/03\/912766_logo-UV-con-escudo-2-lineas.jpg 945w, https:\/\/webs.uab.cat\/gepe\/wp-content\/uploads\/sites\/239\/2023\/03\/912766_logo-UV-con-escudo-2-lineas-300x82.jpg 300w, https:\/\/webs.uab.cat\/gepe\/wp-content\/uploads\/sites\/239\/2023\/03\/912766_logo-UV-con-escudo-2-lineas-768x210.jpg 768w\" sizes=\"auto, (max-width: 945px) 100vw, 945px\" \/><\/td><td><strong>ISABEL CASTILLO<\/strong><br><strong>OCTAVIO \u00c1LVAREZ<\/strong><br><strong>IRENE CHECA<\/strong><br><strong>JAVIER MONFORTE<\/strong><\/td><\/tr><tr><td><img loading=\"lazy\" decoding=\"async\" width=\"834\" height=\"834\" class=\"wp-image-2345\" style=\"width: 150px\" src=\"https:\/\/webs.uab.cat\/gepe\/wp-content\/uploads\/sites\/239\/2023\/03\/inef-2-01-1.png\" alt=\"\" srcset=\"https:\/\/webs.uab.cat\/gepe\/wp-content\/uploads\/sites\/239\/2023\/03\/inef-2-01-1.png 834w, https:\/\/webs.uab.cat\/gepe\/wp-content\/uploads\/sites\/239\/2023\/03\/inef-2-01-1-300x300.png 300w, https:\/\/webs.uab.cat\/gepe\/wp-content\/uploads\/sites\/239\/2023\/03\/inef-2-01-1-150x150.png 150w, https:\/\/webs.uab.cat\/gepe\/wp-content\/uploads\/sites\/239\/2023\/03\/inef-2-01-1-768x768.png 768w\" sizes=\"auto, (max-width: 834px) 100vw, 834px\" \/><\/td><td><strong>CRISTINA L\u00d3PEZ DE SUBIJANA<\/strong><\/td><\/tr><tr><td><img loading=\"lazy\" decoding=\"async\" width=\"300\" height=\"168\" class=\"wp-image-2348\" style=\"width: 150px\" src=\"https:\/\/webs.uab.cat\/gepe\/wp-content\/uploads\/sites\/239\/2023\/03\/images.jpeg\" alt=\"\"><\/td><td><strong>JUAN GONZ\u00c1LEZ<\/strong><br><strong>D\u00c9BORA GODOY<\/strong><\/td><\/tr><tr><td><img loading=\"lazy\" decoding=\"async\" width=\"1587\" height=\"512\" class=\"wp-image-2351\" style=\"width: 150px\" src=\"https:\/\/webs.uab.cat\/gepe\/wp-content\/uploads\/sites\/239\/2023\/03\/University-of-Extremadura.png\" alt=\"\" srcset=\"https:\/\/webs.uab.cat\/gepe\/wp-content\/uploads\/sites\/239\/2023\/03\/University-of-Extremadura.png 1587w, https:\/\/webs.uab.cat\/gepe\/wp-content\/uploads\/sites\/239\/2023\/03\/University-of-Extremadura-300x97.png 300w, https:\/\/webs.uab.cat\/gepe\/wp-content\/uploads\/sites\/239\/2023\/03\/University-of-Extremadura-1024x330.png 1024w, https:\/\/webs.uab.cat\/gepe\/wp-content\/uploads\/sites\/239\/2023\/03\/University-of-Extremadura-768x248.png 768w, https:\/\/webs.uab.cat\/gepe\/wp-content\/uploads\/sites\/239\/2023\/03\/University-of-Extremadura-1536x496.png 1536w, https:\/\/webs.uab.cat\/gepe\/wp-content\/uploads\/sites\/239\/2023\/03\/University-of-Extremadura-1200x387.png 1200w\" sizes=\"auto, (max-width: 1587px) 100vw, 1587px\" \/><\/td><td><strong>TOM\u00c1S GARC\u00cdA-CALVO<\/strong><br><strong>INMACULADA GONZ\u00c1LEZ-PONCE<\/strong><\/td><\/tr><tr><td><img loading=\"lazy\" decoding=\"async\" width=\"1200\" height=\"155\" class=\"wp-image-2354\" style=\"width: 150px\" src=\"https:\/\/webs.uab.cat\/gepe\/wp-content\/uploads\/sites\/239\/2023\/03\/P_Entidad_900102373508234373_1099934327828_1200_1280_U_c332bb31bcf94d39a8e7b7b71c36ff6.png\" alt=\"\" srcset=\"https:\/\/webs.uab.cat\/gepe\/wp-content\/uploads\/sites\/239\/2023\/03\/P_Entidad_900102373508234373_1099934327828_1200_1280_U_c332bb31bcf94d39a8e7b7b71c36ff6.png 1200w, https:\/\/webs.uab.cat\/gepe\/wp-content\/uploads\/sites\/239\/2023\/03\/P_Entidad_900102373508234373_1099934327828_1200_1280_U_c332bb31bcf94d39a8e7b7b71c36ff6-300x39.png 300w, https:\/\/webs.uab.cat\/gepe\/wp-content\/uploads\/sites\/239\/2023\/03\/P_Entidad_900102373508234373_1099934327828_1200_1280_U_c332bb31bcf94d39a8e7b7b71c36ff6-1024x132.png 1024w, https:\/\/webs.uab.cat\/gepe\/wp-content\/uploads\/sites\/239\/2023\/03\/P_Entidad_900102373508234373_1099934327828_1200_1280_U_c332bb31bcf94d39a8e7b7b71c36ff6-768x99.png 768w\" sizes=\"auto, (max-width: 1200px) 100vw, 1200px\" \/><\/td><td><strong>MAR\u00cdA DOLORES GONZ\u00c1LEZ<\/strong><\/td><\/tr><tr><td><img loading=\"lazy\" decoding=\"async\" width=\"343\" height=\"128\" class=\"wp-image-2357\" style=\"width: 150px\" src=\"https:\/\/webs.uab.cat\/gepe\/wp-content\/uploads\/sites\/239\/2023\/03\/logo-universidad-sevilla.jpg\" alt=\"\" srcset=\"https:\/\/webs.uab.cat\/gepe\/wp-content\/uploads\/sites\/239\/2023\/03\/logo-universidad-sevilla.jpg 343w, https:\/\/webs.uab.cat\/gepe\/wp-content\/uploads\/sites\/239\/2023\/03\/logo-universidad-sevilla-300x112.jpg 300w\" sizes=\"auto, (max-width: 343px) 100vw, 343px\" \/><\/td><td><strong>ROCI\u00d3 BOH\u00d3RQUEZ<\/strong><\/td><\/tr><\/tbody><\/table><\/figure>\n\n\n\n<h2 class=\"wp-block-heading\">Entitats esportives<\/h2>\n\n\n\n<figure class=\"wp-block-table\"><table><tbody><tr><td><img loading=\"lazy\" decoding=\"async\" width=\"1296\" height=\"736\" class=\"wp-image-2312\" style=\"width: 150px\" src=\"https:\/\/webs.uab.cat\/gepe\/wp-content\/uploads\/sites\/239\/2023\/03\/CAR_logoteca-012.jpg\" alt=\"\" srcset=\"https:\/\/webs.uab.cat\/gepe\/wp-content\/uploads\/sites\/239\/2023\/03\/CAR_logoteca-012.jpg 1296w, https:\/\/webs.uab.cat\/gepe\/wp-content\/uploads\/sites\/239\/2023\/03\/CAR_logoteca-012-300x170.jpg 300w, https:\/\/webs.uab.cat\/gepe\/wp-content\/uploads\/sites\/239\/2023\/03\/CAR_logoteca-012-1024x582.jpg 1024w, https:\/\/webs.uab.cat\/gepe\/wp-content\/uploads\/sites\/239\/2023\/03\/CAR_logoteca-012-768x436.jpg 768w, https:\/\/webs.uab.cat\/gepe\/wp-content\/uploads\/sites\/239\/2023\/03\/CAR_logoteca-012-1200x681.jpg 1200w\" sizes=\"auto, (max-width: 1296px) 100vw, 1296px\" \/><\/td><td><strong>CENTRE D&#8217;ALT RENDIMENT DE SANT CUGAT<\/strong><\/td><\/tr><tr><td><img loading=\"lazy\" decoding=\"async\" width=\"570\" height=\"350\" class=\"wp-image-2363\" style=\"width: 150px\" src=\"https:\/\/webs.uab.cat\/gepe\/wp-content\/uploads\/sites\/239\/2023\/03\/logo-villarealcf-galeria.png\" alt=\"\" srcset=\"https:\/\/webs.uab.cat\/gepe\/wp-content\/uploads\/sites\/239\/2023\/03\/logo-villarealcf-galeria.png 570w, https:\/\/webs.uab.cat\/gepe\/wp-content\/uploads\/sites\/239\/2023\/03\/logo-villarealcf-galeria-300x184.png 300w\" sizes=\"auto, (max-width: 570px) 100vw, 570px\" \/><\/td><td><strong>VILLARREAL CLUB DE FUTBOL<\/strong><\/td><\/tr><tr><td><img loading=\"lazy\" decoding=\"async\" width=\"267\" height=\"92\" class=\"wp-image-2360\" style=\"width: 150px\" src=\"https:\/\/webs.uab.cat\/gepe\/wp-content\/uploads\/sites\/239\/2023\/03\/kallipolis.png\" alt=\"\"><\/td><td><strong>CLUB NATACI\u00d3 KALL\u00cdPOLIS<\/strong><\/td><\/tr><tr><td><img loading=\"lazy\" decoding=\"async\" width=\"500\" height=\"131\" class=\"wp-image-2366\" style=\"width: 150px\" src=\"https:\/\/webs.uab.cat\/gepe\/wp-content\/uploads\/sites\/239\/2023\/03\/logoHOQUEICLUBST_150.png\" alt=\"\" srcset=\"https:\/\/webs.uab.cat\/gepe\/wp-content\/uploads\/sites\/239\/2023\/03\/logoHOQUEICLUBST_150.png 500w, https:\/\/webs.uab.cat\/gepe\/wp-content\/uploads\/sites\/239\/2023\/03\/logoHOQUEICLUBST_150-300x79.png 300w\" sizes=\"auto, (max-width: 500px) 100vw, 500px\" \/><\/td><td><strong>HOQUEI CLUB SANT JUST<\/strong><\/td><\/tr><tr><td><img loading=\"lazy\" decoding=\"async\" width=\"1366\" height=\"500\" class=\"wp-image-2369\" style=\"width: 150px\" src=\"https:\/\/webs.uab.cat\/gepe\/wp-content\/uploads\/sites\/239\/2023\/03\/RCD-MALLORCA.jpg\" alt=\"\" srcset=\"https:\/\/webs.uab.cat\/gepe\/wp-content\/uploads\/sites\/239\/2023\/03\/RCD-MALLORCA.jpg 1366w, https:\/\/webs.uab.cat\/gepe\/wp-content\/uploads\/sites\/239\/2023\/03\/RCD-MALLORCA-300x110.jpg 300w, https:\/\/webs.uab.cat\/gepe\/wp-content\/uploads\/sites\/239\/2023\/03\/RCD-MALLORCA-1024x375.jpg 1024w, https:\/\/webs.uab.cat\/gepe\/wp-content\/uploads\/sites\/239\/2023\/03\/RCD-MALLORCA-768x281.jpg 768w, https:\/\/webs.uab.cat\/gepe\/wp-content\/uploads\/sites\/239\/2023\/03\/RCD-MALLORCA-1200x439.jpg 1200w\" sizes=\"auto, (max-width: 1366px) 100vw, 1366px\" \/><\/td><td><strong>REAL CLUB ESPORTIU MALLORCA<\/strong><\/td><\/tr><tr><td><img loading=\"lazy\" decoding=\"async\" width=\"369\" height=\"343\" class=\"wp-image-2372\" style=\"width: 150px\" src=\"https:\/\/webs.uab.cat\/gepe\/wp-content\/uploads\/sites\/239\/2023\/03\/logotipo-equipo-local-1.png\" alt=\"\" srcset=\"https:\/\/webs.uab.cat\/gepe\/wp-content\/uploads\/sites\/239\/2023\/03\/logotipo-equipo-local-1.png 369w, https:\/\/webs.uab.cat\/gepe\/wp-content\/uploads\/sites\/239\/2023\/03\/logotipo-equipo-local-1-300x279.png 300w\" sizes=\"auto, (max-width: 369px) 100vw, 369px\" \/><\/td><td><strong>REAL BETIS BALONCESTO &#8211; FUNDACI\u00d3N ARO<\/strong><\/td><\/tr><tr><td><img loading=\"lazy\" decoding=\"async\" width=\"309\" height=\"163\" class=\"wp-image-2375\" style=\"width: 150px\" src=\"https:\/\/webs.uab.cat\/gepe\/wp-content\/uploads\/sites\/239\/2023\/03\/baixa.png\" alt=\"\" srcset=\"https:\/\/webs.uab.cat\/gepe\/wp-content\/uploads\/sites\/239\/2023\/03\/baixa.png 309w, https:\/\/webs.uab.cat\/gepe\/wp-content\/uploads\/sites\/239\/2023\/03\/baixa-300x158.png 300w\" sizes=\"auto, (max-width: 309px) 100vw, 309px\" \/><\/td><td><strong>FEDERACI\u00d3N GALEGA DE ATLETISMO<\/strong><\/td><\/tr><tr><td><img loading=\"lazy\" decoding=\"async\" width=\"660\" height=\"550\" class=\"wp-image-2378\" style=\"width: 150px\" src=\"https:\/\/webs.uab.cat\/gepe\/wp-content\/uploads\/sites\/239\/2023\/03\/movistar-estudiantes.jpg\" alt=\"\" srcset=\"https:\/\/webs.uab.cat\/gepe\/wp-content\/uploads\/sites\/239\/2023\/03\/movistar-estudiantes.jpg 660w, https:\/\/webs.uab.cat\/gepe\/wp-content\/uploads\/sites\/239\/2023\/03\/movistar-estudiantes-300x250.jpg 300w\" sizes=\"auto, (max-width: 660px) 100vw, 660px\" \/><\/td><td><strong>BALONCESTO ESTUDIANTES<\/strong><\/td><\/tr><tr><td><img loading=\"lazy\" decoding=\"async\" width=\"300\" height=\"157\" class=\"wp-image-2381\" style=\"width: 150px\" src=\"https:\/\/webs.uab.cat\/gepe\/wp-content\/uploads\/sites\/239\/2023\/03\/logo_proad_r1-300x157-1.jpg\" alt=\"\"><\/td><td><strong>PROGRAMA DE ATENCI\u00d3N AL DEPORTISTA &#8211; <\/strong><br><strong>CONSEJO SUPERIOR DE DEPORTES<\/strong><\/td><\/tr><\/tbody><\/table><\/figure>\n","protected":false},"excerpt":{"rendered":"<p>Investigadors i investigadores SUSANA REG\u00dcELAXAVIER BALIUSJOAN VIVES JOAN PONS PAUL WYLLEMANKOEN DE BRANDTJOLAN KEGELAERS ELENA CONDE JOS\u00c9 MAR\u00cdA L\u00d3PEZ-CHAMORRO FRANCESCA VITALI ISABEL CASTILLOOCTAVIO \u00c1LVAREZIRENE CHECAJAVIER MONFORTE CRISTINA L\u00d3PEZ DE SUBIJANA JUAN GONZ\u00c1LEZD\u00c9BORA GODOY TOM\u00c1S GARC\u00cdA-CALVOINMACULADA GONZ\u00c1LEZ-PONCE MAR\u00cdA DOLORES GONZ\u00c1LEZ ROCI\u00d3 BOH\u00d3RQUEZ Entitats esportives CENTRE D&#8217;ALT RENDIMENT DE SANT CUGAT VILLARREAL CLUB DE FUTBOL CLUB NATACI\u00d3 [&hellip;]<\/p>\n","protected":false},"author":44,"featured_media":0,"parent":0,"menu_order":0,"comment_status":"closed","ping_status":"closed","template":"","meta":{"footnotes":""},"class_list":["post-1877","page","type-page","status-publish","hentry"],"_links":{"self":[{"href":"https:\/\/webs.uab.cat\/gepe\/wp-json\/wp\/v2\/pages\/1877","targetHints":{"allow":["GET"]}}],"collection":[{"href":"https:\/\/webs.uab.cat\/gepe\/wp-json\/wp\/v2\/pages"}],"about":[{"href":"https:\/\/webs.uab.cat\/gepe\/wp-json\/wp\/v2\/types\/page"}],"author":[{"embeddable":true,"href":"https:\/\/webs.uab.cat\/gepe\/wp-json\/wp\/v2\/users\/44"}],"replies":[{"embeddable":true,"href":"https:\/\/webs.uab.cat\/gepe\/wp-json\/wp\/v2\/comments?post=1877"}],"version-history":[{"count":1,"href":"https:\/\/webs.uab.cat\/gepe\/wp-json\/wp\/v2\/pages\/1877\/revisions"}],"predecessor-version":[{"id":2384,"href":"https:\/\/webs.uab.cat\/gepe\/wp-json\/wp\/v2\/pages\/1877\/revisions\/2384"}],"wp:attachment":[{"href":"https:\/\/webs.uab.cat\/gepe\/wp-json\/wp\/v2\/media?parent=1877"}],"curies":[{"name":"wp","href":"https:\/\/api.w.org\/{rel}","templated":true}]}}