{"id":1861,"date":"2024-01-10T12:07:28","date_gmt":"2024-01-10T12:07:28","guid":{"rendered":"https:\/\/webs.uab.cat\/getcc\/?page_id=1861"},"modified":"2024-12-02T18:54:33","modified_gmt":"2024-12-02T18:54:33","slug":"eduard-bartoll","status":"publish","type":"page","link":"https:\/\/webs.uab.cat\/getcc\/eduard-bartoll\/","title":{"rendered":"Eduard Bartoll"},"content":{"rendered":"\n<blockquote class=\"wp-block-quote is-layout-flow wp-block-quote-is-layout-flow\">\n<p>Universitat Aut\u00f2noma de Barcelona<\/p>\n\n\n\n<p>Eduard.Bartoll@uab.cat<\/p>\n\n\n\n<p>ORCID iD:&nbsp;0000-0001-9909-7954<\/p>\n<\/blockquote>\n\n\n\n<p><\/p>\n\n\n\n<p>Llicenciat en Filologia Catalana per la Universitat de Barcelona (1987) i doctor en traducci\u00f3 per la Universitat Pompeu Fabra (2008). Actualment treballa a la Universitat Aut\u00f2noma de Barcelona, com a professor de llengua alemanya, i tamb\u00e9 imparteix classes al Postgrau de Correcci\u00f3 i d&#8217;Assessorament als Mitjans. Durant 15 anys va impartir classes al M\u00e0ster en Traducci\u00f3 Audiovisual presencial i virtual, que tamb\u00e9 va coordinar durant dos anys.<\/p>\n\n\n\n<p>Ha impartit cursos en altres institucions com la Universitat Pompeu Fabra de Barcelona, el SIC i la Universitat Rovira i Virgili de Tarragona, aix\u00ed com al M\u00e0ster en Normalitzaci\u00f3 del Sard a Nuoro (Sardenya) i a la versi\u00f3 virtual del M\u00e0ster en Traducci\u00f3 Audiovisual, la Universitat de Heidelberg, la Universitat de Leipzig.<\/p>\n\n\n\n<p>Participa sovint en congressos internacionals sobretot dedicats a la traducci\u00f3 audiovisual i a l&#8217;oralitat.<\/p>\n\n\n\n<p>Treballa regularment com a traductor, sobretot de l\u2019alemany i de l\u2019angl\u00e8s, per\u00f2 tamb\u00e9 del franc\u00e8s, del portugu\u00e8s i de l\u2019itali\u00e0, del catal\u00e0 i l\u2019espanyol, i est\u00e0 especialitzat en subtitulaci\u00f3, encara que tamb\u00e9 tradueix obres de teatre, tant escrites per ser representades, com mitjan\u00e7ant sobret\u00edtols, per a muntatges que es representen. T\u00e9 el certificat per a traduir de l&#8217;alemany per a Televisi\u00f3 de Catalunya. Ha subtitulat m\u00e9s de 600 pel\u00b7l\u00edcules, ha sobretitulat unes 30 obres de teatre i ha tradu\u00eft m\u00e9s de 35 obres de teatre escrites, sobretot de l\u2019alemany al catal\u00e0.<\/p>\n\n\n\n<h2 class=\"wp-block-heading\">Publicacions<\/h2>\n\n\n\n<p>2024 \u00abLa (re)creaci\u00f3 de l&#8217;oralitat en la subtitulaci\u00f3\u00bb dins <em>Col\u00b7loquial(s). Estudis de l\u2019\u00fas del catal\u00e0 actual<\/em>. Leipzig: Leipzigeruniversit\u00e4tsverlag [en premsa].<\/p>\n\n\n\n<p>2019 <a href=\"https:\/\/raco.cat\/index.php\/MonTI\/article\/view\/367833\">\u00abGollum\u2019s linguistic precious. The use of idiolect in the depiction of the identity of fictional characters and its translation for dubbing\u00bb \u00abEl tesoro ling\u00fc\u00edstico de Gollum. El uso del idiolecto en la caracterizaci\u00f3n de la identidad de los personajes de ficci\u00f3n y su traducci\u00f3n para el doblaje\u00bb<\/a>. <em>MONTI Special Issue 4 (2019) MULTILING\u00dcISMO Y REPRESENTACI\u00d3N DE LAS IDENTIDADES EN TEXTOS AUDIOVISUALES <\/em>p. 343-370 [amb Guillermo Parra].<\/p>\n\n\n\n<p>2015 <a href=\"https:\/\/www.editorialuoc.com\/introduccion-a-la-traduccion-audiovisual\"><em>Introducci\u00f3n a la traducci\u00f3n audiovisual<\/em>.<\/a> Barcelona: Editorial UOC.<\/p>\n\n\n\n<p>2015 \u00abLa wikipedia va a la universidad: la formaci\u00f3n de tradupedistas\u00bb. <em><a href=\"https:\/\/www.calameo.com\/read\/0044043775976c5cd5980\">Actas IV Congreso Sociedad Espa\u00f1ola de Lenguas Modernas<\/a><\/em>. Sevilla: Bienza, p. 75-81 [amb Anjana Mart\u00ednez].<\/p>\n\n\n\n<p>2014: \u00abAccessibility in Theater\u00bb. Dins: Griesel, Y. (ed.). <em>Welttheater verstehen<\/em>. Berl\u00edn: Alexander Verlag, p. 165-177.<\/p>\n\n\n\n<p>2013 \u00abLa sobretitulaci\u00f3 de cl\u00e0ssics teatrals estrangers\u00bb. Dins: Verdaguer, M. \u00c0ngels (ed.) <em>Traduir els cl\u00e0ssics, antics i moderns<\/em>. Barcelona: Publicacions de l&#8217;Abadia de Montserrat, p. 71-88.<\/p>\n\n\n\n<p>2012 <a href=\"https:\/\/filmoteca.cat\/web\/en\/node\/39366\"><em>La subtitulaci\u00f3. Aspectes te\u00f2rics i pr\u00e0ctics<\/em>.<\/a> Vic: Eumo.<\/p>\n\n\n\n<p>2012 <a href=\"https:\/\/raco.cat\/index.php\/QuadernsTraduccio\/article\/view\/256900\">\u00abLa sobretitulaci\u00f3 d&#8217;obres teatrals\u00bb<\/a>. <em>Quaderns. Revista de Traducci\u00f3<\/em>, 19, p. 31-41.<\/p>\n\n\n\n<p>2012 <a href=\"https:\/\/books.google.es\/books?hl=ca&amp;lr=&amp;id=z7FsDQAAQBAJ&amp;oi=fnd&amp;pg=PA1&amp;dq=la+subtitulaci%C3%B3n+en+espa%C3%B1a:+un+panorama+en+transformaci%C3%B3n&amp;ots=VATNIamlyb&amp;sig=jDRQG7lisrgKqTWbMqTFNr7zH00&amp;redir_esc=y#v=onepage&amp;q=la%20subtitulaci%C3%B3n%20en%20espa%C3%B1a%3A%20un%20panorama%20en%20transformaci%C3%B3n&amp;f=false\">\u00abLa subtitulaci\u00f3n en Espa\u00f1a: un panorama en transformaci\u00f3n\u00bb<\/a>. Dins Mart\u00ednez, Juan Jos\u00e9 (ed.). <em>Reflexiones sobre la traducci\u00f3n audiovisual. Tres espectros, tres momentos<\/em>. Val\u00e8ncia: Universitat de Val\u00e8ncia p. 69-79.<\/p>\n\n\n\n<p>2012 \u00abRecreating colloquial German into Catalan in theatre plays for young people\u00bb. Dins Fischer, Martin; Wirf, Maria (eds.). <em>Translating Fictional Dialogue for Children and<\/em> <em>Young People<\/em>. Berl\u00edn: Frank &amp; Timme, p. 395-414.<\/p>\n\n\n\n<p>2011 <a href=\"https:\/\/mapaccess.uab.cat\/index.php\/publications\/book-chapter\/surtitling-catalan-classic-foreign-theatre-plays\">\u00abThe Surtitling in Catalan of Classic Foreign Theatre Plays\u00bb<\/a> Dins: Incalaterra McLoughlin, Laura, Biscio, Marie i N\u00ed Mhainn\u00edn, \u00c1ine (eds.). <em>Audiovisual Translation:<\/em> <em>Subtitles and Subtitling: Theory and Practice (New Trends in Translation Studies, vol.<\/em> <em>9)<\/em>. Berna: Peter Lang, p. 87-108.<\/p>\n\n\n\n<p>2010 \u00abMarcas de oralidad en los subt\u00edtulos en catal\u00e1n de la pel\u00edcula Das Leben der Anderen\u00bb. Dins And\u00fajar, G. i Brumme, J. (eds.) <em>Construir, deconstruir y reconstruir. <\/em><em>M\u00edmesis y traducci\u00f3n de la oralidad y la afectividad<\/em>. Berl\u00edn: Frank &amp; Timme, p. 187-217.<\/p>\n\n\n\n<p>2010 <a href=\"https:\/\/mapaccess.uab.cat\/publications\/book-chapter\/positioning-subtitles-deaf-and-hard-hearing\">\u00abThe positioning of subtitles for the deaf and the hard-of-hearing\u00bb<\/a>. Dins: Orero, Pilar i Matamala, Anna (eds.) <em>Listening to subtitles<\/em>. Berna: Peter Lang, p. 69-86 [amb Anjana Mart\u00ednez].<\/p>\n\n\n\n<p>2008 <a href=\"https:\/\/www.researchgate.net\/publication\/290818516_Learning_to_subtitle_online_Learning_environment_exercises_and_evaluation\">\u00abLearning to subtitle online: Learning environment, exercises, and evaluation\u00bb<\/a>. Dins D\u00edaz-Cintas, Jorge (ed.) <em>The Didactics of Audiovisual Translation<\/em>. Amsterdam: John Benjamins Publishing Company, p. 105-114 [amb Pilar Orero].<\/p>\n\n\n\n<p>2007 \u00abTeaching Subtitling On-Line\u00bb. <em>Translation in Ireland<\/em>, Volume 17, number 2. p. 97-105 [amb Pilar Orero].<\/p>\n\n\n\n<p>2006 <a rel=\"noreferrer noopener\" href=\"http:\/\/www.euroconferences.info\/proceedings\/2006_Proceedings\/2006_Bartoll_Eduard.pdf\" target=\"_blank\">\u00abSubtitling Multilingual Films\u00bb<\/a>.<\/p>\n\n\n\n<p>2006 <a rel=\"noreferrer noopener\" href=\"http:\/\/www.languages-media.com\/lang_media_2006\/\" target=\"_blank\">\u00abSubtitling for the Hearing Impaired in Catalan TV\u00bb<\/a>.<\/p>\n\n\n\n<p>2004 \u00abParameters for the classification of subtitles\u00bb. Dins Orero, Pilar (ed.) <em>Topics in Audiovisual Translation<\/em>. Amsterdam: John Benjamins Publishing Company, p.53-60.<\/p>\n\n\n\n<p><\/p>\n\n\n\n<h2 class=\"wp-block-heading\">Traduccions<\/h2>\n\n\n\n<p>2019 Vermes, Timur. <em>Els afamats i els tips<\/em> (<em>Die Hungrigen und die Satten<\/em>). Barcelona: Editorial Columna.<\/p>\n\n\n\n<p>2018 H\u00fcbner, L\u00fctz. <em>Q\u00fcesti\u00f3 d&#8217;honor<\/em> (<em>Ehrensache<\/em>), dins el volum <em>Dramat\u00fargia alemanya contempor\u00e0nia<\/em>, <em>Teatre jove<\/em>. Barcelona: Comanegra i l&#8217;Institut del Teatre.<\/p>\n\n\n\n<p>Carton Ash, Timothy.<em> Orwell i el nostre temps<\/em> (<em>Orwell for our time<\/em>). Barcelona: Centre de Cultura Contempor\u00e0nia de Barcelona.<\/p>\n\n\n\n<p>2008 Hub, Ulrich. <em>A l&#8217;arca a les vuit<\/em> (<em>An der Arche um acht<\/em>), i L\u00fctz H\u00fcbner, <em>Reacci\u00f3<\/em> (<em>Aussetzer<\/em>). Barcelona: Editorial AADPC, Col\u00b7lecci\u00f3 Teatre-Entreacte, n\u00famero 77.<\/p>\n\n\n\n<p>2006 Schimmelpfennig, Roland. <em>Vorher\/Nachher<\/em>, <em>Die arabische Nacht<\/em> i <em>Push ups 1-3<\/em>. Barcelona: En Cartell, n\u00famero 14, RE&amp;MA 12 SL.<\/p>\n\n\n\n<p>2005 Mawil, Markus. <em>Siempre podemos ser amigos<\/em> (<em>Wir k\u00f6nnen ja Freunde bleiben<\/em>). Barcelona: Bang.<\/p>\n\n\n\n<p>G\u00f6rman, Felix. (Flix), <em>H\u00e9roe<\/em> (<em>Held<\/em>). Barcelona: Bang.<\/p>\n\n\n\n<p>2003 Klein, Stefan. <em>La f\u00f3rmula de la felicitat<\/em> (<em>Die Gl\u00fccksformel<\/em>). Barcelona: Columna.<\/p>\n\n\n\n<p>2002 Walser, Theresia. <em>Les filles de King Kong<\/em> (<em>King Kongs T\u00f6chter<\/em>). Barcelona: En Cartell, n\u00famero 2, RE&amp;MA 12 SL.<\/p>\n\n\n\n<p>1994 Cat\u00e0leg sobre Wolf Vostell per a la Palma de Mallorca: Fundaci\u00f3 Pilar i Joan Mir\u00f3 de Palma de Mallorca.<\/p>\n\n\n\n<p><\/p>\n\n\n\n<h2 class=\"wp-block-heading\">Comunicacions i pon\u00e8ncies<\/h2>\n\n\n\n<p>2022 IV Seminari de Qualitat Ling\u00fc\u00edstica als Mitjans de Comunicaci\u00f3, (Universitat de les Illes Balears): \u00abDescripci\u00f3 i funcions de la subtitulaci\u00f3 als territoris de la catalonofonia\u00bb.<\/p>\n\n\n\n<p>III (2018), IV (2019),Tallers de traducci\u00f3 de poesia, organitzats per la Universitat de Leipzig. V (2021) i VI (2022).<\/p>\n\n\n\n<p>2018 III taula rodona L&#8217;an\u00e0lisi dels col\u00b7loquials fingits (Universitat Pompeu Fabra). \u00abLa traducci\u00f3 del col\u00b7loquial en textos audiovisuals (proposta d&#8217;un situacionari)\u00bb.<\/p>\n\n\n\n<p>2017 II taula rodona L&#8217;an\u00e0lisi dels col\u00b7loquials fingits (Universitat Pompeu Fabra). \u00abEl col\u00b7loquial fingit en subtitulaci\u00f3: del text al text passant per l&#8217;oral\u00bb.<\/p>\n\n\n\n<p>2016 I taula rodona L&#8217;an\u00e0lisi dels col\u00b7loquials fingits. (Universitat Pompeu Fabra). \u00abL&#8217;an\u00e0lisi del col\u00b7loquial fingit\u00bb.<\/p>\n\n\n\n<p>2015 VI International Conference Media for All. Audiovisual Translation and Media Accessibility: Global Challenges (University of Sydney). Transmedia Research Group. \u00abSurtitles for the Hard-of-Hearing. Some experiences in Catalan theatres\u00bb.<\/p>\n\n\n\n<p>2014 V Congreso de la Sociedad Espa\u00f1ola de Lenguas Modernas (Universidad de Sevilla).\u00abLa wikipedia va a la universidad: la formaci\u00f3n de tradupedistas\u00bb [amb Anjana Mart\u00ednez].<\/p>\n\n\n\n<p>2014 Translating Fictional Dialogue for Children (Universitat Pompeu Fabra). \u00abRecreating Colloquial German into Catalan in Theatre Plays for Young People\u00bb.<\/p>\n\n\n\n<p>2011 Taller de traducci\u00f3 de teatre contemporani (alemany &#8211; catal\u00e0 i castell\u00e0) (Universitat Pompeu Fabra). \u00abReptes de la traducci\u00f3 del teatre alemany contemporani (Smith &amp; Jauch d&#8217;Oliver Kluck)\u00bb.<\/p>\n\n\n\n<p>2010 LA TRADUCCI\u00d3 EN ESCENA II Jornades Internacionals de Traducci\u00f3 en les Arts Esc\u00e8niques: \u00f2pera i teatre (Universitat Aut\u00f2noma de Barcelona). \u00abLa sobretitulaci\u00f3 d&#8217;obres teatrals\u00bb.<\/p>\n\n\n\n<p>2010 Congr\u00e9s Internacional Traduir els cl\u00e0ssics, antics i moderns (XIV Jornades de Traducci\u00f3 i Interpretaci\u00f3). (Universitat de Vic). \u00abLa sobretitulaci\u00f3 en catal\u00e0 dels cl\u00e0ssics teatrals estrangers\u00bb.<\/p>\n\n\n\n<p>2009 3rd International Media for All Conference &#8220;Quality made to measure&#8221; (Universitat d&#8217;Anvers). P\u00f2ster: \u00abA taxonomy for all audiovisual translation modalities\u00bb.<\/p>\n\n\n\n<p>2009 10th Brazilian Translation Forum\/4th International Translation Forum (Universidade de Ouro Preto). \u00abLos marcadores de oralidad en los textos escritos: el caso de la subtitulaci\u00f3n\u00bb. Taula rodona: \u00abA Tradu\u00e7ao Audiovisual: Legendagem\u00bb.<\/p>\n\n\n\n<p>2008 La traduction audiovisuelle: Approches pluridisciplinaires (Universit\u00e9 Montpellier 3). \u00abGuess who? Identification of characters in SDH\u00bb [amb Anjana Mart\u00ednez].<\/p>\n\n\n\n<p>2008 La traduction audiovisuelle: Approches pluridisciplinaires (Universit\u00e9 Montpellier 3). \u00abGEST 2.0 \u2013 An Example of the Impact of Web 2.0 Technologies on the Creation of ETools for Audiovisual Translators\u00bb [amb Bartolom\u00e9 Mesa].<\/p>\n\n\n\n<p>2008 XIII Euralex International Congress (Universitat Pompeu Fabra). \u00abGest 2.0: A Gestionary of Emblems for Cross-Cultural Communication &amp; Media Accessibility\u00bb [amb Bartolom\u00e9 Mesa].<\/p>\n\n\n\n<p>2007 III Congreso de la Asociaci\u00f3n Ib\u00e9rica de Estudios de Traducci\u00f3n e Interpretaci\u00f3n (Universitat Pompeu Fabra). \u00abTraducci\u00f3 audiovisual on-line: una formaci\u00f3 per a especialistes d&#8217;una nova societat del coneixement\u00bb [amb Carles Dorado].<\/p>\n\n\n\n<p>2007 Cita Trag. \u00abLa subtitulaci\u00f3n de teatro: el sistema Softitler\u00bb.<\/p>\n\n\n\n<p>2007 2nd International Conference &#8220;Media for Al&#8221; &#8211; Text on Screen, text on air (Instituto Polit\u00e9cnico de Leiria). \u00abSize matters, position too: Searching for the ideal subtitle format\u00bb [amb Anjana Mart\u00ednez].<\/p>\n\n\n\n<p>2007 2nd International Conference &#8220;Media for Al&#8221; &#8211; Text on Screen, text on air (Instituto Polit\u00e9cnico de Leiria). \u00abI See What You Mean: The Analysis of Body Language in Media Accessibility\u00bb [amb Bartolom\u00e9 Mesa].<\/p>\n\n\n\n<p>2006 Multidimensional Translation. Audiovisual Translation Scenarios (Universitat de&nbsp; Copenhaguen). Subtitling Multilingual Films\u00bb.<\/p>\n\n\n\n<p>2006 Languages and the Media. 5th International Conference &amp; Exhibition on Language Transfer in Audiovisual Media (Berl\u00edn). \u00abSubtitling for the Hearing Impaired in Catalan TV\u00bb.<\/p>\n\n\n\n<p>2005 Media for All (Unversitat Aut\u00f2noma de Barcelona). \u00abSubtitles for the Hearing and the Hard of Hearing: Two Different Targets?\u00bb.<\/p>\n\n\n\n<p>2004 Jornada sobre el catal\u00e0 col\u2022loquial a la televisi\u00f3 (Universitat Aut\u00f2noma de Barcelona). \u00abLa llengua col\u00b7loquial en el doblatge i la subtitulaci\u00f3\u00bb.<\/p>\n\n\n\n<p>2004 In So Many Words. Language Transfer On the Screen (University of Surrey Roehampton i University of Surrey). \u00abTeaching Subtitling On-line\u00bb [amb Pilar Orero].<\/p>\n\n\n\n<p>2004 I Jornadas de Traducci\u00f3n Profesional: localizaci\u00f3n de software, traducci\u00f3n audiovisual y cient\u00edfico-t\u00e9cnica (Universidad Alfonso X el Sabio). \u00abLas nuevas tecnolog\u00edas y su impacto en la ensa\u00f1anza de la traducci\u00f3n audiovisual: Subtitul@m\u00bb [amb Jordi Mas i Pilar Orero].<\/p>\n\n\n\n<p>2004 VI Congr\u00e9s Internacional de Traducci\u00f3: Ensenyament a dist\u00e0ncia de llengua i traducci\u00f3 (Universitat Aut\u00f2noma de Barcelona). \u00abPresentaci\u00f3 del Postgrau de Traducci\u00f3 Audiovisual on-line\u00bb [amb Pilar Orero].<\/p>\n\n\n\n<p>2004 Languages and the Media. 5th International Conference &amp; Exhibition on Language Transfer in Audiovisual Media (Berl\u00edn). \u00abe-Learning in Audiovisual Translation\u00bb [amb Carles Dorado i Pilar Orero].<\/p>\n\n\n\n<p>2004 Languages and the Media. 5th International Conference &amp; Exhibition on Language Transfer in Audiovisual Media (Berl\u00edn). \u00abWhy Theatre and Opera Translation should be included in the Field of Audiovisual Translation\u00bb.<\/p>\n\n\n\n<p>2001 I Congr\u00e9s SETAM, Estat Actual de l&#8217;Estudi de la Traducci\u00f3 Audiovisual a Espanya (Universitat Pompeu Fabra). \u00abPar\u00e0metres de classificaci\u00f3 dels subt\u00edtols\u00bb.<\/p>\n","protected":false},"excerpt":{"rendered":"<p>Universitat Aut\u00f2noma de Barcelona Eduard.Bartoll@uab.cat ORCID iD:&nbsp;0000-0001-9909-7954 Llicenciat en Filologia Catalana per la Universitat de Barcelona (1987) i doctor en traducci\u00f3 per la Universitat Pompeu Fabra (2008). Actualment treballa a la Universitat Aut\u00f2noma de Barcelona, com a professor de llengua alemanya, i tamb\u00e9 imparteix classes al Postgrau de Correcci\u00f3 i d&#8217;Assessorament als Mitjans. Durant 15 [&hellip;]<\/p>\n","protected":false},"author":68,"featured_media":0,"parent":0,"menu_order":0,"comment_status":"closed","ping_status":"closed","template":"","meta":{"footnotes":""},"class_list":["post-1861","page","type-page","status-publish","hentry"],"_links":{"self":[{"href":"https:\/\/webs.uab.cat\/getcc\/wp-json\/wp\/v2\/pages\/1861","targetHints":{"allow":["GET"]}}],"collection":[{"href":"https:\/\/webs.uab.cat\/getcc\/wp-json\/wp\/v2\/pages"}],"about":[{"href":"https:\/\/webs.uab.cat\/getcc\/wp-json\/wp\/v2\/types\/page"}],"author":[{"embeddable":true,"href":"https:\/\/webs.uab.cat\/getcc\/wp-json\/wp\/v2\/users\/68"}],"replies":[{"embeddable":true,"href":"https:\/\/webs.uab.cat\/getcc\/wp-json\/wp\/v2\/comments?post=1861"}],"version-history":[{"count":9,"href":"https:\/\/webs.uab.cat\/getcc\/wp-json\/wp\/v2\/pages\/1861\/revisions"}],"predecessor-version":[{"id":2205,"href":"https:\/\/webs.uab.cat\/getcc\/wp-json\/wp\/v2\/pages\/1861\/revisions\/2205"}],"wp:attachment":[{"href":"https:\/\/webs.uab.cat\/getcc\/wp-json\/wp\/v2\/media?parent=1861"}],"curies":[{"name":"wp","href":"https:\/\/api.w.org\/{rel}","templated":true}]}}