{"id":2120,"date":"2024-10-25T11:44:24","date_gmt":"2024-10-25T11:44:24","guid":{"rendered":"https:\/\/webs.uab.cat\/getcc\/?page_id=2120"},"modified":"2024-11-21T11:42:57","modified_gmt":"2024-11-21T11:42:57","slug":"jornades-2024","status":"publish","type":"page","link":"https:\/\/webs.uab.cat\/getcc\/jornades-2024\/","title":{"rendered":"Jornades 2024"},"content":{"rendered":"\n<p><strong>XI Jornades sobre Traducci\u00f3 i Literatura<\/strong><\/p>\n\n\n\n<p><strong>Traducci\u00f3, teatre i revolucions<br>16 i 17 d\u2019octubre de 2024<\/strong><\/p>\n\n\n\n<figure class=\"wp-block-image size-large is-resized\"><img loading=\"lazy\" decoding=\"async\" width=\"1024\" height=\"724\" src=\"https:\/\/webs.uab.cat\/getcc\/wp-content\/uploads\/sites\/65\/2024\/10\/XI-Jornades-sobre-Traduccio-i-Literatura-programa_page-0001-1024x724.jpg\" alt=\"\" class=\"wp-image-2124\" style=\"width:786px;height:auto\" srcset=\"https:\/\/webs.uab.cat\/getcc\/wp-content\/uploads\/sites\/65\/2024\/10\/XI-Jornades-sobre-Traduccio-i-Literatura-programa_page-0001-1024x724.jpg 1024w, https:\/\/webs.uab.cat\/getcc\/wp-content\/uploads\/sites\/65\/2024\/10\/XI-Jornades-sobre-Traduccio-i-Literatura-programa_page-0001-300x212.jpg 300w, https:\/\/webs.uab.cat\/getcc\/wp-content\/uploads\/sites\/65\/2024\/10\/XI-Jornades-sobre-Traduccio-i-Literatura-programa_page-0001-768x543.jpg 768w, https:\/\/webs.uab.cat\/getcc\/wp-content\/uploads\/sites\/65\/2024\/10\/XI-Jornades-sobre-Traduccio-i-Literatura-programa_page-0001-1536x1086.jpg 1536w, https:\/\/webs.uab.cat\/getcc\/wp-content\/uploads\/sites\/65\/2024\/10\/XI-Jornades-sobre-Traduccio-i-Literatura-programa_page-0001-1200x849.jpg 1200w, https:\/\/webs.uab.cat\/getcc\/wp-content\/uploads\/sites\/65\/2024\/10\/XI-Jornades-sobre-Traduccio-i-Literatura-programa_page-0001.jpg 1755w\" sizes=\"auto, (max-width: 1024px) 100vw, 1024px\" \/><\/figure>\n\n\n\n<p><\/p>\n\n\n\n<p>Podeu llegir la cr\u00f2nica de les jornades <a href=\"https:\/\/webs.uab.cat\/getcc\/wp-content\/uploads\/sites\/65\/2024\/11\/Cronica1_XI-Jornades-Traduccio-Literatura_UAB.pdf\" target=\"_blank\" rel=\"noreferrer noopener\">aqu\u00ed<\/a>.<\/p>\n\n\n\n<p>Podeu veure les jornades aqu\u00ed: <a href=\"https:\/\/www.youtube.com\/watch?v=Od5eWFn3EoY\">Jornades 1<\/a>, <a href=\"https:\/\/www.youtube.com\/watch?v=ZbiDQAMh3uc\">Jornades 2<\/a>.<\/p>\n\n\n\n<p><\/p>\n","protected":false},"excerpt":{"rendered":"<p>XI Jornades sobre Traducci\u00f3 i Literatura Traducci\u00f3, teatre i revolucions16 i 17 d\u2019octubre de 2024 Podeu llegir la cr\u00f2nica de les jornades aqu\u00ed. Podeu veure les jornades aqu\u00ed: Jornades 1, Jornades 2.<\/p>\n","protected":false},"author":68,"featured_media":0,"parent":0,"menu_order":0,"comment_status":"closed","ping_status":"closed","template":"","meta":{"footnotes":""},"class_list":["post-2120","page","type-page","status-publish","hentry"],"_links":{"self":[{"href":"https:\/\/webs.uab.cat\/getcc\/wp-json\/wp\/v2\/pages\/2120","targetHints":{"allow":["GET"]}}],"collection":[{"href":"https:\/\/webs.uab.cat\/getcc\/wp-json\/wp\/v2\/pages"}],"about":[{"href":"https:\/\/webs.uab.cat\/getcc\/wp-json\/wp\/v2\/types\/page"}],"author":[{"embeddable":true,"href":"https:\/\/webs.uab.cat\/getcc\/wp-json\/wp\/v2\/users\/68"}],"replies":[{"embeddable":true,"href":"https:\/\/webs.uab.cat\/getcc\/wp-json\/wp\/v2\/comments?post=2120"}],"version-history":[{"count":6,"href":"https:\/\/webs.uab.cat\/getcc\/wp-json\/wp\/v2\/pages\/2120\/revisions"}],"predecessor-version":[{"id":2151,"href":"https:\/\/webs.uab.cat\/getcc\/wp-json\/wp\/v2\/pages\/2120\/revisions\/2151"}],"wp:attachment":[{"href":"https:\/\/webs.uab.cat\/getcc\/wp-json\/wp\/v2\/media?parent=2120"}],"curies":[{"name":"wp","href":"https:\/\/api.w.org\/{rel}","templated":true}]}}