{"id":442,"date":"2013-01-10T17:54:24","date_gmt":"2013-01-10T17:54:24","guid":{"rendered":"https:\/\/webs.uab.cat\/getcc\/altres-titols\/"},"modified":"2025-03-27T08:07:55","modified_gmt":"2025-03-27T08:07:55","slug":"altres-titols","status":"publish","type":"page","link":"https:\/\/webs.uab.cat\/getcc\/altres-titols\/","title":{"rendered":"Altres t\u00edtols"},"content":{"rendered":"\n<p>En aquest apartat recollim les darreres publicacions de membres del grup.<\/p>\n\n\n\n<div class=\"wp-block-media-text is-stacked-on-mobile is-vertically-aligned-center\" style=\"grid-template-columns:33% auto\"><figure class=\"wp-block-media-text__media\"><img decoding=\"async\" src=\"https:\/\/www.pamsa.cat\/wp-content\/uploads\/2021\/09\/53748.jpg\" alt=\"\" \/><\/figure><div class=\"wp-block-media-text__content\">\n<p><strong>Pep Sanz<\/strong><\/p>\n\n\n\n<p><a href=\"https:\/\/www.pamsa.cat\/wp-content\/uploads\/2021\/06\/53748-Andr%C3%A9-Gide.pdf\" target=\"_blank\" rel=\"noopener\"><em>Andr\u00e9 Gide a Catalunya (1900\u20131939)<\/em><\/a> (Ressenya <a href=\"https:\/\/raco.cat\/index.php\/AnuariTrilcat\/article\/view\/401028\/494769\" target=\"_blank\" rel=\"noopener\"><em>Anuari Trilcat<\/em><\/a>)<\/p>\n\n\n\n<p>Publicacions de l\u2019Abadia de Montserrat<\/p>\n\n\n\n<p>Col\u00b7lecci\u00f3&nbsp;\u00abTextos i Estudis de Cultura Catalana\u00bb, 248, 2021<\/p>\n\n\n\n<p>ISBN:&nbsp;978-84-9191-195-1<\/p>\n\n\n\n<p>264 p., 21 x 15 cm<\/p>\n<\/div><\/div>\n\n\n\n<p><\/p>\n\n\n\n<p><em>\u200b<\/em><\/p>\n\n\n\n<div class=\"wp-block-media-text is-stacked-on-mobile is-vertically-aligned-center\" style=\"grid-template-columns:34% auto\"><figure class=\"wp-block-media-text__media\"><img loading=\"lazy\" decoding=\"async\" width=\"300\" height=\"424\" src=\"https:\/\/webs.uab.cat\/getcc\/wp-content\/uploads\/sites\/65\/2013\/01\/978849803966.jpg\" alt=\"\" class=\"wp-image-406 size-full\" srcset=\"https:\/\/webs.uab.cat\/getcc\/wp-content\/uploads\/sites\/65\/2013\/01\/978849803966.jpg 300w, https:\/\/webs.uab.cat\/getcc\/wp-content\/uploads\/sites\/65\/2013\/01\/978849803966-212x300.jpg 212w\" sizes=\"auto, (max-width: 300px) 100vw, 300px\" \/><\/figure><div class=\"wp-block-media-text__content\">\n<p><strong>Lara Estany<\/strong><\/p>\n\n\n\n<p><em><a href=\"https:\/\/llibreria.diba.cat\/cat\/libro\/del-silenci-a-la-represa_65037\" target=\"_blank\" rel=\"noopener\">Del silenci a la represa. La censura en la traducci\u00f3 catalana durant el franquisme<\/a> <\/em>(Ressenya <a href=\"https:\/\/revistes.uab.cat\/quaderns\/article\/view\/v29-cunill\/71-pdf-ca\" target=\"_blank\" rel=\"noopener\"><em>Quaderns. Revista de Traducci\u00f3<\/em><\/a>; Ressenya&nbsp;<a href=\"https:\/\/www.catorze.cat\/biblioteca\/traduir-en-temps-de-censura-167906\/\" target=\"_blank\" rel=\"noopener\">Catorze<\/a>; Ressenya&nbsp;<a href=\"https:\/\/www.nuvol.com\/llibres\/assaig\/traduccio-catalana-contra-el-franquisme-210832\" target=\"_blank\" rel=\"noopener\">N\u00favol<\/a>)<\/p>\n\n\n\n<p>Diputaci\u00f3 de Barcelona, Institut d&#8217;Estudis Catalans<\/p>\n\n\n\n<p>Col\u00b7lecci\u00f3&nbsp;\u00abPremi Patxot i Jubert\u00bb, 5, 2021<\/p>\n\n\n\n<p>ISBN:&nbsp;978-84-9803-966-5<\/p>\n\n\n\n<p>407 p., 21 x 15 cm<\/p>\n<\/div><\/div>\n\n\n\n<p><em>\u200b<\/em><\/p>\n\n\n\n<div class=\"wp-block-media-text is-stacked-on-mobile is-vertically-aligned-center\" style=\"grid-template-columns:35% auto\"><figure class=\"wp-block-media-text__media\"><img loading=\"lazy\" decoding=\"async\" width=\"214\" height=\"300\" src=\"https:\/\/webs.uab.cat\/getcc\/wp-content\/uploads\/sites\/65\/2013\/01\/0626660_foreign-women-authors-under-fascism-and-francoism_300.jpeg\" alt=\"\" class=\"wp-image-409 size-full\" \/><\/figure><div class=\"wp-block-media-text__content\">\n<p><strong>Diversos autors. Edici\u00f3 a c\u00e0rrec de Pilar Godayol&nbsp;i Annarita Taronna<\/strong><\/p>\n\n\n\n<p><a href=\"https:\/\/www.cambridgescholars.com\/foreign-women-authors-under-fascism-and-francoism\" target=\"_blank\" rel=\"noopener\"><em>Foreign Women Authors under Fascism and Francoism. Gender, Translation and Censorship<\/em><\/a><\/p>\n\n\n\n<p>Cambridge Scholars Publishing, 2018<\/p>\n\n\n\n<p>ISBN:&nbsp;978-1-5275-0665-7<\/p>\n\n\n\n<p>225 p., 21 x 15 cm<\/p>\n\n\n\n<p>Participaci\u00f3 de membres del GETCC:<\/p>\n\n\n\n<p><em>&nbsp; &nbsp; &nbsp;&#8211;&nbsp;<\/em>Pilar Godayol.<em>&nbsp;Catalan Women Translators under Francoism: (Self-)censorship, Exile and Silence\u200b<\/em><\/p>\n<\/div><\/div>\n\n\n\n<div class=\"wp-block-media-text is-stacked-on-mobile is-vertically-aligned-center\" style=\"grid-template-columns:36% auto\"><figure class=\"wp-block-media-text__media\"><img loading=\"lazy\" decoding=\"async\" width=\"457\" height=\"640\" src=\"https:\/\/webs.uab.cat\/getcc\/wp-content\/uploads\/sites\/65\/2013\/01\/00000100.jpg\" alt=\"\" class=\"wp-image-412 size-full\" srcset=\"https:\/\/webs.uab.cat\/getcc\/wp-content\/uploads\/sites\/65\/2013\/01\/00000100.jpg 457w, https:\/\/webs.uab.cat\/getcc\/wp-content\/uploads\/sites\/65\/2013\/01\/00000100-214x300.jpg 214w\" sizes=\"auto, (max-width: 457px) 100vw, 457px\" \/><\/figure><div class=\"wp-block-media-text__content\">\n<p><strong>Diversos autors. Edici\u00f3 a c\u00e0rrec d&#8217;Eusebi Coromina i Ramon Pinyol<\/strong><\/p>\n\n\n\n<p><em>Literatura catalana contempor\u00e0nia: cr\u00edtica, transmissi\u00f3 textual i did\u00e0ctica<\/em><\/p>\n\n\n\n<p>Institut d&#8217;Estudis Catalans \/ Societat Catalana de Llengua i Literatura \/ Universitat Aut\u00f2noma de Barcelona<\/p>\n\n\n\n<p>Col\u00b7lecci\u00f3 \u00abTreballs de la Societat Catalana de Llengua i Literatura\u00bb, 11, 2016<\/p>\n\n\n\n<p>ISBN:&nbsp;978-84-9965-301-3 (IEC); 978-84-9432-867-1 (UVic)&nbsp;<\/p>\n\n\n\n<p>200 p., 21 x 15 cm<\/p>\n\n\n\n<p>Participaci\u00f3 de membres del GETCC:<\/p>\n\n\n\n<p><em>&nbsp; &nbsp; &nbsp;&#8211;&nbsp;<\/em>Montserrat Franquesa.<em>&nbsp;La Fundaci\u00f3 Bernat Metge sota el franquisme. L&#8217;escenari de la represa (1939-1942)<\/em><\/p>\n<\/div><\/div>\n\n\n\n<div class=\"wp-block-media-text is-stacked-on-mobile is-vertically-aligned-center\" style=\"grid-template-columns:35% auto\"><figure class=\"wp-block-media-text__media\"><img loading=\"lazy\" decoding=\"async\" width=\"1150\" height=\"1654\" src=\"https:\/\/webs.uab.cat\/getcc\/wp-content\/uploads\/sites\/65\/2013\/01\/71lxfsrisl.jpg\" alt=\"\" class=\"wp-image-415 size-full\" srcset=\"https:\/\/webs.uab.cat\/getcc\/wp-content\/uploads\/sites\/65\/2013\/01\/71lxfsrisl.jpg 1150w, https:\/\/webs.uab.cat\/getcc\/wp-content\/uploads\/sites\/65\/2013\/01\/71lxfsrisl-209x300.jpg 209w, https:\/\/webs.uab.cat\/getcc\/wp-content\/uploads\/sites\/65\/2013\/01\/71lxfsrisl-712x1024.jpg 712w, https:\/\/webs.uab.cat\/getcc\/wp-content\/uploads\/sites\/65\/2013\/01\/71lxfsrisl-768x1105.jpg 768w, https:\/\/webs.uab.cat\/getcc\/wp-content\/uploads\/sites\/65\/2013\/01\/71lxfsrisl-1068x1536.jpg 1068w\" sizes=\"auto, (max-width: 1150px) 100vw, 1150px\" \/><\/figure><div class=\"wp-block-media-text__content\">\n<p><strong>Laura Vilardell (ed.)<\/strong><\/p>\n\n\n\n<p><em>Traducci\u00f3 i censura en el franquisme<\/em><\/p>\n\n\n\n<p>Publicacions de l&#8217;Abadia de Montserrat<\/p>\n\n\n\n<p>Col\u00b7lecci\u00f3 \u00abBiblioteca Mil\u00e0 i Fontanals\u00bb, 2016<\/p>\n\n\n\n<p>ISBN: 978-84-9883-818-3<\/p>\n\n\n\n<p>Participaci\u00f3 de membres del GETCC:&nbsp;Mireia Sopena,&nbsp;Jordi Jan\u00e9-Llig\u00e9&nbsp;i Jordi Cornell\u00e0-Detrell&nbsp;<\/p>\n<\/div><\/div>\n\n\n\n<p><\/p>\n\n\n\n<div class=\"wp-block-media-text is-stacked-on-mobile is-vertically-aligned-center\" style=\"grid-template-columns:34% auto\"><figure class=\"wp-block-media-text__media\"><img loading=\"lazy\" decoding=\"async\" width=\"1996\" height=\"2560\" src=\"https:\/\/webs.uab.cat\/getcc\/wp-content\/uploads\/sites\/65\/2013\/01\/haiku-scaled.jpg\" alt=\"\" class=\"wp-image-418 size-full\" srcset=\"https:\/\/webs.uab.cat\/getcc\/wp-content\/uploads\/sites\/65\/2013\/01\/haiku-scaled.jpg 1996w, https:\/\/webs.uab.cat\/getcc\/wp-content\/uploads\/sites\/65\/2013\/01\/haiku-234x300.jpg 234w, https:\/\/webs.uab.cat\/getcc\/wp-content\/uploads\/sites\/65\/2013\/01\/haiku-798x1024.jpg 798w, https:\/\/webs.uab.cat\/getcc\/wp-content\/uploads\/sites\/65\/2013\/01\/haiku-768x985.jpg 768w, https:\/\/webs.uab.cat\/getcc\/wp-content\/uploads\/sites\/65\/2013\/01\/haiku-1197x1536.jpg 1197w, https:\/\/webs.uab.cat\/getcc\/wp-content\/uploads\/sites\/65\/2013\/01\/haiku-1597x2048.jpg 1597w, https:\/\/webs.uab.cat\/getcc\/wp-content\/uploads\/sites\/65\/2013\/01\/haiku-1200x1539.jpg 1200w, https:\/\/webs.uab.cat\/getcc\/wp-content\/uploads\/sites\/65\/2013\/01\/haiku-1980x2540.jpg 1980w\" sizes=\"auto, (max-width: 1996px) 100vw, 1996px\" \/><\/figure><div class=\"wp-block-media-text__content\">\n<p><strong>Diversos autors. Edici\u00f3 a c\u00e0rrec de Jordi Mas<\/strong><\/p>\n\n\n\n<p><em>L&#8217;haiku en llengua catalana<\/em><\/p>\n\n\n\n<p>Obrador Ed\u00e8ndum<\/p>\n\n\n\n<p>Col\u00b7lecci\u00f3 \u00abEscriny. Tradici\u00f3 i cr\u00edtica\u00bb, 5, 2014<\/p>\n\n\n\n<p>ISBN: 978-84-939169-9-2 \/\/ 200 p., 21 x 16 cm<\/p>\n\n\n\n<p>Participaci\u00f3 de membres del GETCC:<\/p>\n\n\n\n<p>&nbsp;&nbsp;&nbsp;&nbsp;&nbsp;<em>&#8211;<\/em>&nbsp;Merc\u00e8 Altimir.&nbsp;<em>La transmissi\u00f3 de l&#8217;haiku: d&#8217;escriptures i de passos fronterers<\/em><\/p>\n\n\n\n<p><em>&nbsp;&nbsp;&nbsp;&nbsp; &#8211;&nbsp;<\/em>Jordi Mas.<em>&nbsp;<em>Presentaci\u00f3<\/em><\/em><\/p>\n\n\n\n<p>&nbsp;&nbsp;&nbsp;&nbsp; &#8211; Francesc Parcerisas.&nbsp;<em>Sota la influ\u00e8ncia de Bash\u00f4. Un text poc conegut de Josep Miquel Sobrer<\/em><\/p>\n<\/div><\/div>\n\n\n\n<div class=\"wp-block-media-text is-stacked-on-mobile is-vertically-aligned-center\" style=\"grid-template-columns:33% auto\"><figure class=\"wp-block-media-text__media\"><img loading=\"lazy\" decoding=\"async\" width=\"604\" height=\"1000\" src=\"https:\/\/webs.uab.cat\/getcc\/wp-content\/uploads\/sites\/65\/2013\/01\/Sense-mans.jpg\" alt=\"\" class=\"wp-image-421 size-full\" srcset=\"https:\/\/webs.uab.cat\/getcc\/wp-content\/uploads\/sites\/65\/2013\/01\/Sense-mans.jpg 604w, https:\/\/webs.uab.cat\/getcc\/wp-content\/uploads\/sites\/65\/2013\/01\/Sense-mans-181x300.jpg 181w\" sizes=\"auto, (max-width: 604px) 100vw, 604px\" \/><\/figure><div class=\"wp-block-media-text__content\">\n<p><strong>Francesc Parcerisas<\/strong><\/p>\n\n\n\n<p><em><a href=\"https:\/\/www.documenta-bcn.com\/products\/190445-sense-mans.html\" target=\"_blank\" rel=\"noreferrer noopener\">Sense mans: met\u00e0fores i papers sobre la traducci\u00f3<\/a><\/em><\/p>\n\n\n\n<p>Gal\u00e0xia Gutenberg<\/p>\n\n\n\n<p>Col\u00b7lecci\u00f3 \u00abLlibres en catal\u00e0\u00bb, 2013<\/p>\n\n\n\n<p>ISBN:&nbsp;978-84-15863-11-3<\/p>\n\n\n\n<p>208 p., 21 x 113 cm<\/p>\n<\/div><\/div>\n\n\n\n<p><\/p>\n\n\n\n<div class=\"wp-block-media-text is-stacked-on-mobile\" style=\"grid-template-columns:36% auto\"><figure class=\"wp-block-media-text__media\"><img loading=\"lazy\" decoding=\"async\" width=\"1871\" height=\"2560\" src=\"https:\/\/webs.uab.cat\/getcc\/wp-content\/uploads\/sites\/65\/2013\/01\/Gescanntes-Bild-3-scaled.jpg\" alt=\"\" class=\"wp-image-424 size-full\" srcset=\"https:\/\/webs.uab.cat\/getcc\/wp-content\/uploads\/sites\/65\/2013\/01\/Gescanntes-Bild-3-scaled.jpg 1871w, https:\/\/webs.uab.cat\/getcc\/wp-content\/uploads\/sites\/65\/2013\/01\/Gescanntes-Bild-3-219x300.jpg 219w, https:\/\/webs.uab.cat\/getcc\/wp-content\/uploads\/sites\/65\/2013\/01\/Gescanntes-Bild-3-749x1024.jpg 749w, https:\/\/webs.uab.cat\/getcc\/wp-content\/uploads\/sites\/65\/2013\/01\/Gescanntes-Bild-3-768x1051.jpg 768w, https:\/\/webs.uab.cat\/getcc\/wp-content\/uploads\/sites\/65\/2013\/01\/Gescanntes-Bild-3-1123x1536.jpg 1123w, https:\/\/webs.uab.cat\/getcc\/wp-content\/uploads\/sites\/65\/2013\/01\/Gescanntes-Bild-3-1497x2048.jpg 1497w, https:\/\/webs.uab.cat\/getcc\/wp-content\/uploads\/sites\/65\/2013\/01\/Gescanntes-Bild-3-1200x1641.jpg 1200w\" sizes=\"auto, (max-width: 1871px) 100vw, 1871px\" \/><\/figure><div class=\"wp-block-media-text__content\">\n<p><strong>Montserrat Franquesa<\/strong><\/p>\n\n\n\n<p><em><a href=\"https:\/\/www.pamsa.cat\/la-fundacio-bernat-metge-una-obra-de-pais-19231938-9788498836127\/\" data-type=\"link\" data-id=\"https:\/\/www.pamsa.cat\/la-fundacio-bernat-metge-una-obra-de-pais-19231938-9788498836127\/\" target=\"_blank\" rel=\"noreferrer noopener\">La Fundaci\u00f3 Bernat Metge, una obra de pa\u00eds (1923-1938)<\/a><\/em><\/p>\n\n\n\n<p>Publicacions de l&#8217;Abadia de Montserrat<\/p>\n\n\n\n<p>Col\u00b7lecci\u00f3 \u00abTextos i Estudis de Llengua Catalana\u00bb, 2013<\/p>\n\n\n\n<p>ISBN: 978-84-9883-612-7<\/p>\n\n\n\n<p>304 p., 22 x 15 cm<\/p>\n<\/div><\/div>\n\n\n\n<p><\/p>\n\n\n\n<div class=\"wp-block-media-text is-stacked-on-mobile is-vertically-aligned-top\" style=\"grid-template-columns:36% auto\"><figure class=\"wp-block-media-text__media\"><img loading=\"lazy\" decoding=\"async\" width=\"1724\" height=\"2349\" src=\"https:\/\/webs.uab.cat\/getcc\/wp-content\/uploads\/sites\/65\/2013\/01\/classics.jpg\" alt=\"\" class=\"wp-image-427 size-full\" srcset=\"https:\/\/webs.uab.cat\/getcc\/wp-content\/uploads\/sites\/65\/2013\/01\/classics.jpg 1724w, https:\/\/webs.uab.cat\/getcc\/wp-content\/uploads\/sites\/65\/2013\/01\/classics-220x300.jpg 220w, https:\/\/webs.uab.cat\/getcc\/wp-content\/uploads\/sites\/65\/2013\/01\/classics-752x1024.jpg 752w, https:\/\/webs.uab.cat\/getcc\/wp-content\/uploads\/sites\/65\/2013\/01\/classics-768x1046.jpg 768w, https:\/\/webs.uab.cat\/getcc\/wp-content\/uploads\/sites\/65\/2013\/01\/classics-1127x1536.jpg 1127w, https:\/\/webs.uab.cat\/getcc\/wp-content\/uploads\/sites\/65\/2013\/01\/classics-1503x2048.jpg 1503w, https:\/\/webs.uab.cat\/getcc\/wp-content\/uploads\/sites\/65\/2013\/01\/classics-1200x1635.jpg 1200w\" sizes=\"auto, (max-width: 1724px) 100vw, 1724px\" \/><\/figure><div class=\"wp-block-media-text__content\">\n<p><strong>Diversos autors. Edici\u00f3 a c\u00e0rrec de M. \u00c0ngels Verdaguer<\/strong><\/p>\n\n\n\n<p><em><a href=\"https:\/\/www.pamsa.cat\/traduir-el-classics-antics-i-moderns-9788498835786\/\" target=\"_blank\" rel=\"noreferrer noopener\">Traduir els cl\u00e0ssics, antics i moderns<\/a><\/em><\/p>\n\n\n\n<p>Publicacions de l&#8217;Abadia de Montserrat<\/p>\n\n\n\n<p>Col\u00b7lecci\u00f3 \u00abBiblioteca Mil\u00e0 i Fontanals\u00bb, 2013<\/p>\n\n\n\n<p>ISBN: 978-84-9883-578-6 \/\/ 464 p., 20 x 14 cm<\/p>\n\n\n\n<p>Participaci\u00f3 de membres del GETCC:<\/p>\n\n\n\n<p>&nbsp;&nbsp;&nbsp;&nbsp; &#8211; Merc\u00e8 Altimir.&nbsp;<em>Els miralls a&nbsp;<\/em>L&#8217;armari&nbsp;<em>de Yukio Mishima. La q\u00fcesti\u00f3 del rerefons cultural a les imatges liter\u00e0ries<\/em><\/p>\n\n\n\n<p>&nbsp;&nbsp;&nbsp;&nbsp; &#8211; Montserrat Bacard\u00ed.&nbsp;<em>Un combat contra l&#8217;exili: el&nbsp;<\/em>Mart\u00edn Fierro<em>&nbsp;d&#8217;Enric Mart\u00ed i Muntaner<\/em><\/p>\n\n\n\n<p>&nbsp;&nbsp;&nbsp;&nbsp; &#8211; M. Elena Carn\u00e9.&nbsp;<em>Jordi Arbon\u00e8s, traductor de Henry Miller<\/em><\/p>\n\n\n\n<p>&nbsp;&nbsp;&nbsp; &#8211; Montserrat Franquesa.&nbsp;<em>Autors grecs i llatins en catal\u00e0. Les primeres traduccions de la col\u00b7lecci\u00f3 de la Fundaci\u00f3 Bernat Metge<\/em><\/p>\n<\/div><\/div>\n\n\n\n<p><\/p>\n\n\n\n<div class=\"wp-block-media-text is-stacked-on-mobile is-vertically-aligned-top\" style=\"grid-template-columns:35% auto\"><figure class=\"wp-block-media-text__media\"><img loading=\"lazy\" decoding=\"async\" width=\"1818\" height=\"2463\" src=\"https:\/\/webs.uab.cat\/getcc\/wp-content\/uploads\/sites\/65\/2013\/01\/litecatcontemp.jpg\" alt=\"\" class=\"wp-image-430 size-full\" srcset=\"https:\/\/webs.uab.cat\/getcc\/wp-content\/uploads\/sites\/65\/2013\/01\/litecatcontemp.jpg 1818w, https:\/\/webs.uab.cat\/getcc\/wp-content\/uploads\/sites\/65\/2013\/01\/litecatcontemp-221x300.jpg 221w, https:\/\/webs.uab.cat\/getcc\/wp-content\/uploads\/sites\/65\/2013\/01\/litecatcontemp-756x1024.jpg 756w, https:\/\/webs.uab.cat\/getcc\/wp-content\/uploads\/sites\/65\/2013\/01\/litecatcontemp-768x1040.jpg 768w, https:\/\/webs.uab.cat\/getcc\/wp-content\/uploads\/sites\/65\/2013\/01\/litecatcontemp-1134x1536.jpg 1134w, https:\/\/webs.uab.cat\/getcc\/wp-content\/uploads\/sites\/65\/2013\/01\/litecatcontemp-1512x2048.jpg 1512w, https:\/\/webs.uab.cat\/getcc\/wp-content\/uploads\/sites\/65\/2013\/01\/litecatcontemp-1200x1626.jpg 1200w\" sizes=\"auto, (max-width: 1818px) 100vw, 1818px\" \/><\/figure><div class=\"wp-block-media-text__content\">\n<p><strong>Diversos autors. Edici\u00f3 a c\u00e0rrec de Montserrat Bacard\u00ed, Francesc Foguet i Enric Gall\u00e9n<\/strong><\/p>\n\n\n\n<p><em><a href=\"https:\/\/publicacions.iec.cat\/PopulaFitxa.do?moduleName=&amp;subModuleName=&amp;idCatalogacio=19068\" data-type=\"link\" data-id=\"https:\/\/publicacions.iec.cat\/PopulaFitxa.do?moduleName=&amp;subModuleName=&amp;idCatalogacio=19068\" target=\"_blank\" rel=\"noreferrer noopener\">Literatura catalana contempor\u00e0nia: intertextos, influ\u00e8ncies i relacions<\/a><\/em><\/p>\n\n\n\n<p>Institut d&#8217;Estudis Catalans \/ Societat Catalana de Llengua i Literatura \/ Universitat Aut\u00f2noma de Barcelona<\/p>\n\n\n\n<p>Col\u00b7lecci\u00f3 \u00abTreballs de la Societat Catalana de Llengua i Literatura\u00bb, 8, 2013<\/p>\n\n\n\n<p>ISBN: 978-84-9965-169-9 (IEC); 978-84-940187-3-2 (UAB)<\/p>\n\n\n\n<p>263 p., 21 x 15 cm<\/p>\n\n\n\n<p>Participaci\u00f3 de membres del GETCC:<\/p>\n\n\n\n<p>&nbsp;&nbsp;&nbsp;&nbsp; &#8211; Montserrat Bacard\u00ed. Edici\u00f3 i presentaci\u00f3 [amb Francesc Foguet i Enric Gall\u00e9n]<\/p>\n\n\n\n<p>&nbsp;&nbsp;&nbsp;&nbsp; &#8211; Carles Biosca.&nbsp;<em>Les traduccions de Ionesco al catal\u00e0<\/em><\/p>\n<\/div><\/div>\n\n\n\n<p><\/p>\n\n\n\n<div class=\"wp-block-media-text is-stacked-on-mobile\" style=\"grid-template-columns:34% auto\"><figure class=\"wp-block-media-text__media\"><img loading=\"lazy\" decoding=\"async\" width=\"180\" height=\"261\" src=\"https:\/\/webs.uab.cat\/getcc\/wp-content\/uploads\/sites\/65\/2013\/01\/traduccio-franquisme.png\" alt=\"\" class=\"wp-image-433 size-full\" \/><\/figure><div class=\"wp-block-media-text__content\">\n<p><strong>Montserrat Bacard\u00ed<\/strong><\/p>\n\n\n\n<p><a href=\"https:\/\/www.editorialpunctum.com\/coeditors\/trilcat\/la-traduccio-catalana-sota-el-franquisme\/\" target=\"_blank\" rel=\"noopener\"><em>La traducci\u00f3 catalana sota el franquisme<\/em><\/a><\/p>\n\n\n\n<p>Editorial Punctum<\/p>\n\n\n\n<p>Col\u00b7lecci\u00f3 \u00abQuaderns\u00bb, 5, 2012<\/p>\n\n\n\n<p>Amb la col\u00b7laboraci\u00f3 del Grup d\u2019Estudis de Traducci\u00f3, Recepci\u00f3 i Literatura Catalana (TRILCAT) de la Universitat Pompeu Fabra<\/p>\n\n\n\n<p>ISBN: 978-84-940694-0-6<\/p>\n\n\n\n<p>333 p., 16 x 23,5 cm<\/p>\n<\/div><\/div>\n\n\n\n<p><\/p>\n\n\n\n<div class=\"wp-block-media-text is-stacked-on-mobile is-vertically-aligned-center\" style=\"grid-template-columns:33% auto\"><figure class=\"wp-block-media-text__media\"><img loading=\"lazy\" decoding=\"async\" width=\"180\" height=\"282\" src=\"https:\/\/webs.uab.cat\/getcc\/wp-content\/uploads\/sites\/65\/2013\/01\/diccionaritrad.jpg\" alt=\"\" class=\"wp-image-436 size-full\" \/><\/figure><div class=\"wp-block-media-text__content\">\n<p><strong><strong>Diversos autors. Direcci\u00f3 a c\u00e0rrec de Montserrat Bacard\u00ed i Pilar Godayol<\/strong><\/strong><\/p>\n\n\n\n<p><a href=\"https:\/\/www.visat.cat\/diccionari\" target=\"_blank\" rel=\"noreferrer noopener\"><em>Diccionari de la traducci\u00f3 catalana<\/em><\/a>&nbsp; &nbsp; &nbsp; &nbsp; &nbsp; &nbsp; &nbsp; &nbsp; &nbsp; &nbsp; &nbsp; &nbsp; &nbsp; &nbsp; &nbsp; &nbsp; &nbsp; &nbsp; &nbsp; &nbsp; &nbsp; &nbsp; &nbsp;<\/p>\n\n\n\n<p>Eumo Editorial \/ Universitat Aut\u00f2noma de Barcelona \/ Universitat de les Illes Balears \/ Universitat Jaume I \/ Universitat de Vic, 2011<\/p>\n\n\n\n<p>ISBN: 978-84-9766-396-0 (Eumo); 978-84-8384-189-1 (UIB); 978-84-8021-823-8 (UJI)<\/p>\n\n\n\n<p>700 p.<\/p>\n\n\n\n<p>Participaci\u00f3 de membres del GETCC:<\/p>\n\n\n\n<p>&nbsp;&nbsp;&nbsp;&nbsp; &#8211; Consell assessor: Francesc Parcerisas i Joaquim Sala-Sanahuja<\/p>\n\n\n\n<p>&nbsp;&nbsp;&nbsp;&nbsp; &#8211; Consell de redacci\u00f3: Ram\u00f3n Farr\u00e9s i Judit Fontcuberta&nbsp;<\/p>\n\n\n\n<p>&nbsp; &nbsp; &nbsp;&#8211; Col\u00b7laboradors: Carles Biosca, Carles Castellanos, Dolors Udina, Francesc Parcerisas, Josefina Caball, Judit Fontcuberta, M. Elena Carn\u00e9, Jordi Mas, Joaquim Sala-Sanahuja, Merc\u00e8 Altimir, Montserrat Bacard\u00ed, Montserrat Franquesa, Pilar Godayol, Ram\u00f3n Farr\u00e9s i Teresa Iribarren<\/p>\n<\/div><\/div>\n\n\n\n<p><\/p>\n\n\n\n<div class=\"wp-block-media-text is-stacked-on-mobile is-vertically-aligned-center\" style=\"grid-template-columns:33% auto\"><figure class=\"wp-block-media-text__media\"><img loading=\"lazy\" decoding=\"async\" width=\"300\" height=\"451\" src=\"https:\/\/webs.uab.cat\/getcc\/wp-content\/uploads\/sites\/65\/2013\/01\/impossibilitat.jpg\" alt=\"\" class=\"wp-image-439 size-full\" srcset=\"https:\/\/webs.uab.cat\/getcc\/wp-content\/uploads\/sites\/65\/2013\/01\/impossibilitat.jpg 300w, https:\/\/webs.uab.cat\/getcc\/wp-content\/uploads\/sites\/65\/2013\/01\/impossibilitat-200x300.jpg 200w\" sizes=\"auto, (max-width: 300px) 100vw, 300px\" \/><\/figure><div class=\"wp-block-media-text__content\">\n<p><strong>Diversos autors. Edici\u00f3 a c\u00e0rrec de Montserrat Bacard\u00ed i Pilar Godayol<\/strong><\/p>\n\n\n\n<p><a href=\"https:\/\/www.elcepilanansa.com\/colleccions\/argumenta\/una-impossiblitat-possible-trenta-anys-de-traduccio-als-paisos-catalans-1975-2005\/\" target=\"_blank\" rel=\"noopener\"><em>Una&nbsp;impossibilitat possible. Trenta anys de traducci\u00f3 als Pa\u00efsos Catalans (1975-2005)<\/em><\/a><\/p>\n\n\n\n<p>El Cep i la Nansa, 2010<\/p>\n\n\n\n<p>ISBN:&nbsp;978-84-92745-09-8<\/p>\n\n\n\n<p>272 p., 21 x 14 cm<\/p>\n\n\n\n<p>Participaci\u00f3 de membres del GETCC: Ram\u00f3n Farr\u00e9s, Francesc Parcerisas, Joaquim Sala-Sanahuja i Dolors Udina<\/p>\n<\/div><\/div>\n\n\n\n<p><\/p>\n","protected":false},"excerpt":{"rendered":"<p>En aquest apartat recollim les darreres publicacions de membres del grup. Pep Sanz Andr\u00e9 Gide a Catalunya (1900\u20131939) (Ressenya Anuari Trilcat) Publicacions de l\u2019Abadia de Montserrat Col\u00b7lecci\u00f3&nbsp;\u00abTextos i Estudis de Cultura Catalana\u00bb, 248, 2021 ISBN:&nbsp;978-84-9191-195-1 264 p., 21 x 15 cm \u200b Lara Estany Del silenci a la represa. La censura en la traducci\u00f3 catalana [&hellip;]<\/p>\n","protected":false},"author":20,"featured_media":0,"parent":0,"menu_order":0,"comment_status":"closed","ping_status":"closed","template":"","meta":{"footnotes":""},"class_list":["post-442","page","type-page","status-publish","hentry"],"_links":{"self":[{"href":"https:\/\/webs.uab.cat\/getcc\/wp-json\/wp\/v2\/pages\/442","targetHints":{"allow":["GET"]}}],"collection":[{"href":"https:\/\/webs.uab.cat\/getcc\/wp-json\/wp\/v2\/pages"}],"about":[{"href":"https:\/\/webs.uab.cat\/getcc\/wp-json\/wp\/v2\/types\/page"}],"author":[{"embeddable":true,"href":"https:\/\/webs.uab.cat\/getcc\/wp-json\/wp\/v2\/users\/20"}],"replies":[{"embeddable":true,"href":"https:\/\/webs.uab.cat\/getcc\/wp-json\/wp\/v2\/comments?post=442"}],"version-history":[{"count":4,"href":"https:\/\/webs.uab.cat\/getcc\/wp-json\/wp\/v2\/pages\/442\/revisions"}],"predecessor-version":[{"id":2502,"href":"https:\/\/webs.uab.cat\/getcc\/wp-json\/wp\/v2\/pages\/442\/revisions\/2502"}],"wp:attachment":[{"href":"https:\/\/webs.uab.cat\/getcc\/wp-json\/wp\/v2\/media?parent=442"}],"curies":[{"name":"wp","href":"https:\/\/api.w.org\/{rel}","templated":true}]}}