{"id":678,"date":"2017-05-29T12:57:13","date_gmt":"2017-05-29T12:57:13","guid":{"rendered":"https:\/\/webs.uab.cat\/getcc\/ferran-vargas\/"},"modified":"2017-05-29T12:57:13","modified_gmt":"2017-05-29T12:57:13","slug":"ferran-vargas","status":"publish","type":"page","link":"https:\/\/webs.uab.cat\/getcc\/ferran-vargas\/","title":{"rendered":"Ferran Vargas"},"content":{"rendered":"<p>&nbsp;<\/p>\n<p>Universitat Aut\u00f2noma de Barcelona<\/p>\n<p>Ferran.Devargas@uab.cat<\/p>\n<p>\u00c9s llicenciat en Ci\u00e8ncies Pol\u00edtiques i de l&#8217;Administraci\u00f3 (2013) per la Universitat de Barcelona i m\u00e0ster en Estudis de la Xina i el Jap\u00f3 (2015) per la Universitat Oberta de Catalunya (Premi Extraordinari al millor expedient acad\u00e8mic de la promoci\u00f3). Centra la seva investigaci\u00f3 en les correlacions entre la producci\u00f3 cultural i la ideologia al Jap\u00f3 modern, i treballa en aprofundir el coneixement de la cultura nipona en el context catal\u00e0.<\/p>\n<p>&nbsp;<\/p>\n<p><strong>PUBLICACIONS (Selecci\u00f3)<\/strong><\/p>\n<p>2014&nbsp;<em>Aware <\/em>(V Premi de Poesia Josep Maria Benet i Capar\u00e0).<\/p>\n<p>2014&nbsp;\u00abLa Restauraci\u00f3n Meiji\u00bb.&nbsp;<em>Eikyo: Influencias japonesas,&nbsp;<\/em>13, p. 50-52.<\/p>\n<p>2014&nbsp;\u00abQuan la felicitat es lloga\u00bb.&nbsp;<em>La Directa <\/em>, 2 d&#8217;abril de 2014.<\/p>\n<p>2013&nbsp;\u00abEl \u00faltimo samur\u00e1i\u00bb.&nbsp;<em>Eikyo: Influencias japonesas,&nbsp;<\/em>11, p. 42-43.<\/p>\n<p>2013&nbsp;\u00abLa <em>N\u016bberu B\u0101gu<\/em>\u00bb.&nbsp;<em>Eikyo: Influencias japonesas,&nbsp;<\/em>10, p. 34-36.<\/p>\n<p>2013&nbsp;\u00abSan-ryu-scha. Los rezagados del Pac\u00edfico\u00bb.&nbsp;<em>Eikyo: influencias japonesas,&nbsp;<\/em>9, p. 20-21.<\/p>\n<p>2013&nbsp;\u00abEl d\u00eda que muri\u00f3 Mishima\u00bb.&nbsp;<em>Eikyo: influencias japonesas<\/em>,<em>&nbsp;<\/em>8, p. 24-25.<\/p>\n<p>2012&nbsp;\u00abMayo del \u201968 japon\u00e9s\u00bb.&nbsp;<em>Eikyo: Influencias japonesas,&nbsp;<\/em>7, p. 22-26.<\/p>\n<p>&nbsp;<\/p>\n","protected":false},"excerpt":{"rendered":"<p>&nbsp; Universitat Aut\u00f2noma de Barcelona Ferran.Devargas@uab.cat \u00c9s llicenciat en Ci\u00e8ncies Pol\u00edtiques i de l&#8217;Administraci\u00f3 (2013) per la Universitat de Barcelona i m\u00e0ster en Estudis de la Xina i el Jap\u00f3 (2015) per la Universitat Oberta de Catalunya (Premi Extraordinari al millor expedient acad\u00e8mic de la promoci\u00f3). Centra la seva investigaci\u00f3 en les correlacions entre la [&hellip;]<\/p>\n","protected":false},"author":20,"featured_media":0,"parent":0,"menu_order":0,"comment_status":"closed","ping_status":"closed","template":"","meta":{"footnotes":""},"class_list":["post-678","page","type-page","status-publish","hentry"],"_links":{"self":[{"href":"https:\/\/webs.uab.cat\/getcc\/wp-json\/wp\/v2\/pages\/678","targetHints":{"allow":["GET"]}}],"collection":[{"href":"https:\/\/webs.uab.cat\/getcc\/wp-json\/wp\/v2\/pages"}],"about":[{"href":"https:\/\/webs.uab.cat\/getcc\/wp-json\/wp\/v2\/types\/page"}],"author":[{"embeddable":true,"href":"https:\/\/webs.uab.cat\/getcc\/wp-json\/wp\/v2\/users\/20"}],"replies":[{"embeddable":true,"href":"https:\/\/webs.uab.cat\/getcc\/wp-json\/wp\/v2\/comments?post=678"}],"version-history":[{"count":0,"href":"https:\/\/webs.uab.cat\/getcc\/wp-json\/wp\/v2\/pages\/678\/revisions"}],"wp:attachment":[{"href":"https:\/\/webs.uab.cat\/getcc\/wp-json\/wp\/v2\/media?parent=678"}],"curies":[{"name":"wp","href":"https:\/\/api.w.org\/{rel}","templated":true}]}}