{"id":128,"date":"2009-05-25T13:26:58","date_gmt":"2009-05-25T11:26:58","guid":{"rendered":"https:\/\/webs.uab.cat\/getp\/linies-recerca\/"},"modified":"2024-09-02T09:43:02","modified_gmt":"2024-09-02T07:43:02","slug":"linies-recerca","status":"publish","type":"page","link":"https:\/\/webs.uab.cat\/getp\/linies-recerca\/","title":{"rendered":"L\u00ednies de recerca"},"content":{"rendered":"\n<ul class=\"wp-block-list\">\n<li>Crian\u00e7a i vulnerabilitat sociocultural.<\/li>\n\n\n\n<li>Recerca transcultural al camp del Parentiu. Models socioculturals de procreaci\u00f3 i crian\u00e7a dels fills.<\/li>\n\n\n\n<li>El concepte de crian\u00e7a en etnografia i teoria antropol\u00f2gica.<\/li>\n\n\n\n<li>Circulaci\u00f3 de nens\/nenes i adopci\u00f3 internacional.<\/li>\n\n\n\n<li>Representacions del Parentiu i la Parentalitat M\u00faltiple. Parentiu i Persones sense descend\u00e8ncia directa (infecunditat volunt\u00e0ria o involunt\u00e0ria).<\/li>\n<\/ul>\n","protected":false},"excerpt":{"rendered":"","protected":false},"author":20,"featured_media":0,"parent":0,"menu_order":0,"comment_status":"closed","ping_status":"closed","template":"","meta":{"footnotes":""},"class_list":["post-128","page","type-page","status-publish","hentry"],"_links":{"self":[{"href":"https:\/\/webs.uab.cat\/getp\/wp-json\/wp\/v2\/pages\/128","targetHints":{"allow":["GET"]}}],"collection":[{"href":"https:\/\/webs.uab.cat\/getp\/wp-json\/wp\/v2\/pages"}],"about":[{"href":"https:\/\/webs.uab.cat\/getp\/wp-json\/wp\/v2\/types\/page"}],"author":[{"embeddable":true,"href":"https:\/\/webs.uab.cat\/getp\/wp-json\/wp\/v2\/users\/20"}],"replies":[{"embeddable":true,"href":"https:\/\/webs.uab.cat\/getp\/wp-json\/wp\/v2\/comments?post=128"}],"version-history":[{"count":3,"href":"https:\/\/webs.uab.cat\/getp\/wp-json\/wp\/v2\/pages\/128\/revisions"}],"predecessor-version":[{"id":563,"href":"https:\/\/webs.uab.cat\/getp\/wp-json\/wp\/v2\/pages\/128\/revisions\/563"}],"wp:attachment":[{"href":"https:\/\/webs.uab.cat\/getp\/wp-json\/wp\/v2\/media?parent=128"}],"curies":[{"name":"wp","href":"https:\/\/api.w.org\/{rel}","templated":true}]}}