{"id":5282,"date":"2022-12-11T21:10:49","date_gmt":"2022-12-11T19:10:49","guid":{"rendered":"https:\/\/webs.uab.cat\/gicom\/?page_id=5282"},"modified":"2023-07-20T09:17:54","modified_gmt":"2023-07-20T07:17:54","slug":"xavier-font","status":"publish","type":"page","link":"https:\/\/webs.uab.cat\/gicom\/es\/equipo-gicom\/xavier-font\/","title":{"rendered":"Xavier Font"},"content":{"rendered":"<div class=\"wp-block-image is-style-rounded\">\n<figure class=\"aligncenter size-thumbnail\"><img loading=\"lazy\" decoding=\"async\" width=\"150\" height=\"150\" src=\"https:\/\/webs.uab.cat\/gicom\/wp-content\/uploads\/sites\/206\/2022\/10\/Xavier-Font-150x150.jpg\" alt=\"Image of Xavier Font\" class=\"wp-image-4962\" \/><\/figure>\n<\/div>\n\n\n<hr class=\"wp-block-separator has-css-opacity is-style-default\" \/>\n\n\n\n<p>Es catedr\u00e1tico del Departamento de Ingenier\u00eda Qu\u00edmica, Biol\u00f3gica y Ambiental de la Universitat Aut\u00f2noma de Barcelona. Es bioqu\u00edmico y obtuvo su doctorado en 1997 en la UAB. Ha sido director de la Escuela Universitaria Polit\u00e9cnica del Medio Ambiente de 1998 a 2005, director del Departamento de Ingenier\u00eda Qu\u00edmica de la Universitat Aut\u00f2noma de Barcelona de 2010 a 2013 y subdirector de la Escuela de Ingenier\u00eda de la UAB (2016-2019). Desde 2021, es Coordinador Adjunto del Grado de Ciencias Ambientales de la UAB.<\/p>\n\n\n\n<p>Su investigaci\u00f3n se centra en la valorizaci\u00f3n de residuos s\u00f3lidos org\u00e1nicos mediante compostaje, digesti\u00f3n anaer\u00f3bica y fermentaci\u00f3n en estado s\u00f3lido. Tambi\u00e9n enfoca su investigaci\u00f3n en la evaluaci\u00f3n del impacto ambiental de instalaciones de tratamiento de residuos s\u00f3lidos y en el uso de la nanotecnolog\u00eda para aplicaciones ambientales: uso de nanopart\u00edculas para el tratamiento de aguas residuales, adsorci\u00f3n de gases y uso de nanomateriales como catalizadores.<\/p>\n\n\n\n<p><\/p>\n\n\n\n<div class=\"wp-block-buttons is-layout-flex wp-block-buttons-is-layout-flex\">\n<div class=\"wp-block-button\"><a class=\"wp-block-button__link wp-element-button\" href=\"https:\/\/portalrecerca.uab.cat\/en\/persons\/xavier-font-segura-9\">POrtal de INVESTIGACI\u00d3N UAB<\/a><\/div>\n\n\n\n<div class=\"wp-block-button\"><a class=\"wp-block-button__link wp-element-button\" href=\"https:\/\/orcid.org\/0000-0003-4981-7436\">ORCID<\/a><\/div>\n<\/div>\n\n\n\n<hr class=\"wp-block-separator has-css-opacity is-style-default\" \/>\n","protected":false},"excerpt":{"rendered":"<p>Es catedr\u00e1tico del Departamento de Ingenier\u00eda Qu\u00edmica, Biol\u00f3gica y Ambiental de la Universitat Aut\u00f2noma de Barcelona. Es bioqu\u00edmico y obtuvo su doctorado en 1997 en la UAB. Ha sido director de la Escuela Universitaria Polit\u00e9cnica del Medio Ambiente de 1998 a 2005, director del Departamento de Ingenier\u00eda Qu\u00edmica de la Universitat Aut\u00f2noma de Barcelona de [&hellip;]<\/p>\n","protected":false},"author":153,"featured_media":0,"parent":5516,"menu_order":0,"comment_status":"closed","ping_status":"closed","template":"","meta":{"footnotes":""},"class_list":["post-5282","page","type-page","status-publish","hentry"],"yoast_head":"<!-- This site is optimized with the Yoast SEO plugin v26.8 - https:\/\/yoast.com\/product\/yoast-seo-wordpress\/ -->\n<title>Xavier Font - Grupo de Investigaci\u00f3n en Compostaje<\/title>\n<meta name=\"robots\" content=\"index, follow, max-snippet:-1, max-image-preview:large, max-video-preview:-1\" \/>\n<link rel=\"canonical\" href=\"https:\/\/webs.uab.cat\/gicom\/es\/equipo-gicom\/xavier-font\/\" \/>\n<meta property=\"og:locale\" content=\"es_ES\" \/>\n<meta property=\"og:type\" content=\"article\" \/>\n<meta property=\"og:title\" content=\"Xavier Font - Grupo de Investigaci\u00f3n en Compostaje\" \/>\n<meta property=\"og:description\" content=\"Es catedr\u00e1tico del Departamento de Ingenier\u00eda Qu\u00edmica, Biol\u00f3gica y Ambiental de la Universitat Aut\u00f2noma de Barcelona. Es bioqu\u00edmico y obtuvo su doctorado en 1997 en la UAB. Ha sido director de la Escuela Universitaria Polit\u00e9cnica del Medio Ambiente de 1998 a 2005, director del Departamento de Ingenier\u00eda Qu\u00edmica de la Universitat Aut\u00f2noma de Barcelona de [&hellip;]\" \/>\n<meta property=\"og:url\" content=\"https:\/\/webs.uab.cat\/gicom\/es\/equipo-gicom\/xavier-font\/\" \/>\n<meta property=\"og:site_name\" content=\"Grupo de Investigaci\u00f3n en Compostaje\" \/>\n<meta property=\"article:modified_time\" content=\"2023-07-20T07:17:54+00:00\" \/>\n<meta property=\"og:image\" content=\"https:\/\/webs.uab.cat\/gicom\/wp-content\/uploads\/sites\/206\/2022\/10\/Xavier-Font-150x150.jpg\" \/>\n<meta name=\"twitter:card\" content=\"summary_large_image\" \/>\n<meta name=\"twitter:label1\" content=\"Tiempo de lectura\" \/>\n\t<meta name=\"twitter:data1\" content=\"1 minuto\" \/>\n<script type=\"application\/ld+json\" class=\"yoast-schema-graph\">{\"@context\":\"https:\/\/schema.org\",\"@graph\":[{\"@type\":\"WebPage\",\"@id\":\"https:\/\/webs.uab.cat\/gicom\/es\/equipo-gicom\/xavier-font\/\",\"url\":\"https:\/\/webs.uab.cat\/gicom\/es\/equipo-gicom\/xavier-font\/\",\"name\":\"Xavier Font - Grupo de Investigaci\u00f3n en Compostaje\",\"isPartOf\":{\"@id\":\"https:\/\/webs.uab.cat\/gicom\/es\/#website\"},\"primaryImageOfPage\":{\"@id\":\"https:\/\/webs.uab.cat\/gicom\/es\/equipo-gicom\/xavier-font\/#primaryimage\"},\"image\":{\"@id\":\"https:\/\/webs.uab.cat\/gicom\/es\/equipo-gicom\/xavier-font\/#primaryimage\"},\"thumbnailUrl\":\"https:\/\/webs.uab.cat\/gicom\/wp-content\/uploads\/sites\/206\/2022\/10\/Xavier-Font-150x150.jpg\",\"datePublished\":\"2022-12-11T19:10:49+00:00\",\"dateModified\":\"2023-07-20T07:17:54+00:00\",\"breadcrumb\":{\"@id\":\"https:\/\/webs.uab.cat\/gicom\/es\/equipo-gicom\/xavier-font\/#breadcrumb\"},\"inLanguage\":\"es\",\"potentialAction\":[{\"@type\":\"ReadAction\",\"target\":[\"https:\/\/webs.uab.cat\/gicom\/es\/equipo-gicom\/xavier-font\/\"]}]},{\"@type\":\"ImageObject\",\"inLanguage\":\"es\",\"@id\":\"https:\/\/webs.uab.cat\/gicom\/es\/equipo-gicom\/xavier-font\/#primaryimage\",\"url\":\"https:\/\/webs.uab.cat\/gicom\/wp-content\/uploads\/sites\/206\/2022\/10\/Xavier-Font-150x150.jpg\",\"contentUrl\":\"https:\/\/webs.uab.cat\/gicom\/wp-content\/uploads\/sites\/206\/2022\/10\/Xavier-Font-150x150.jpg\"},{\"@type\":\"BreadcrumbList\",\"@id\":\"https:\/\/webs.uab.cat\/gicom\/es\/equipo-gicom\/xavier-font\/#breadcrumb\",\"itemListElement\":[{\"@type\":\"ListItem\",\"position\":1,\"name\":\"Inici\",\"item\":\"https:\/\/webs.uab.cat\/gicom\/es\/\"},{\"@type\":\"ListItem\",\"position\":2,\"name\":\"Equipo GICOM\",\"item\":\"https:\/\/webs.uab.cat\/gicom\/es\/equipo-gicom\/\"},{\"@type\":\"ListItem\",\"position\":3,\"name\":\"Xavier Font\"}]},{\"@type\":\"WebSite\",\"@id\":\"https:\/\/webs.uab.cat\/gicom\/es\/#website\",\"url\":\"https:\/\/webs.uab.cat\/gicom\/es\/\",\"name\":\"Grupo de Investigaci\u00f3n en Compostaje\",\"description\":\"Compostaje, bioconversi\u00f3n de residuos org\u00e1nicos y remediaci\u00f3n ambiental\",\"potentialAction\":[{\"@type\":\"SearchAction\",\"target\":{\"@type\":\"EntryPoint\",\"urlTemplate\":\"https:\/\/webs.uab.cat\/gicom\/es\/?s={search_term_string}\"},\"query-input\":{\"@type\":\"PropertyValueSpecification\",\"valueRequired\":true,\"valueName\":\"search_term_string\"}}],\"inLanguage\":\"es\"}]}<\/script>\n<!-- \/ Yoast SEO plugin. -->","yoast_head_json":{"title":"Xavier Font - Grupo de Investigaci\u00f3n en Compostaje","robots":{"index":"index","follow":"follow","max-snippet":"max-snippet:-1","max-image-preview":"max-image-preview:large","max-video-preview":"max-video-preview:-1"},"canonical":"https:\/\/webs.uab.cat\/gicom\/es\/equipo-gicom\/xavier-font\/","og_locale":"es_ES","og_type":"article","og_title":"Xavier Font - Grupo de Investigaci\u00f3n en Compostaje","og_description":"Es catedr\u00e1tico del Departamento de Ingenier\u00eda Qu\u00edmica, Biol\u00f3gica y Ambiental de la Universitat Aut\u00f2noma de Barcelona. Es bioqu\u00edmico y obtuvo su doctorado en 1997 en la UAB. Ha sido director de la Escuela Universitaria Polit\u00e9cnica del Medio Ambiente de 1998 a 2005, director del Departamento de Ingenier\u00eda Qu\u00edmica de la Universitat Aut\u00f2noma de Barcelona de [&hellip;]","og_url":"https:\/\/webs.uab.cat\/gicom\/es\/equipo-gicom\/xavier-font\/","og_site_name":"Grupo de Investigaci\u00f3n en Compostaje","article_modified_time":"2023-07-20T07:17:54+00:00","og_image":[{"url":"https:\/\/webs.uab.cat\/gicom\/wp-content\/uploads\/sites\/206\/2022\/10\/Xavier-Font-150x150.jpg","type":"","width":"","height":""}],"twitter_card":"summary_large_image","twitter_misc":{"Tiempo de lectura":"1 minuto"},"schema":{"@context":"https:\/\/schema.org","@graph":[{"@type":"WebPage","@id":"https:\/\/webs.uab.cat\/gicom\/es\/equipo-gicom\/xavier-font\/","url":"https:\/\/webs.uab.cat\/gicom\/es\/equipo-gicom\/xavier-font\/","name":"Xavier Font - Grupo de Investigaci\u00f3n en Compostaje","isPartOf":{"@id":"https:\/\/webs.uab.cat\/gicom\/es\/#website"},"primaryImageOfPage":{"@id":"https:\/\/webs.uab.cat\/gicom\/es\/equipo-gicom\/xavier-font\/#primaryimage"},"image":{"@id":"https:\/\/webs.uab.cat\/gicom\/es\/equipo-gicom\/xavier-font\/#primaryimage"},"thumbnailUrl":"https:\/\/webs.uab.cat\/gicom\/wp-content\/uploads\/sites\/206\/2022\/10\/Xavier-Font-150x150.jpg","datePublished":"2022-12-11T19:10:49+00:00","dateModified":"2023-07-20T07:17:54+00:00","breadcrumb":{"@id":"https:\/\/webs.uab.cat\/gicom\/es\/equipo-gicom\/xavier-font\/#breadcrumb"},"inLanguage":"es","potentialAction":[{"@type":"ReadAction","target":["https:\/\/webs.uab.cat\/gicom\/es\/equipo-gicom\/xavier-font\/"]}]},{"@type":"ImageObject","inLanguage":"es","@id":"https:\/\/webs.uab.cat\/gicom\/es\/equipo-gicom\/xavier-font\/#primaryimage","url":"https:\/\/webs.uab.cat\/gicom\/wp-content\/uploads\/sites\/206\/2022\/10\/Xavier-Font-150x150.jpg","contentUrl":"https:\/\/webs.uab.cat\/gicom\/wp-content\/uploads\/sites\/206\/2022\/10\/Xavier-Font-150x150.jpg"},{"@type":"BreadcrumbList","@id":"https:\/\/webs.uab.cat\/gicom\/es\/equipo-gicom\/xavier-font\/#breadcrumb","itemListElement":[{"@type":"ListItem","position":1,"name":"Inici","item":"https:\/\/webs.uab.cat\/gicom\/es\/"},{"@type":"ListItem","position":2,"name":"Equipo GICOM","item":"https:\/\/webs.uab.cat\/gicom\/es\/equipo-gicom\/"},{"@type":"ListItem","position":3,"name":"Xavier Font"}]},{"@type":"WebSite","@id":"https:\/\/webs.uab.cat\/gicom\/es\/#website","url":"https:\/\/webs.uab.cat\/gicom\/es\/","name":"Grupo de Investigaci\u00f3n en Compostaje","description":"Compostaje, bioconversi\u00f3n de residuos org\u00e1nicos y remediaci\u00f3n ambiental","potentialAction":[{"@type":"SearchAction","target":{"@type":"EntryPoint","urlTemplate":"https:\/\/webs.uab.cat\/gicom\/es\/?s={search_term_string}"},"query-input":{"@type":"PropertyValueSpecification","valueRequired":true,"valueName":"search_term_string"}}],"inLanguage":"es"}]}},"_links":{"self":[{"href":"https:\/\/webs.uab.cat\/gicom\/es\/wp-json\/wp\/v2\/pages\/5282","targetHints":{"allow":["GET"]}}],"collection":[{"href":"https:\/\/webs.uab.cat\/gicom\/es\/wp-json\/wp\/v2\/pages"}],"about":[{"href":"https:\/\/webs.uab.cat\/gicom\/es\/wp-json\/wp\/v2\/types\/page"}],"author":[{"embeddable":true,"href":"https:\/\/webs.uab.cat\/gicom\/es\/wp-json\/wp\/v2\/users\/153"}],"replies":[{"embeddable":true,"href":"https:\/\/webs.uab.cat\/gicom\/es\/wp-json\/wp\/v2\/comments?post=5282"}],"version-history":[{"count":1,"href":"https:\/\/webs.uab.cat\/gicom\/es\/wp-json\/wp\/v2\/pages\/5282\/revisions"}],"predecessor-version":[{"id":5283,"href":"https:\/\/webs.uab.cat\/gicom\/es\/wp-json\/wp\/v2\/pages\/5282\/revisions\/5283"}],"up":[{"embeddable":true,"href":"https:\/\/webs.uab.cat\/gicom\/es\/wp-json\/wp\/v2\/pages\/5516"}],"wp:attachment":[{"href":"https:\/\/webs.uab.cat\/gicom\/es\/wp-json\/wp\/v2\/media?parent=5282"}],"curies":[{"name":"wp","href":"https:\/\/api.w.org\/{rel}","templated":true}]}}

<div class="wp-block-image is-style-rounded">
<figure class="aligncenter size-thumbnail"><img loading="lazy" decoding="async" width="150" height="150" src="https://webs.uab.cat/gicom/wp-content/uploads/sites/206/2022/10/Xavier-Font-150x150.jpg" alt="Image of Xavier Font" class="wp-image-4962" /></figure>
</div>


<hr class="wp-block-separator has-css-opacity is-style-default" />



<p>Es catedrático del Departamento de Ingeniería Química, Biológica y Ambiental de la Universitat Autònoma de Barcelona. Es bioquímico y obtuvo su doctorado en 1997 en la UAB. Ha sido director de la Escuela Universitaria Politécnica del Medio Ambiente de 1998 a 2005, director del Departamento de Ingeniería Química de la Universitat Autònoma de Barcelona de 2010 a 2013 y subdirector de la Escuela de Ingeniería de la UAB (2016-2019). Desde 2021, es Coordinador Adjunto del Grado de Ciencias Ambientales de la UAB.</p>



<p>Su investigación se centra en la valorización de residuos sólidos orgánicos mediante compostaje, digestión anaeróbica y fermentación en estado sólido. También enfoca su investigación en la evaluación del impacto ambiental de instalaciones de tratamiento de residuos sólidos y en el uso de la nanotecnología para aplicaciones ambientales: uso de nanopartículas para el tratamiento de aguas residuales, adsorción de gases y uso de nanomateriales como catalizadores.</p>



<p></p>



<div class="wp-block-buttons is-layout-flex wp-block-buttons-is-layout-flex">
<div class="wp-block-button"><a class="wp-block-button__link wp-element-button" href="https://portalrecerca.uab.cat/en/persons/xavier-font-segura-9">POrtal de INVESTIGACIÓN UAB</a></div>



<div class="wp-block-button"><a class="wp-block-button__link wp-element-button" href="https://orcid.org/0000-0003-4981-7436">ORCID</a></div>
</div>



<hr class="wp-block-separator has-css-opacity is-style-default" />

<p>Es catedrático del Departamento de Ingeniería Química, Biológica y Ambiental de la Universitat Autònoma de Barcelona. Es bioquímico y obtuvo su doctorado en 1997 en la UAB. Ha sido director de la Escuela Universitaria Politécnica del Medio Ambiente de 1998 a 2005, director del Departamento de Ingeniería Química de la Universitat Autònoma de Barcelona de [&hellip;]</p>

<!-- This site is optimized with the Yoast SEO plugin v26.8 - https://yoast.com/product/yoast-seo-wordpress/ -->
<title>Xavier Font - Grupo de Investigación en Compostaje</title>
<meta name="robots" content="index, follow, max-snippet:-1, max-image-preview:large, max-video-preview:-1" />
<link rel="canonical" href="https://webs.uab.cat/gicom/es/equipo-gicom/xavier-font/" />
<meta property="og:locale" content="es_ES" />
<meta property="og:type" content="article" />
<meta property="og:title" content="Xavier Font - Grupo de Investigación en Compostaje" />
<meta property="og:description" content="Es catedrático del Departamento de Ingeniería Química, Biológica y Ambiental de la Universitat Autònoma de Barcelona. Es bioquímico y obtuvo su doctorado en 1997 en la UAB. Ha sido director de la Escuela Universitaria Politécnica del Medio Ambiente de 1998 a 2005, director del Departamento de Ingeniería Química de la Universitat Autònoma de Barcelona de [&hellip;]" />
<meta property="og:url" content="https://webs.uab.cat/gicom/es/equipo-gicom/xavier-font/" />
<meta property="og:site_name" content="Grupo de Investigación en Compostaje" />
<meta property="article:modified_time" content="2023-07-20T07:17:54+00:00" />
<meta property="og:image" content="https://webs.uab.cat/gicom/wp-content/uploads/sites/206/2022/10/Xavier-Font-150x150.jpg" />
<meta name="twitter:card" content="summary_large_image" />
<meta name="twitter:label1" content="Tiempo de lectura" />
	<meta name="twitter:data1" content="1 minuto" />
<script type="application/ld+json" class="yoast-schema-graph">{"@context":"https://schema.org","@graph":[{"@type":"WebPage","@id":"https://webs.uab.cat/gicom/es/equipo-gicom/xavier-font/","url":"https://webs.uab.cat/gicom/es/equipo-gicom/xavier-font/","name":"Xavier Font - Grupo de Investigación en Compostaje","isPartOf":{"@id":"https://webs.uab.cat/gicom/es/#website"},"primaryImageOfPage":{"@id":"https://webs.uab.cat/gicom/es/equipo-gicom/xavier-font/#primaryimage"},"image":{"@id":"https://webs.uab.cat/gicom/es/equipo-gicom/xavier-font/#primaryimage"},"thumbnailUrl":"https://webs.uab.cat/gicom/wp-content/uploads/sites/206/2022/10/Xavier-Font-150x150.jpg","datePublished":"2022-12-11T19:10:49+00:00","dateModified":"2023-07-20T07:17:54+00:00","breadcrumb":{"@id":"https://webs.uab.cat/gicom/es/equipo-gicom/xavier-font/#breadcrumb"},"inLanguage":"es","potentialAction":[{"@type":"ReadAction","target":["https://webs.uab.cat/gicom/es/equipo-gicom/xavier-font/"]}]},{"@type":"ImageObject","inLanguage":"es","@id":"https://webs.uab.cat/gicom/es/equipo-gicom/xavier-font/#primaryimage","url":"https://webs.uab.cat/gicom/wp-content/uploads/sites/206/2022/10/Xavier-Font-150x150.jpg","contentUrl":"https://webs.uab.cat/gicom/wp-content/uploads/sites/206/2022/10/Xavier-Font-150x150.jpg"},{"@type":"BreadcrumbList","@id":"https://webs.uab.cat/gicom/es/equipo-gicom/xavier-font/#breadcrumb","itemListElement":[{"@type":"ListItem","position":1,"name":"Inici","item":"https://webs.uab.cat/gicom/es/"},{"@type":"ListItem","position":2,"name":"Equipo GICOM","item":"https://webs.uab.cat/gicom/es/equipo-gicom/"},{"@type":"ListItem","position":3,"name":"Xavier Font"}]},{"@type":"WebSite","@id":"https://webs.uab.cat/gicom/es/#website","url":"https://webs.uab.cat/gicom/es/","name":"Grupo de Investigación en Compostaje","description":"Compostaje, bioconversión de residuos orgánicos y remediación ambiental","potentialAction":[{"@type":"SearchAction","target":{"@type":"EntryPoint","urlTemplate":"https://webs.uab.cat/gicom/es/?s={search_term_string}"},"query-input":{"@type":"PropertyValueSpecification","valueRequired":true,"valueName":"search_term_string"}}],"inLanguage":"es"}]}</script>
<!-- / Yoast SEO plugin. -->

Xavier Font - Grupo de Investigación en Compostaje

Es catedrático del Departamento de Ingeniería Química, Biológica y Ambiental de la Universitat Autònoma de Barcelona. Es bioquímico y obtuvo su doctorado en 1997 en la UAB. Ha sido director de la Escuela Universitaria Politécnica del Medio Ambiente de 1998 a 2005, director del Departamento de Ingeniería Química de la Universitat Autònoma de Barcelona de [&hellip;]

Grupo de Investigación en Compostaje

Compostaje, bioconversión de residuos orgánicos y remediación ambiental
