{"id":5989,"date":"2025-03-06T12:57:45","date_gmt":"2025-03-06T10:57:45","guid":{"rendered":"https:\/\/webs.uab.cat\/gicom\/?page_id=5989"},"modified":"2025-03-11T13:02:26","modified_gmt":"2025-03-11T11:02:26","slug":"biodegradabilitat-de-residus-i-nous-materials","status":"publish","type":"page","link":"https:\/\/webs.uab.cat\/gicom\/biodegradabilitat-de-residus-i-nous-materials\/","title":{"rendered":"Biodegradabilitat de residus i nous materials"},"content":{"rendered":"\n<p>Al grup <strong>GICOM<\/strong>, som especialistes en la mesura de la <strong>biodegradabilitat de biomaterials<\/strong> i l\u2019<strong>estabilitat de residus<\/strong>. La nostra experi\u00e8ncia es basa en la recerca i el desenvolupament de <strong>m\u00e8todes avan\u00e7ats d\u2019an\u00e0lisi<\/strong>, entre d&#8217;altres:<\/p>\n\n\n\n<p>\u2714 <strong>\u00cdndexs respirom\u00e8trics<\/strong> aerobis (IRD, AT4)<br>\u2714 <strong>Biodegradabilitat anaer\u00f2bia <\/strong>(BMP).<\/p>\n\n\n\n<h3 class=\"wp-block-heading\">Solucions per mesurar la Biodegradabilitat Aer\u00f2bia<\/h3>\n\n\n\n<p>Disposem d\u2019un <strong>sistema propi adaptable a diverses normatives<\/strong>, especialment \u00fatil per a entitats en les fases inicials del desenvolupament de <strong>bioproductes<\/strong>.<\/p>\n\n\n<div class=\"wp-block-image\">\n<figure class=\"aligncenter size-full is-resized\"><img loading=\"lazy\" decoding=\"async\" width=\"444\" height=\"222\" src=\"https:\/\/webs.uab.cat\/gicom\/wp-content\/uploads\/sites\/206\/2022\/10\/respirometer2.jpg\" alt=\"Image of GICOM respirometer\" class=\"wp-image-4948\" style=\"width:444px;height:auto\" srcset=\"https:\/\/webs.uab.cat\/gicom\/wp-content\/uploads\/sites\/206\/2022\/10\/respirometer2.jpg 444w, https:\/\/webs.uab.cat\/gicom\/wp-content\/uploads\/sites\/206\/2022\/10\/respirometer2-300x150.jpg 300w\" sizes=\"auto, (max-width: 444px) 100vw, 444px\" \/><\/figure>\n<\/div>\n\n\n<h3 class=\"wp-block-heading\">Assessorament Especialitzat en Biodegradaci\u00f3<\/h3>\n\n\n\n<p>Amb la creixent demanda de <strong>materials sostenibles i biodegradables<\/strong>, \u00e9s fonamental comptar amb <strong>eines fiables<\/strong> per mesurar-ne la <strong>biodegradabilitat<\/strong>. Aquesta informaci\u00f3 \u00e9s clau per <strong>dissenyar productes m\u00e9s sostenibles<\/strong> i prendre decisions informades.<\/p>\n\n\n\n<p>Oferim <strong>serveis d\u2019assessorament<\/strong> per avaluar la biodegradaci\u00f3 de <strong>subproductes org\u00e0nics<\/strong> i optimitzar-ne la gesti\u00f3, incloent-hi:<\/p>\n\n\n\n<p>\u2714 <strong>Compostatge<\/strong><br>\u2714 <strong>Digesti\u00f3 anaer\u00f2bia<\/strong><br>\u2714 <strong>Gesti\u00f3 en abocadors<\/strong><\/p>\n\n\n\n<p><\/p>\n\n\n\n<p><\/p>\n\n\n\n<p><\/p>\n","protected":false},"excerpt":{"rendered":"<p>Al grup GICOM, som especialistes en la mesura de la biodegradabilitat de biomaterials i l\u2019estabilitat de residus. La nostra experi\u00e8ncia es basa en la recerca i el desenvolupament de m\u00e8todes avan\u00e7ats d\u2019an\u00e0lisi, entre d&#8217;altres: \u2714 \u00cdndexs respirom\u00e8trics aerobis (IRD, AT4)\u2714 Biodegradabilitat anaer\u00f2bia (BMP). Solucions per mesurar la Biodegradabilitat Aer\u00f2bia Disposem d\u2019un sistema propi adaptable a [&hellip;]<\/p>\n","protected":false},"author":153,"featured_media":0,"parent":0,"menu_order":0,"comment_status":"closed","ping_status":"closed","template":"","meta":{"footnotes":""},"class_list":["post-5989","page","type-page","status-publish","hentry"],"yoast_head":"<!-- This site is optimized with the Yoast SEO plugin v26.8 - https:\/\/yoast.com\/product\/yoast-seo-wordpress\/ -->\n<title>Biodegradabilitat de residus i nous materials - Grup de Recerca en Compostatge<\/title>\n<meta name=\"robots\" content=\"index, follow, max-snippet:-1, max-image-preview:large, max-video-preview:-1\" \/>\n<link rel=\"canonical\" href=\"https:\/\/webs.uab.cat\/gicom\/biodegradabilitat-de-residus-i-nous-materials\/\" \/>\n<meta property=\"og:locale\" content=\"ca_ES\" \/>\n<meta property=\"og:type\" content=\"article\" \/>\n<meta property=\"og:title\" content=\"Biodegradabilitat de residus i nous materials - Grup de Recerca en Compostatge\" \/>\n<meta property=\"og:description\" content=\"Al grup GICOM, som especialistes en la mesura de la biodegradabilitat de biomaterials i l\u2019estabilitat de residus. La nostra experi\u00e8ncia es basa en la recerca i el desenvolupament de m\u00e8todes avan\u00e7ats d\u2019an\u00e0lisi, entre d&#8217;altres: \u2714 \u00cdndexs respirom\u00e8trics aerobis (IRD, AT4)\u2714 Biodegradabilitat anaer\u00f2bia (BMP). Solucions per mesurar la Biodegradabilitat Aer\u00f2bia Disposem d\u2019un sistema propi adaptable a [&hellip;]\" \/>\n<meta property=\"og:url\" content=\"https:\/\/webs.uab.cat\/gicom\/biodegradabilitat-de-residus-i-nous-materials\/\" \/>\n<meta property=\"og:site_name\" content=\"Grup de Recerca en Compostatge\" \/>\n<meta property=\"article:modified_time\" content=\"2025-03-11T11:02:26+00:00\" \/>\n<meta property=\"og:image\" content=\"https:\/\/webs.uab.cat\/gicom\/wp-content\/uploads\/sites\/206\/2022\/10\/respirometer2.jpg\" \/>\n\t<meta property=\"og:image:width\" content=\"444\" \/>\n\t<meta property=\"og:image:height\" content=\"222\" \/>\n\t<meta property=\"og:image:type\" content=\"image\/jpeg\" \/>\n<meta name=\"twitter:card\" content=\"summary_large_image\" \/>\n<meta name=\"twitter:label1\" content=\"Temps estimat de lectura\" \/>\n\t<meta name=\"twitter:data1\" content=\"1 minut\" \/>\n<script type=\"application\/ld+json\" class=\"yoast-schema-graph\">{\"@context\":\"https:\/\/schema.org\",\"@graph\":[{\"@type\":\"WebPage\",\"@id\":\"https:\/\/webs.uab.cat\/gicom\/biodegradabilitat-de-residus-i-nous-materials\/\",\"url\":\"https:\/\/webs.uab.cat\/gicom\/biodegradabilitat-de-residus-i-nous-materials\/\",\"name\":\"Biodegradabilitat de residus i nous materials - Grup de Recerca en Compostatge\",\"isPartOf\":{\"@id\":\"https:\/\/webs.uab.cat\/gicom\/#website\"},\"primaryImageOfPage\":{\"@id\":\"https:\/\/webs.uab.cat\/gicom\/biodegradabilitat-de-residus-i-nous-materials\/#primaryimage\"},\"image\":{\"@id\":\"https:\/\/webs.uab.cat\/gicom\/biodegradabilitat-de-residus-i-nous-materials\/#primaryimage\"},\"thumbnailUrl\":\"https:\/\/webs.uab.cat\/gicom\/wp-content\/uploads\/sites\/206\/2022\/10\/respirometer2.jpg\",\"datePublished\":\"2025-03-06T10:57:45+00:00\",\"dateModified\":\"2025-03-11T11:02:26+00:00\",\"breadcrumb\":{\"@id\":\"https:\/\/webs.uab.cat\/gicom\/biodegradabilitat-de-residus-i-nous-materials\/#breadcrumb\"},\"inLanguage\":\"ca\",\"potentialAction\":[{\"@type\":\"ReadAction\",\"target\":[\"https:\/\/webs.uab.cat\/gicom\/biodegradabilitat-de-residus-i-nous-materials\/\"]}]},{\"@type\":\"ImageObject\",\"inLanguage\":\"ca\",\"@id\":\"https:\/\/webs.uab.cat\/gicom\/biodegradabilitat-de-residus-i-nous-materials\/#primaryimage\",\"url\":\"https:\/\/webs.uab.cat\/gicom\/wp-content\/uploads\/sites\/206\/2022\/10\/respirometer2.jpg\",\"contentUrl\":\"https:\/\/webs.uab.cat\/gicom\/wp-content\/uploads\/sites\/206\/2022\/10\/respirometer2.jpg\",\"width\":444,\"height\":222,\"caption\":\"GICOM respirometer\"},{\"@type\":\"BreadcrumbList\",\"@id\":\"https:\/\/webs.uab.cat\/gicom\/biodegradabilitat-de-residus-i-nous-materials\/#breadcrumb\",\"itemListElement\":[{\"@type\":\"ListItem\",\"position\":1,\"name\":\"Inici\",\"item\":\"https:\/\/webs.uab.cat\/gicom\/\"},{\"@type\":\"ListItem\",\"position\":2,\"name\":\"Biodegradabilitat de residus i nous materials\"}]},{\"@type\":\"WebSite\",\"@id\":\"https:\/\/webs.uab.cat\/gicom\/#website\",\"url\":\"https:\/\/webs.uab.cat\/gicom\/\",\"name\":\"Grup de Recerca en Compostatge\",\"description\":\"Compostatge, bioconversi\u00f3 de residus org\u00e0nics i remediaci\u00f3 ambiental\",\"potentialAction\":[{\"@type\":\"SearchAction\",\"target\":{\"@type\":\"EntryPoint\",\"urlTemplate\":\"https:\/\/webs.uab.cat\/gicom\/?s={search_term_string}\"},\"query-input\":{\"@type\":\"PropertyValueSpecification\",\"valueRequired\":true,\"valueName\":\"search_term_string\"}}],\"inLanguage\":\"ca\"}]}<\/script>\n<!-- \/ Yoast SEO plugin. -->","yoast_head_json":{"title":"Biodegradabilitat de residus i nous materials - Grup de Recerca en Compostatge","robots":{"index":"index","follow":"follow","max-snippet":"max-snippet:-1","max-image-preview":"max-image-preview:large","max-video-preview":"max-video-preview:-1"},"canonical":"https:\/\/webs.uab.cat\/gicom\/biodegradabilitat-de-residus-i-nous-materials\/","og_locale":"ca_ES","og_type":"article","og_title":"Biodegradabilitat de residus i nous materials - Grup de Recerca en Compostatge","og_description":"Al grup GICOM, som especialistes en la mesura de la biodegradabilitat de biomaterials i l\u2019estabilitat de residus. La nostra experi\u00e8ncia es basa en la recerca i el desenvolupament de m\u00e8todes avan\u00e7ats d\u2019an\u00e0lisi, entre d&#8217;altres: \u2714 \u00cdndexs respirom\u00e8trics aerobis (IRD, AT4)\u2714 Biodegradabilitat anaer\u00f2bia (BMP). Solucions per mesurar la Biodegradabilitat Aer\u00f2bia Disposem d\u2019un sistema propi adaptable a [&hellip;]","og_url":"https:\/\/webs.uab.cat\/gicom\/biodegradabilitat-de-residus-i-nous-materials\/","og_site_name":"Grup de Recerca en Compostatge","article_modified_time":"2025-03-11T11:02:26+00:00","og_image":[{"width":444,"height":222,"url":"https:\/\/webs.uab.cat\/gicom\/wp-content\/uploads\/sites\/206\/2022\/10\/respirometer2.jpg","type":"image\/jpeg"}],"twitter_card":"summary_large_image","twitter_misc":{"Temps estimat de lectura":"1 minut"},"schema":{"@context":"https:\/\/schema.org","@graph":[{"@type":"WebPage","@id":"https:\/\/webs.uab.cat\/gicom\/biodegradabilitat-de-residus-i-nous-materials\/","url":"https:\/\/webs.uab.cat\/gicom\/biodegradabilitat-de-residus-i-nous-materials\/","name":"Biodegradabilitat de residus i nous materials - Grup de Recerca en Compostatge","isPartOf":{"@id":"https:\/\/webs.uab.cat\/gicom\/#website"},"primaryImageOfPage":{"@id":"https:\/\/webs.uab.cat\/gicom\/biodegradabilitat-de-residus-i-nous-materials\/#primaryimage"},"image":{"@id":"https:\/\/webs.uab.cat\/gicom\/biodegradabilitat-de-residus-i-nous-materials\/#primaryimage"},"thumbnailUrl":"https:\/\/webs.uab.cat\/gicom\/wp-content\/uploads\/sites\/206\/2022\/10\/respirometer2.jpg","datePublished":"2025-03-06T10:57:45+00:00","dateModified":"2025-03-11T11:02:26+00:00","breadcrumb":{"@id":"https:\/\/webs.uab.cat\/gicom\/biodegradabilitat-de-residus-i-nous-materials\/#breadcrumb"},"inLanguage":"ca","potentialAction":[{"@type":"ReadAction","target":["https:\/\/webs.uab.cat\/gicom\/biodegradabilitat-de-residus-i-nous-materials\/"]}]},{"@type":"ImageObject","inLanguage":"ca","@id":"https:\/\/webs.uab.cat\/gicom\/biodegradabilitat-de-residus-i-nous-materials\/#primaryimage","url":"https:\/\/webs.uab.cat\/gicom\/wp-content\/uploads\/sites\/206\/2022\/10\/respirometer2.jpg","contentUrl":"https:\/\/webs.uab.cat\/gicom\/wp-content\/uploads\/sites\/206\/2022\/10\/respirometer2.jpg","width":444,"height":222,"caption":"GICOM respirometer"},{"@type":"BreadcrumbList","@id":"https:\/\/webs.uab.cat\/gicom\/biodegradabilitat-de-residus-i-nous-materials\/#breadcrumb","itemListElement":[{"@type":"ListItem","position":1,"name":"Inici","item":"https:\/\/webs.uab.cat\/gicom\/"},{"@type":"ListItem","position":2,"name":"Biodegradabilitat de residus i nous materials"}]},{"@type":"WebSite","@id":"https:\/\/webs.uab.cat\/gicom\/#website","url":"https:\/\/webs.uab.cat\/gicom\/","name":"Grup de Recerca en Compostatge","description":"Compostatge, bioconversi\u00f3 de residus org\u00e0nics i remediaci\u00f3 ambiental","potentialAction":[{"@type":"SearchAction","target":{"@type":"EntryPoint","urlTemplate":"https:\/\/webs.uab.cat\/gicom\/?s={search_term_string}"},"query-input":{"@type":"PropertyValueSpecification","valueRequired":true,"valueName":"search_term_string"}}],"inLanguage":"ca"}]}},"_links":{"self":[{"href":"https:\/\/webs.uab.cat\/gicom\/wp-json\/wp\/v2\/pages\/5989","targetHints":{"allow":["GET"]}}],"collection":[{"href":"https:\/\/webs.uab.cat\/gicom\/wp-json\/wp\/v2\/pages"}],"about":[{"href":"https:\/\/webs.uab.cat\/gicom\/wp-json\/wp\/v2\/types\/page"}],"author":[{"embeddable":true,"href":"https:\/\/webs.uab.cat\/gicom\/wp-json\/wp\/v2\/users\/153"}],"replies":[{"embeddable":true,"href":"https:\/\/webs.uab.cat\/gicom\/wp-json\/wp\/v2\/comments?post=5989"}],"version-history":[{"count":7,"href":"https:\/\/webs.uab.cat\/gicom\/wp-json\/wp\/v2\/pages\/5989\/revisions"}],"predecessor-version":[{"id":6072,"href":"https:\/\/webs.uab.cat\/gicom\/wp-json\/wp\/v2\/pages\/5989\/revisions\/6072"}],"wp:attachment":[{"href":"https:\/\/webs.uab.cat\/gicom\/wp-json\/wp\/v2\/media?parent=5989"}],"curies":[{"name":"wp","href":"https:\/\/api.w.org\/{rel}","templated":true}]}}